{"id":84133,"date":"2022-09-15T10:34:17","date_gmt":"2022-09-15T10:34:17","guid":{"rendered":"https:\/\/futllermo.com\/tienda\/producto\/manchester-city-fc-chaqueta-cortavientos-oficial-para-nino-impermeable-estilo-retro\/"},"modified":"2022-09-15T10:34:26","modified_gmt":"2022-09-15T10:34:26","slug":"manchester-city-fc-chaqueta-cortavientos-oficial-para-nino-impermeable-estilo-retro","status":"publish","type":"product","link":"https:\/\/futllermo.com\/tienda\/producto\/manchester-city-fc-chaqueta-cortavientos-oficial-para-nino-impermeable-estilo-retro\/","title":{"rendered":"Manchester City FC &#8211; Chaqueta cortavientos oficial &#8211; Para ni\u00f1o &#8211; Impermeable &#8211; Estilo retro"},"content":{"rendered":"<p>nEscudo del club bordado, bolsillo delantero con botones haciendo contraste (media cremallera).nCon el escudo del club bordado y bolsillos en la parte delantera (cremallera completa).n100% Poli\u00e9sternCierre con una cremallera oficial del Manchester City FC. Hecha de 100 % poli\u00e9ster con un forro de malla y tafet\u00e1n.nTama\u00f1o de la prenda (pecho): 6-7 a\u00f1os (76,2 cm) \/\/ 8-9 a\u00f1os (81,3 cm) \/\/ 10-11 a\u00f1os (91,4 cm) \/\/ 12-13 a\u00f1os (96,5 cm)n<\/p>\n","protected":false},"excerpt":{"rendered":"<p>nEscudo del club bordado, bolsillo delantero con botones haciendo contraste (media cremallera).nCon el escudo del club bordado y bolsillos en la parte delantera (cremallera completa).n100% Poli\u00e9sternCierre con una cremallera oficial del Manchester City FC. Hecha de 100 % poli\u00e9ster con un forro de malla y tafet\u00e1n.nTama\u00f1o de la prenda (pecho): 6-7 a\u00f1os (76,2 cm) \/\/&#8230;<\/p>\n","protected":false},"featured_media":84134,"comment_status":"open","ping_status":"closed","template":"","meta":{"_kadence_starter_templates_imported_post":false,"_kad_post_transparent":"","_kad_post_title":"","_kad_post_layout":"","_kad_post_sidebar_id":"","_kad_post_content_style":"","_kad_post_vertical_padding":"","_kad_post_feature":"","_kad_post_feature_position":"","_kad_post_header":false,"_kad_post_footer":false},"product_brand":[],"product_cat":[699],"product_tag":[],"class_list":{"0":"post-84133","1":"product","2":"type-product","3":"status-publish","4":"has-post-thumbnail","6":"product_cat-camisetas-de-futbol","7":"pa_brand-brand","8":"pa_marca-marca-manchester-city-fc","10":"first","11":"instock","12":"shipping-taxable","13":"purchasable","14":"product-type-simple","15":"entry","16":"content-bg","17":"loop-entry"},"_links":{"self":[{"href":"https:\/\/futllermo.com\/tienda\/wp-json\/wp\/v2\/product\/84133","targetHints":{"allow":["GET"]}}],"collection":[{"href":"https:\/\/futllermo.com\/tienda\/wp-json\/wp\/v2\/product"}],"about":[{"href":"https:\/\/futllermo.com\/tienda\/wp-json\/wp\/v2\/types\/product"}],"replies":[{"embeddable":true,"href":"https:\/\/futllermo.com\/tienda\/wp-json\/wp\/v2\/comments?post=84133"}],"wp:featuredmedia":[{"embeddable":true,"href":"https:\/\/futllermo.com\/tienda\/wp-json\/wp\/v2\/media\/84134"}],"wp:attachment":[{"href":"https:\/\/futllermo.com\/tienda\/wp-json\/wp\/v2\/media?parent=84133"}],"wp:term":[{"taxonomy":"product_brand","embeddable":true,"href":"https:\/\/futllermo.com\/tienda\/wp-json\/wp\/v2\/product_brand?post=84133"},{"taxonomy":"product_cat","embeddable":true,"href":"https:\/\/futllermo.com\/tienda\/wp-json\/wp\/v2\/product_cat?post=84133"},{"taxonomy":"product_tag","embeddable":true,"href":"https:\/\/futllermo.com\/tienda\/wp-json\/wp\/v2\/product_tag?post=84133"}],"curies":[{"name":"wp","href":"https:\/\/api.w.org\/{rel}","templated":true}]}}