{"id":84105,"date":"2022-09-15T10:31:28","date_gmt":"2022-09-15T10:31:28","guid":{"rendered":"https:\/\/futllermo.com\/tienda\/producto\/manchester-city-fc-camiseta-oficial-para-entrenamiento-para-nino-poliester\/"},"modified":"2022-09-15T10:31:46","modified_gmt":"2022-09-15T10:31:46","slug":"manchester-city-fc-camiseta-oficial-para-entrenamiento-para-nino-poliester","status":"publish","type":"product","link":"https:\/\/futllermo.com\/tienda\/producto\/manchester-city-fc-camiseta-oficial-para-entrenamiento-para-nino-poliester\/","title":{"rendered":"Manchester City FC &#8211; Camiseta oficial para entrenamiento &#8211; Para ni\u00f1o &#8211; Poli\u00e9ster"},"content":{"rendered":"<p>n<!-- show up to 2 reviews by default --> <\/p>\n<ul>\n<li>Camiseta oficial de MCFC de poli\u00e9ster. <\/li>\n<li>Escudo del club de colores en el pecho. <\/li>\n<li>Tama\u00f1o (pecho): 6-7 a\u00f1os (66 cm), 8-9 a\u00f1os (71 cm), 10-11 a\u00f1os (81 cm), 12-13 a\u00f1os (86 cm). <\/li>\n<li>Camiseta 100% poli\u00e9ster de alta calidad. <\/li>\n<li>Exclusivo de FootballShopOnline. <\/li>\n<\/ul>\n<p>nCamiseta oficial del Manchester City FC para ni\u00f1o, hecha de poli\u00e9ster.nCuenta con el escudo del club en sus colores originales en el pecho.n100% Poli\u00e9sternTama\u00f1o de la prenda (pecho): 6-7 a\u00f1os (66 cm) \/\/ 8-9 a\u00f1os (71,1 cm) \/\/ 10-11 a\u00f1os (81,3 cm) \/\/ 12-13 a\u00f1os (86,4 cm)nCamiseta de alto rendimiento; 100 % poli\u00e9ster.n<\/p>\n","protected":false},"excerpt":{"rendered":"<p>n Camiseta oficial de MCFC de poli\u00e9ster. Escudo del club de colores en el pecho. Tama\u00f1o (pecho): 6-7 a\u00f1os (66 cm), 8-9 a\u00f1os (71 cm), 10-11 a\u00f1os (81 cm), 12-13 a\u00f1os (86 cm). Camiseta 100% poli\u00e9ster de alta calidad. Exclusivo de FootballShopOnline. nCamiseta oficial del Manchester City FC para ni\u00f1o, hecha de poli\u00e9ster.nCuenta con el&#8230;<\/p>\n","protected":false},"featured_media":84106,"comment_status":"open","ping_status":"closed","template":"","meta":{"_kadence_starter_templates_imported_post":false,"_kad_post_transparent":"","_kad_post_title":"","_kad_post_layout":"","_kad_post_sidebar_id":"","_kad_post_content_style":"","_kad_post_vertical_padding":"","_kad_post_feature":"","_kad_post_feature_position":"","_kad_post_header":false,"_kad_post_footer":false},"product_brand":[],"product_cat":[699],"product_tag":[],"class_list":{"0":"post-84105","1":"product","2":"type-product","3":"status-publish","4":"has-post-thumbnail","6":"product_cat-camisetas-de-futbol","7":"pa_brand-brand","8":"pa_marca-marca-manchester-city-fc","10":"first","11":"instock","12":"shipping-taxable","13":"purchasable","14":"product-type-simple","15":"entry","16":"content-bg","17":"loop-entry"},"_links":{"self":[{"href":"https:\/\/futllermo.com\/tienda\/wp-json\/wp\/v2\/product\/84105","targetHints":{"allow":["GET"]}}],"collection":[{"href":"https:\/\/futllermo.com\/tienda\/wp-json\/wp\/v2\/product"}],"about":[{"href":"https:\/\/futllermo.com\/tienda\/wp-json\/wp\/v2\/types\/product"}],"replies":[{"embeddable":true,"href":"https:\/\/futllermo.com\/tienda\/wp-json\/wp\/v2\/comments?post=84105"}],"wp:featuredmedia":[{"embeddable":true,"href":"https:\/\/futllermo.com\/tienda\/wp-json\/wp\/v2\/media\/84106"}],"wp:attachment":[{"href":"https:\/\/futllermo.com\/tienda\/wp-json\/wp\/v2\/media?parent=84105"}],"wp:term":[{"taxonomy":"product_brand","embeddable":true,"href":"https:\/\/futllermo.com\/tienda\/wp-json\/wp\/v2\/product_brand?post=84105"},{"taxonomy":"product_cat","embeddable":true,"href":"https:\/\/futllermo.com\/tienda\/wp-json\/wp\/v2\/product_cat?post=84105"},{"taxonomy":"product_tag","embeddable":true,"href":"https:\/\/futllermo.com\/tienda\/wp-json\/wp\/v2\/product_tag?post=84105"}],"curies":[{"name":"wp","href":"https:\/\/api.w.org\/{rel}","templated":true}]}}