{"id":84068,"date":"2022-09-15T10:21:32","date_gmt":"2022-09-15T10:21:32","guid":{"rendered":"https:\/\/futllermo.com\/tienda\/producto\/liverpool-fc-polo-oficial-para-hombre-con-el-escudo-del-club\/"},"modified":"2022-09-15T10:21:42","modified_gmt":"2022-09-15T10:21:42","slug":"liverpool-fc-polo-oficial-para-hombre-con-el-escudo-del-club","status":"publish","type":"product","link":"https:\/\/futllermo.com\/tienda\/producto\/liverpool-fc-polo-oficial-para-hombre-con-el-escudo-del-club\/","title":{"rendered":"Liverpool FC &#8211; Polo Oficial para Hombre &#8211; con el Escudo del Club"},"content":{"rendered":"<p>nPolo oficial del Liverpool FC, para hombre.nCon el escudo del club con los colores originales y un Liverbird bordado en el pecho.nPoli\u00e9ster Algod\u00f3nnTama\u00f1o de la prenda (PECHO): S: 101,6 cm \/\/ M: 106,7 cm \/\/ L: 111,8 cm \/\/ XL: 116,8 cm \/\/ XXL: 127 cm \/\/ 3XL: 137,2 cmnPolo de la mejor calidad: con botones oficiales del club y una etiqueta en la zona del cuello.n<\/p>\n","protected":false},"excerpt":{"rendered":"<p>nPolo oficial del Liverpool FC, para hombre.nCon el escudo del club con los colores originales y un Liverbird bordado en el pecho.nPoli\u00e9ster Algod\u00f3nnTama\u00f1o de la prenda (PECHO): S: 101,6 cm \/\/ M: 106,7 cm \/\/ L: 111,8 cm \/\/ XL: 116,8 cm \/\/ XXL: 127 cm \/\/ 3XL: 137,2 cmnPolo de la mejor calidad: con&#8230;<\/p>\n","protected":false},"featured_media":84069,"comment_status":"open","ping_status":"closed","template":"","meta":{"_kadence_starter_templates_imported_post":false,"_kad_post_transparent":"","_kad_post_title":"","_kad_post_layout":"","_kad_post_sidebar_id":"","_kad_post_content_style":"","_kad_post_vertical_padding":"","_kad_post_feature":"","_kad_post_feature_position":"","_kad_post_header":false,"_kad_post_footer":false},"product_brand":[],"product_cat":[699],"product_tag":[],"class_list":{"0":"post-84068","1":"product","2":"type-product","3":"status-publish","4":"has-post-thumbnail","6":"product_cat-camisetas-de-futbol","8":"first","9":"instock","10":"shipping-taxable","11":"purchasable","12":"product-type-simple","13":"entry","14":"content-bg","15":"loop-entry"},"_links":{"self":[{"href":"https:\/\/futllermo.com\/tienda\/wp-json\/wp\/v2\/product\/84068","targetHints":{"allow":["GET"]}}],"collection":[{"href":"https:\/\/futllermo.com\/tienda\/wp-json\/wp\/v2\/product"}],"about":[{"href":"https:\/\/futllermo.com\/tienda\/wp-json\/wp\/v2\/types\/product"}],"replies":[{"embeddable":true,"href":"https:\/\/futllermo.com\/tienda\/wp-json\/wp\/v2\/comments?post=84068"}],"wp:featuredmedia":[{"embeddable":true,"href":"https:\/\/futllermo.com\/tienda\/wp-json\/wp\/v2\/media\/84069"}],"wp:attachment":[{"href":"https:\/\/futllermo.com\/tienda\/wp-json\/wp\/v2\/media?parent=84068"}],"wp:term":[{"taxonomy":"product_brand","embeddable":true,"href":"https:\/\/futllermo.com\/tienda\/wp-json\/wp\/v2\/product_brand?post=84068"},{"taxonomy":"product_cat","embeddable":true,"href":"https:\/\/futllermo.com\/tienda\/wp-json\/wp\/v2\/product_cat?post=84068"},{"taxonomy":"product_tag","embeddable":true,"href":"https:\/\/futllermo.com\/tienda\/wp-json\/wp\/v2\/product_tag?post=84068"}],"curies":[{"name":"wp","href":"https:\/\/api.w.org\/{rel}","templated":true}]}}