{"id":84035,"date":"2022-09-15T10:11:41","date_gmt":"2022-09-15T10:11:41","guid":{"rendered":"https:\/\/futllermo.com\/tienda\/producto\/zkoo-mujeres-manga-corta-camisetas-verano-algodon-carta-impresion-t-shirt-blusas-camisas-tops-personalidad\/"},"modified":"2024-09-13T16:54:48","modified_gmt":"2024-09-13T16:54:48","slug":"zkoo-mujeres-manga-corta-camisetas-verano-algodon-carta-impresion-t-shirt-blusas-camisas-tops-personalidad","status":"publish","type":"product","link":"https:\/\/futllermo.com\/tienda\/producto\/zkoo-mujeres-manga-corta-camisetas-verano-algodon-carta-impresion-t-shirt-blusas-camisas-tops-personalidad\/","title":{"rendered":"ZKOO Mujeres Manga Corta Camisetas Verano Algod\u00f3n Carta Impresi\u00f3n T Shirt Blusas Camisas Tops Personalidad"},"content":{"rendered":"<p>n<!-- show up to 2 reviews by default --> <\/p>\n<p> Nuestro tama\u00f1o es diferente de la carta de tallas est\u00e1ndar. Seleccione el tama\u00f1o por los detalles de tama\u00f1o en la descripci\u00f3n del producto. <\/p>\n<p> Colores para la selecci\u00f3n: como la imagen <\/p>\n<p> Peso del env\u00edo: 0.12kg <\/p>\n<p> Material: Algod\u00f3n <\/p>\n<p> Puede haber una ligera diferencia en el color, debido a la configuraci\u00f3n del monitor de la computadora. <\/p>\n<p> Con la diferencia en el m\u00e9todo de la medida, permita por favor 1-3 cm en desviaci\u00f3n del tama\u00f1o.  <\/p>\n<p>nFabrica con tela suave y respirable, muy c\u00f3modo para vestirnEstilo: moda, casual de combinar diferentes prendas de vestir de estilo.nMaterial: Algod\u00f3nnManga cortanNuevo para esta temporada, una esencial para cada mujer o chica de modanAdecuado para ocasi\u00f3n casual.nSeleccione por favor el tama\u00f1o seg\u00fan nuestra carta del tama\u00f1o. (1Inch = 2.54CM)n<\/p>\n","protected":false},"excerpt":{"rendered":"<p>n Nuestro tama\u00f1o es diferente de la carta de tallas est\u00e1ndar. Seleccione el tama\u00f1o por los detalles de tama\u00f1o en la descripci\u00f3n del producto. Colores para la selecci\u00f3n: como la imagen Peso del env\u00edo: 0.12kg Material: Algod\u00f3n Puede haber una ligera diferencia en el color, debido a la configuraci\u00f3n del monitor de la computadora. Con&#8230;<\/p>\n","protected":false},"featured_media":84036,"comment_status":"open","ping_status":"closed","template":"","meta":{"_kadence_starter_templates_imported_post":false,"_kad_post_transparent":"","_kad_post_title":"","_kad_post_layout":"","_kad_post_sidebar_id":"","_kad_post_content_style":"","_kad_post_vertical_padding":"","_kad_post_feature":"","_kad_post_feature_position":"","_kad_post_header":false,"_kad_post_footer":false},"product_brand":[],"product_cat":[699],"product_tag":[],"class_list":{"0":"post-84035","1":"product","2":"type-product","3":"status-publish","4":"has-post-thumbnail","6":"product_cat-camisetas-de-futbol","7":"pa_brand-brand","8":"pa_marca-marca-zkoo","10":"first","11":"instock","12":"shipping-taxable","13":"purchasable","14":"product-type-simple","15":"entry","16":"content-bg","17":"loop-entry"},"_links":{"self":[{"href":"https:\/\/futllermo.com\/tienda\/wp-json\/wp\/v2\/product\/84035","targetHints":{"allow":["GET"]}}],"collection":[{"href":"https:\/\/futllermo.com\/tienda\/wp-json\/wp\/v2\/product"}],"about":[{"href":"https:\/\/futllermo.com\/tienda\/wp-json\/wp\/v2\/types\/product"}],"replies":[{"embeddable":true,"href":"https:\/\/futllermo.com\/tienda\/wp-json\/wp\/v2\/comments?post=84035"}],"wp:featuredmedia":[{"embeddable":true,"href":"https:\/\/futllermo.com\/tienda\/wp-json\/wp\/v2\/media\/84036"}],"wp:attachment":[{"href":"https:\/\/futllermo.com\/tienda\/wp-json\/wp\/v2\/media?parent=84035"}],"wp:term":[{"taxonomy":"product_brand","embeddable":true,"href":"https:\/\/futllermo.com\/tienda\/wp-json\/wp\/v2\/product_brand?post=84035"},{"taxonomy":"product_cat","embeddable":true,"href":"https:\/\/futllermo.com\/tienda\/wp-json\/wp\/v2\/product_cat?post=84035"},{"taxonomy":"product_tag","embeddable":true,"href":"https:\/\/futllermo.com\/tienda\/wp-json\/wp\/v2\/product_tag?post=84035"}],"curies":[{"name":"wp","href":"https:\/\/api.w.org\/{rel}","templated":true}]}}