{"id":83942,"date":"2021-02-23T12:44:46","date_gmt":"2021-02-23T12:44:46","guid":{"rendered":"https:\/\/futllermo.com\/tienda\/producto\/new-balance-athletic-club-on-pitch-camiseta-mc-entreno-camiseta-entrenamiento-acb-hombre-hombre\/"},"modified":"2022-01-13T10:00:16","modified_gmt":"2022-01-13T10:00:16","slug":"new-balance-athletic-club-on-pitch-camiseta-mc-entreno-camiseta-entrenamiento-acb-hombre-hombre","status":"publish","type":"product","link":"https:\/\/futllermo.com\/tienda\/producto\/new-balance-athletic-club-on-pitch-camiseta-mc-entreno-camiseta-entrenamiento-acb-hombre-hombre\/","title":{"rendered":"New Balance Athletic Club On-Pitch Camiseta MC Entreno Camiseta Entrenamiento ACB Hombre Hombre"},"content":{"rendered":"<p><!-- show up to 2 reviews by default --> <\/p>\n<p>Alcanza tu potencial en el campo de entrenamiento con la camiseta en el campo del Athletic Club. Dise\u00f1ado con un ajuste atl\u00e9tico para alcanzar el m\u00e1ximo rendimiento, El maillot est\u00e1 integrado con tecnolog\u00eda NB Dry para ayudarte a mantenerte fresco, seco y concentrado en tu juego. <\/p>\n<p>Jacquard al cuerpo principal<br \/>\nAjuste atl\u00e9tico<br \/>\n100% Poli\u00e9ster, 100% Poli\u00e9ster<br \/>\nAthletic Club On-Pitch Camiseta Mc Entreno<br \/>\nLogotipo de Nb bordado y escudo del club tejido<br \/>\nLa tecnolog\u00eda NB Dry presenta un tejido que absorbe la humedad que libera la humedad del cuerpo<br \/>\nSecado r\u00e1pido<br \/>\n<\/p>\n","protected":false},"excerpt":{"rendered":"<p>Jacquard al cuerpo principal<br \/>\nAjuste atl\u00e9tico<br \/>\n100% Poli\u00e9ster, 100% Poli\u00e9ster<\/p>\n","protected":false},"featured_media":83945,"comment_status":"open","ping_status":"closed","template":"","meta":{"_kadence_starter_templates_imported_post":false,"_kad_post_transparent":"","_kad_post_title":"","_kad_post_layout":"","_kad_post_sidebar_id":"","_kad_post_content_style":"","_kad_post_vertical_padding":"","_kad_post_feature":"","_kad_post_feature_position":"","_kad_post_header":false,"_kad_post_footer":false},"product_brand":[],"product_cat":[450,451],"product_tag":[],"class_list":{"0":"post-83942","1":"product","2":"type-product","3":"status-publish","4":"has-post-thumbnail","6":"product_cat-futbol","7":"product_cat-camisetas","8":"pa_brand-visita-la-store-de-new-balance","9":"pa_departamento-hombre","10":"pa_dimensiones-del-paquete-29-3-x-16-1-x-4-8-cm-300-gramos","11":"pa_fabricante-new-balance","12":"pa_numero-de-modelo-del-producto-mt031113dnp","13":"pa_producto-en-amazon-es-desde-30-agosto-2020","15":"first","16":"instock","17":"shipping-taxable","18":"purchasable","19":"product-type-simple","20":"entry","21":"content-bg","22":"loop-entry"},"_links":{"self":[{"href":"https:\/\/futllermo.com\/tienda\/wp-json\/wp\/v2\/product\/83942","targetHints":{"allow":["GET"]}}],"collection":[{"href":"https:\/\/futllermo.com\/tienda\/wp-json\/wp\/v2\/product"}],"about":[{"href":"https:\/\/futllermo.com\/tienda\/wp-json\/wp\/v2\/types\/product"}],"replies":[{"embeddable":true,"href":"https:\/\/futllermo.com\/tienda\/wp-json\/wp\/v2\/comments?post=83942"}],"wp:featuredmedia":[{"embeddable":true,"href":"https:\/\/futllermo.com\/tienda\/wp-json\/wp\/v2\/media\/83945"}],"wp:attachment":[{"href":"https:\/\/futllermo.com\/tienda\/wp-json\/wp\/v2\/media?parent=83942"}],"wp:term":[{"taxonomy":"product_brand","embeddable":true,"href":"https:\/\/futllermo.com\/tienda\/wp-json\/wp\/v2\/product_brand?post=83942"},{"taxonomy":"product_cat","embeddable":true,"href":"https:\/\/futllermo.com\/tienda\/wp-json\/wp\/v2\/product_cat?post=83942"},{"taxonomy":"product_tag","embeddable":true,"href":"https:\/\/futllermo.com\/tienda\/wp-json\/wp\/v2\/product_tag?post=83942"}],"curies":[{"name":"wp","href":"https:\/\/api.w.org\/{rel}","templated":true}]}}