{"id":83652,"date":"2021-01-13T13:12:49","date_gmt":"2021-01-13T13:12:49","guid":{"rendered":"https:\/\/futllermo.com\/tienda\/producto\/babolat-pure-aero-rafa-nadal-26-junior-medium-raqueta-tenis\/"},"modified":"2022-01-13T10:00:08","modified_gmt":"2022-01-13T10:00:08","slug":"babolat-pure-aero-rafa-nadal-26-junior-medium-raqueta-tenis","status":"publish","type":"product","link":"https:\/\/futllermo.com\/tienda\/producto\/babolat-pure-aero-rafa-nadal-26-junior-medium-raqueta-tenis\/","title":{"rendered":"Babolat Aero Junior 26 Encordado: S\u00ed 250G Raquetas De Tenis Raqueta De Ni\u00f1os Amarillo &#8211; Negro"},"content":{"rendered":"<div class=\"disclaim\"> Color:<strong>jaune noir (Multicolor)<\/strong> | Tama\u00f1o:<strong>0<\/strong> <\/div>\n<p> <!-- show up to 2 reviews by default --> <\/p>\n<p>Esta raqueta Babolat Pure Aero Junior 25 pouces ser\u00e1 perfecta para acompa\u00f1ar a los j\u00f3venes tenistas en su progresi\u00f3n. Es muy ligera con sus 245g, y por tanto f\u00e1cilmente manejable. Su tamiz de 645cm\u00b2 dar\u00e1 potencia y tolerancia para realizar magn\u00edficos golpes ganadores. Su equilibrio en cabezo y su patr\u00f3n de cordaje 16&#215;20 relativamente abierto permitir\u00e1n acceder f\u00e1cilmente a la toma de efectos y dar velocidad a la pelota, gracias a una buena transici\u00f3n de la cabeza de la raqueta durante el golpeo. <\/p>\n<p>Composici\u00f3n Graphite composite<br \/>\nTamiz 645 cm\u00b2<br \/>\nSu equilibrio en cabezo y su patr\u00f3n de cordaje 16&#215;20<br \/>\nPermitir\u00e1n acceder f\u00e1cilmente a la toma de efectos y dar velocidad a la pelota<br \/>\n<\/p>\n","protected":false},"excerpt":{"rendered":"<p>Composici\u00f3n Graphite composite<br \/>\nTamiz 645 cm\u00b2<br \/>\nSu equilibrio en cabezo y su patr\u00f3n de cordaje 16&#215;20<\/p>\n","protected":false},"featured_media":83653,"comment_status":"open","ping_status":"closed","template":"","meta":{"_kadence_starter_templates_imported_post":false,"_kad_post_transparent":"","_kad_post_title":"","_kad_post_layout":"","_kad_post_sidebar_id":"","_kad_post_content_style":"","_kad_post_vertical_padding":"","_kad_post_feature":"","_kad_post_feature_position":"","_kad_post_header":false,"_kad_post_footer":false},"product_brand":[],"product_cat":[500,422],"product_tag":[],"class_list":{"0":"post-83652","1":"product","2":"type-product","3":"status-publish","4":"has-post-thumbnail","6":"product_cat-babolat","7":"product_cat-tenis","8":"pa_brand-marca-babolat","10":"first","11":"instock","12":"shipping-taxable","13":"purchasable","14":"product-type-simple","15":"entry","16":"content-bg","17":"loop-entry"},"_links":{"self":[{"href":"https:\/\/futllermo.com\/tienda\/wp-json\/wp\/v2\/product\/83652","targetHints":{"allow":["GET"]}}],"collection":[{"href":"https:\/\/futllermo.com\/tienda\/wp-json\/wp\/v2\/product"}],"about":[{"href":"https:\/\/futllermo.com\/tienda\/wp-json\/wp\/v2\/types\/product"}],"replies":[{"embeddable":true,"href":"https:\/\/futllermo.com\/tienda\/wp-json\/wp\/v2\/comments?post=83652"}],"wp:featuredmedia":[{"embeddable":true,"href":"https:\/\/futllermo.com\/tienda\/wp-json\/wp\/v2\/media\/83653"}],"wp:attachment":[{"href":"https:\/\/futllermo.com\/tienda\/wp-json\/wp\/v2\/media?parent=83652"}],"wp:term":[{"taxonomy":"product_brand","embeddable":true,"href":"https:\/\/futllermo.com\/tienda\/wp-json\/wp\/v2\/product_brand?post=83652"},{"taxonomy":"product_cat","embeddable":true,"href":"https:\/\/futllermo.com\/tienda\/wp-json\/wp\/v2\/product_cat?post=83652"},{"taxonomy":"product_tag","embeddable":true,"href":"https:\/\/futllermo.com\/tienda\/wp-json\/wp\/v2\/product_tag?post=83652"}],"curies":[{"name":"wp","href":"https:\/\/api.w.org\/{rel}","templated":true}]}}