{"id":83610,"date":"2021-01-13T13:11:31","date_gmt":"2021-01-13T13:11:31","guid":{"rendered":"https:\/\/futllermo.com\/tienda\/producto\/babolat-pure-drive-junior-26-raqueta-unisex-adulto\/"},"modified":"2022-01-13T10:00:06","modified_gmt":"2022-01-13T10:00:06","slug":"babolat-pure-drive-junior-26-raqueta-unisex-adulto","status":"publish","type":"product","link":"https:\/\/futllermo.com\/tienda\/producto\/babolat-pure-drive-junior-26-raqueta-unisex-adulto\/","title":{"rendered":"Babolat Pure Drive Junior 26 Raqueta, Unisex Adulto"},"content":{"rendered":"<p><!-- show up to 2 reviews by default --> <\/p>\n<p>Rendimiento id\u00e9ntico al Pure Drive para adultos, el nuevo Pure Drive Junior 26 ser\u00e1 imprescindible para los jugadores junior que buscan potencia y versatilidad. <\/p>\n<p>Con tecnolog\u00eda Smac: Mejor amortiguaci\u00f3n de vibraciones gracias a un nuevo material integrado en el grafito de la raqueta que proporciona un sonido incre\u00edble y aut\u00e9nticas sensaciones<br \/>\nBabolat re dise\u00f1a el esquema de cuerdas FSI Power, que asociado al grommets del ojal en forma de diamante y un mayor espacio entre las cuerdas, permite aumentar lo sweet spot, para ganar potencia, spin y centrar con facilidad la pelota<br \/>\nLa GT Technology se basa en un nuevo material que combina fibras de grafite trenzadas con filamentos de tungsteno<br \/>\nElliptic Geometry Para aumentar la resistencia a torsi\u00f3n y flexi\u00f3n, Babolat ha hecho un marco el 20% m\u00e1s r\u00edgido que las raquetas tradicionales, para que los jugadores disfruten de a\u00fan m\u00e1s potencia<br \/>\nTipo de deporte: Tenis<br \/>\nAnchura: 12.01 inches<br \/>\nTipo de deporte: Tenis<br \/>\n<\/p>\n","protected":false},"excerpt":{"rendered":"<p>Con tecnolog\u00eda Smac: Mejor amortiguaci\u00f3n de vibraciones gracias a un nuevo material integrado en el grafito de la raqueta que proporciona un sonido incre\u00edble y aut\u00e9nticas sensaciones<br \/>\nBabolat re dise\u00f1a el esquema de cuerdas FSI Power, que asociado al grommets del ojal en forma de diamante y un mayor espacio entre las cuerdas, permite aumentar lo sweet spot, para ganar potencia, spin y centrar con facilidad la pelota<br \/>\nLa GT Technology se basa en un nuevo material que combina fibras de grafite trenzadas con filamentos de tungsteno<\/p>\n","protected":false},"featured_media":83612,"comment_status":"open","ping_status":"closed","template":"","meta":{"_kadence_starter_templates_imported_post":false,"_kad_post_transparent":"","_kad_post_title":"","_kad_post_layout":"","_kad_post_sidebar_id":"","_kad_post_content_style":"","_kad_post_vertical_padding":"","_kad_post_feature":"","_kad_post_feature_position":"","_kad_post_header":false,"_kad_post_footer":false},"product_brand":[],"product_cat":[500,422],"product_tag":[],"class_list":{"0":"post-83610","1":"product","2":"type-product","3":"status-publish","4":"has-post-thumbnail","6":"product_cat-babolat","7":"product_cat-tenis","8":"pa_brand-marca-babolat","10":"first","11":"instock","12":"shipping-taxable","13":"purchasable","14":"product-type-simple","15":"entry","16":"content-bg","17":"loop-entry"},"_links":{"self":[{"href":"https:\/\/futllermo.com\/tienda\/wp-json\/wp\/v2\/product\/83610","targetHints":{"allow":["GET"]}}],"collection":[{"href":"https:\/\/futllermo.com\/tienda\/wp-json\/wp\/v2\/product"}],"about":[{"href":"https:\/\/futllermo.com\/tienda\/wp-json\/wp\/v2\/types\/product"}],"replies":[{"embeddable":true,"href":"https:\/\/futllermo.com\/tienda\/wp-json\/wp\/v2\/comments?post=83610"}],"wp:featuredmedia":[{"embeddable":true,"href":"https:\/\/futllermo.com\/tienda\/wp-json\/wp\/v2\/media\/83612"}],"wp:attachment":[{"href":"https:\/\/futllermo.com\/tienda\/wp-json\/wp\/v2\/media?parent=83610"}],"wp:term":[{"taxonomy":"product_brand","embeddable":true,"href":"https:\/\/futllermo.com\/tienda\/wp-json\/wp\/v2\/product_brand?post=83610"},{"taxonomy":"product_cat","embeddable":true,"href":"https:\/\/futllermo.com\/tienda\/wp-json\/wp\/v2\/product_cat?post=83610"},{"taxonomy":"product_tag","embeddable":true,"href":"https:\/\/futllermo.com\/tienda\/wp-json\/wp\/v2\/product_tag?post=83610"}],"curies":[{"name":"wp","href":"https:\/\/api.w.org\/{rel}","templated":true}]}}