{"id":83563,"date":"2021-01-13T13:08:01","date_gmt":"2021-01-13T13:08:01","guid":{"rendered":"https:\/\/futllermo.com\/tienda\/producto\/wilson-conjunto-de-iniciacion-al-tenis-ultra-pink-starter-set-raqueta-ultra-pink-25-botella-2-pelotas-bolsa-de-transporte-de-9-a-10-anos-wr026710f\/"},"modified":"2022-01-13T09:59:24","modified_gmt":"2022-01-13T09:59:24","slug":"wilson-conjunto-de-iniciacion-al-tenis-ultra-pink-starter-set-raqueta-ultra-pink-25-botella-2-pelotas-bolsa-de-transporte-de-9-a-10-anos-wr026710f","status":"publish","type":"product","link":"https:\/\/futllermo.com\/tienda\/producto\/wilson-conjunto-de-iniciacion-al-tenis-ultra-pink-starter-set-raqueta-ultra-pink-25-botella-2-pelotas-bolsa-de-transporte-de-9-a-10-anos-wr026710f\/","title":{"rendered":"Wilson Conjunto de iniciaci\u00f3n al tenis, Ultra Pink Starter Set, Raqueta Ultra Pink 25, Botella, 2 pelotas, Bolsa de\u2026"},"content":{"rendered":"<p><!-- show up to 2 reviews by default --> <\/p>\n<p>Conjunto de iniciaci\u00f3n al tenis para jugador j\u00fanior de 9 a 10 a\u00f1os. Raqueta ligera y f\u00e1cil de manejar, adecuada para mejorar la t\u00e9cnica y reducir la fatiga en el brazo. Cabeza: 613 cm\u00b2, peso: 225 g. Equilibrio en la empu\u00f1adura, patr\u00f3n del cordaje: 16\u00d717. Protector en el marco para reducir los da\u00f1os por contacto y aumentar la vida \u00fatil de la raqueta. Dise\u00f1o minimalista y llamativo en la pista. Contenido: 1\u00d7 conjunto de iniciaci\u00f3n al tenis para ni\u00f1os de Wilson, raqueta Ultra Pink 25, 1 botella, 2 pelotas naranjas y 1 bolsa de transporte. <\/p>\n<p>Conjunto de iniciaci\u00f3n al tenis para jugador j\u00fanior de 9 a 10 a\u00f1os<br \/>\nRaqueta ligera y f\u00e1cil de manejar, adecuada para mejorar la t\u00e9cnica y reducir la fatiga en el brazo; cabeza: 613 cm\u00b2, peso: 225 g; equilibrio en la empu\u00f1adura, patr\u00f3n del cordaje: 16\u00d717<br \/>\nProtector en el marco para reducir los da\u00f1os por contacto y aumentar la vida \u00fatil de la raqueta; dise\u00f1o minimalista y llamativo en la pista<br \/>\nContenido: 1\u00d7 conjunto de iniciaci\u00f3n al tenis para ni\u00f1os de Wilson, raqueta Ultra Pink 25, 1 botella, 2 pelotas naranjas y 1 bolsa de transporte<br \/>\n<\/p>\n","protected":false},"excerpt":{"rendered":"<p>Conjunto de iniciaci\u00f3n al tenis para jugador j\u00fanior de 9 a 10 a\u00f1os<br \/>\nRaqueta ligera y f\u00e1cil de manejar, adecuada para mejorar la t\u00e9cnica y reducir la fatiga en el brazo; cabeza: 613 cm\u00b2, peso: 225 g; equilibrio en la empu\u00f1adura, patr\u00f3n del cordaje: 16\u00d717<br \/>\nProtector en el marco para reducir los da\u00f1os por contacto y aumentar la vida \u00fatil de la raqueta; dise\u00f1o minimalista y llamativo en la pista<\/p>\n","protected":false},"featured_media":83565,"comment_status":"open","ping_status":"closed","template":"","meta":{"_kadence_starter_templates_imported_post":false,"_kad_post_transparent":"","_kad_post_title":"","_kad_post_layout":"","_kad_post_sidebar_id":"","_kad_post_content_style":"","_kad_post_vertical_padding":"","_kad_post_feature":"","_kad_post_feature_position":"","_kad_post_header":false,"_kad_post_footer":false},"product_brand":[],"product_cat":[422,499],"product_tag":[],"class_list":{"0":"post-83563","1":"product","2":"type-product","3":"status-publish","4":"has-post-thumbnail","6":"product_cat-tenis","7":"product_cat-wilson","8":"pa_brand-visita-la-store-de-wilson","10":"first","11":"instock","12":"shipping-taxable","13":"purchasable","14":"product-type-simple","15":"entry","16":"content-bg","17":"loop-entry"},"_links":{"self":[{"href":"https:\/\/futllermo.com\/tienda\/wp-json\/wp\/v2\/product\/83563","targetHints":{"allow":["GET"]}}],"collection":[{"href":"https:\/\/futllermo.com\/tienda\/wp-json\/wp\/v2\/product"}],"about":[{"href":"https:\/\/futllermo.com\/tienda\/wp-json\/wp\/v2\/types\/product"}],"replies":[{"embeddable":true,"href":"https:\/\/futllermo.com\/tienda\/wp-json\/wp\/v2\/comments?post=83563"}],"wp:featuredmedia":[{"embeddable":true,"href":"https:\/\/futllermo.com\/tienda\/wp-json\/wp\/v2\/media\/83565"}],"wp:attachment":[{"href":"https:\/\/futllermo.com\/tienda\/wp-json\/wp\/v2\/media?parent=83563"}],"wp:term":[{"taxonomy":"product_brand","embeddable":true,"href":"https:\/\/futllermo.com\/tienda\/wp-json\/wp\/v2\/product_brand?post=83563"},{"taxonomy":"product_cat","embeddable":true,"href":"https:\/\/futllermo.com\/tienda\/wp-json\/wp\/v2\/product_cat?post=83563"},{"taxonomy":"product_tag","embeddable":true,"href":"https:\/\/futllermo.com\/tienda\/wp-json\/wp\/v2\/product_tag?post=83563"}],"curies":[{"name":"wp","href":"https:\/\/api.w.org\/{rel}","templated":true}]}}