{"id":83562,"date":"2021-01-13T13:07:59","date_gmt":"2021-01-13T13:07:59","guid":{"rendered":"https:\/\/futllermo.com\/tienda\/producto\/wilson-blade-raqueta-de-tenis\/"},"modified":"2022-01-13T09:59:24","modified_gmt":"2022-01-13T09:59:24","slug":"wilson-blade-raqueta-de-tenis","status":"publish","type":"product","link":"https:\/\/futllermo.com\/tienda\/producto\/wilson-blade-raqueta-de-tenis\/","title":{"rendered":"Wilson Blade Raqueta de tenis"},"content":{"rendered":"<p><!-- show up to 2 reviews by default --> <\/p>\n<p>Raqueta de tenis para jugadores adultos atacantes en busca de flexibilidad adicional y control &#8211; F\u00e1cil de manejar, La m\u00e1s ligera de la serie Blade V.70, Dise\u00f1o depurado con pintura el\u00e1stica de tres colores: verde lima, negro y plateado &#8211; Tecnolog\u00eda Parallel Drilling para una respuesta m\u00e1s constante del cordaje, Patr\u00f3n del cordaje: 16 x 19 &#8211; Marco con FeelFlex, tecnolog\u00eda propia de Wilson de colocaci\u00f3n estrat\u00e9gica carbono en el marco para m\u00e1s estabilidad y flexibilidad adicional, as\u00ed como una mejor sensaci\u00f3n de conexi\u00f3n con la pelota &#8211; Contenido: 1x Raqueta de tenis Blade 100UL de Wilson, Cabeza: 645,2 cm2, Peso (sin cordaje): 265 g, Empu\u00f1adura: 4 1\/4\u00bb, Equilibro sin cordaje: 33,5 cm, Grafito, negro\/gris\/verde lima, WR014110U2. <\/p>\n<p>Raqueta de tenis para jugadores adultos atacantes en busca de flexibilidad adicional y control<br \/>\nF\u00e1cil de manejar, La m\u00e1s ligera de la serie Blade V.70, Dise\u00f1o depurado con pintura el\u00e1stica de tres colores: verde lima, negro y plateado<br \/>\nTecnolog\u00eda Parallel Drilling para una respuesta m\u00e1s constante del cordaje, Patr\u00f3n del cordaje: 16 x 19<br \/>\nMarco con FeelFlex, tecnolog\u00eda propia de Wilson de colocaci\u00f3n estrat\u00e9gica carbono en el marco para m\u00e1s estabilidad y flexibilidad adicional, as\u00ed como una mejor sensaci\u00f3n de conexi\u00f3n con la pelota<br \/>\nContenido: 1x Raqueta de tenis Blade 100UL de Wilson, Cabeza: 645,2 cm2, Peso (sin cordaje): 265 g, Empu\u00f1adura: 4 1\/4\u00bb, Equilibro sin cordaje: 33,5 cm, Grafito, negro\/gris\/verde lima, WR014110U2<br \/>\n<\/p>\n","protected":false},"excerpt":{"rendered":"<p>Raqueta de tenis para jugadores adultos atacantes en busca de flexibilidad adicional y control<br \/>\nF\u00e1cil de manejar, La m\u00e1s ligera de la serie Blade V.70, Dise\u00f1o depurado con pintura el\u00e1stica de tres colores: verde lima, negro y plateado<br \/>\nTecnolog\u00eda Parallel Drilling para una respuesta m\u00e1s constante del cordaje, Patr\u00f3n del cordaje: 16 x 19<\/p>\n","protected":false},"featured_media":83564,"comment_status":"open","ping_status":"closed","template":"","meta":{"_kadence_starter_templates_imported_post":false,"_kad_post_transparent":"","_kad_post_title":"","_kad_post_layout":"","_kad_post_sidebar_id":"","_kad_post_content_style":"","_kad_post_vertical_padding":"","_kad_post_feature":"","_kad_post_feature_position":"","_kad_post_header":false,"_kad_post_footer":false},"product_brand":[],"product_cat":[422,499],"product_tag":[],"class_list":{"0":"post-83562","1":"product","2":"type-product","3":"status-publish","4":"has-post-thumbnail","6":"product_cat-tenis","7":"product_cat-wilson","8":"pa_brand-visita-la-store-de-wilson","10":"first","11":"instock","12":"shipping-taxable","13":"purchasable","14":"product-type-simple","15":"entry","16":"content-bg","17":"loop-entry"},"_links":{"self":[{"href":"https:\/\/futllermo.com\/tienda\/wp-json\/wp\/v2\/product\/83562","targetHints":{"allow":["GET"]}}],"collection":[{"href":"https:\/\/futllermo.com\/tienda\/wp-json\/wp\/v2\/product"}],"about":[{"href":"https:\/\/futllermo.com\/tienda\/wp-json\/wp\/v2\/types\/product"}],"replies":[{"embeddable":true,"href":"https:\/\/futllermo.com\/tienda\/wp-json\/wp\/v2\/comments?post=83562"}],"wp:featuredmedia":[{"embeddable":true,"href":"https:\/\/futllermo.com\/tienda\/wp-json\/wp\/v2\/media\/83564"}],"wp:attachment":[{"href":"https:\/\/futllermo.com\/tienda\/wp-json\/wp\/v2\/media?parent=83562"}],"wp:term":[{"taxonomy":"product_brand","embeddable":true,"href":"https:\/\/futllermo.com\/tienda\/wp-json\/wp\/v2\/product_brand?post=83562"},{"taxonomy":"product_cat","embeddable":true,"href":"https:\/\/futllermo.com\/tienda\/wp-json\/wp\/v2\/product_cat?post=83562"},{"taxonomy":"product_tag","embeddable":true,"href":"https:\/\/futllermo.com\/tienda\/wp-json\/wp\/v2\/product_tag?post=83562"}],"curies":[{"name":"wp","href":"https:\/\/api.w.org\/{rel}","templated":true}]}}