{"id":83483,"date":"2021-01-13T13:00:44","date_gmt":"2021-01-13T13:00:44","guid":{"rendered":"https:\/\/futllermo.com\/tienda\/producto\/12-piezas-pelotas-de-tenis-entrenamiento-de-tenis-para-mascotas-de-alta-elasticidad\/"},"modified":"2022-01-13T09:59:23","modified_gmt":"2022-01-13T09:59:23","slug":"12-piezas-pelotas-de-tenis-entrenamiento-de-tenis-para-mascotas-de-alta-elasticidad","status":"publish","type":"product","link":"https:\/\/futllermo.com\/tienda\/producto\/12-piezas-pelotas-de-tenis-entrenamiento-de-tenis-para-mascotas-de-alta-elasticidad\/","title":{"rendered":"12 Piezas Pelotas de Tenis, Entrenamiento de Tenis para Mascotas de Alta Elasticidad"},"content":{"rendered":"<p><!-- show up to 2 reviews by default --> <\/p>\n<p>Caracter\u00edsticas: <\/p>\n<p>1. Alta calidad: la pelota de tenis est\u00e1 hecha de goma de alta calidad y la pelota est\u00e1 hecha de cerdas de fibra qu\u00edmica que son firmes y duraderas. <\/p>\n<p>2. Juego de 12 unidades. <\/p>\n<p>3. Port\u00e1til: el producto viene con un embalaje que es c\u00f3modo de almacenar y transportar. <\/p>\n<p>4. Alta elasticidad: la elasticidad de tenis es de 2,4 metros, la ca\u00edda libre y 1,3 metros sin fuerza humana. <\/p>\n<p>Especificaciones: <\/p>\n<p>Material: goma. <\/p>\n<p>Peso: 760 g. <\/p>\n<p>Tama\u00f1o: 13 cm. <\/p>\n<p>Color amarillo. <\/p>\n<p>Contenido del paquete: <\/p>\n<p>12 tenis. <\/p>\n<p>Nota: <\/p>\n<p>1. Ten en cuenta que puede haber un margen de error de 1-2 cm en las medidas debido a la medici\u00f3n manual. <\/p>\n<p>2. Debido a los diferentes monitores y efectos de luz, el color real del art\u00edculo podr\u00eda ser ligeramente diferente al mostrado en las im\u00e1genes. Gracias por tu comprensi\u00f3n. <\/p>\n<\/p>\n<p>\u3010Alta calidad\u3011La pelota de tenis est\u00e1 hecha de goma de alta calidad y la pelota est\u00e1 hecha de cerdas de fibra qu\u00edmica, que son resistentes y duraderas.<br \/>\nAlta elasticidad: la elasticidad de tenis es de 2,4 metros, la ca\u00edda libre y 1,3 metros sin fuerza humana.<br \/>\n\u3010Port\u00e1til\u3011El producto viene con un embalaje que es c\u00f3modo de almacenar y transportar.<br \/>\n\u3010Ideal para practicar \u3011Las pelotas de tenis son ideales para practicar con un entrenador o una m\u00e1quina.<br \/>\n\u3010Servicio al cliente\u3011Gracias por su compra. Si tienes alg\u00fan problema, no dudes en ponerte en contacto con nosotros. Te prometemos ofrecer soluciones satisfactorias en 24 horas.<br \/>\n<\/p>\n","protected":false},"excerpt":{"rendered":"<p>\u3010Alta calidad\u3011La pelota de tenis est\u00e1 hecha de goma de alta calidad y la pelota est\u00e1 hecha de cerdas de fibra qu\u00edmica, que son resistentes y duraderas.<br \/>\nAlta elasticidad: la elasticidad de tenis es de 2,4 metros, la ca\u00edda libre y 1,3 metros sin fuerza humana.<br \/>\n\u3010Port\u00e1til\u3011El producto viene con un embalaje que es c\u00f3modo de almacenar y transportar.<\/p>\n","protected":false},"featured_media":83484,"comment_status":"open","ping_status":"closed","template":"","meta":{"_kadence_starter_templates_imported_post":false,"_kad_post_transparent":"","_kad_post_title":"","_kad_post_layout":"","_kad_post_sidebar_id":"","_kad_post_content_style":"","_kad_post_vertical_padding":"","_kad_post_feature":"","_kad_post_feature_position":"","_kad_post_header":false,"_kad_post_footer":false},"product_brand":[],"product_cat":[496,422],"product_tag":[],"class_list":{"0":"post-83483","1":"product","2":"type-product","3":"status-publish","4":"has-post-thumbnail","6":"product_cat-pelotas","7":"product_cat-tenis","8":"pa_brand-marca-mioyoow","10":"first","11":"instock","12":"shipping-taxable","13":"purchasable","14":"product-type-simple","15":"entry","16":"content-bg","17":"loop-entry"},"_links":{"self":[{"href":"https:\/\/futllermo.com\/tienda\/wp-json\/wp\/v2\/product\/83483","targetHints":{"allow":["GET"]}}],"collection":[{"href":"https:\/\/futllermo.com\/tienda\/wp-json\/wp\/v2\/product"}],"about":[{"href":"https:\/\/futllermo.com\/tienda\/wp-json\/wp\/v2\/types\/product"}],"replies":[{"embeddable":true,"href":"https:\/\/futllermo.com\/tienda\/wp-json\/wp\/v2\/comments?post=83483"}],"wp:featuredmedia":[{"embeddable":true,"href":"https:\/\/futllermo.com\/tienda\/wp-json\/wp\/v2\/media\/83484"}],"wp:attachment":[{"href":"https:\/\/futllermo.com\/tienda\/wp-json\/wp\/v2\/media?parent=83483"}],"wp:term":[{"taxonomy":"product_brand","embeddable":true,"href":"https:\/\/futllermo.com\/tienda\/wp-json\/wp\/v2\/product_brand?post=83483"},{"taxonomy":"product_cat","embeddable":true,"href":"https:\/\/futllermo.com\/tienda\/wp-json\/wp\/v2\/product_cat?post=83483"},{"taxonomy":"product_tag","embeddable":true,"href":"https:\/\/futllermo.com\/tienda\/wp-json\/wp\/v2\/product_tag?post=83483"}],"curies":[{"name":"wp","href":"https:\/\/api.w.org\/{rel}","templated":true}]}}