{"id":83466,"date":"2021-01-13T13:00:21","date_gmt":"2021-01-13T13:00:21","guid":{"rendered":"https:\/\/futllermo.com\/tienda\/producto\/pelota-de-tenis-con-cuerda-de-goma-util-herramienta-de-practica-de-pelotas-de-tenis-pelota-de-entrenador-de-tenis-con-cuerda-pelotas-de-tenis-de-entrenamiento-solo-para-practica-de-tenis-en-interio\/"},"modified":"2022-01-13T09:59:23","modified_gmt":"2022-01-13T09:59:23","slug":"pelota-de-tenis-con-cuerda-de-goma-util-herramienta-de-practica-de-pelotas-de-tenis-pelota-de-entrenador-de-tenis-con-cuerda-pelotas-de-tenis-de-entrenamiento-solo-para-practica-de-tenis-en-interio","status":"publish","type":"product","link":"https:\/\/futllermo.com\/tienda\/producto\/pelota-de-tenis-con-cuerda-de-goma-util-herramienta-de-practica-de-pelotas-de-tenis-pelota-de-entrenador-de-tenis-con-cuerda-pelotas-de-tenis-de-entrenamiento-solo-para-practica-de-tenis-en-interio\/","title":{"rendered":"Pelota de tenis con cuerda de goma, \u00fatil herramienta de pr\u00e1ctica de pelotas de tenis, Pelota de entrenador de tenis con\u2026"},"content":{"rendered":"<p><!-- show up to 2 reviews by default --> <\/p>\n<p> <b>Descripci\u00f3n:<\/b> <\/p>\n<p> Hecho de goma suave y material de tela de fieltro, duradero y tiene una larga vida \u00fatil. Equ\u00edpate con una banda el\u00e1stica de goma que puedes practicar t\u00fa mismo en cualquier momento. Le ayudar\u00e1 a mejorar la acci\u00f3n de su golpe, el juego de pies y el control de precisi\u00f3n de golpe. Herramienta de pr\u00e1ctica de pelota de tenis muy \u00fatil para ti, espero que pueda ayudarte a mejorar tus habilidades. Que tengas un buen d\u00eda. <\/p>\n<p><\/p>\n<p> <b>Funciones:<\/b> <\/p>\n<p> 1. Hecho de goma suave y material de tela de fieltro, duradero y c\u00f3modo. <\/p>\n<p> 2. Perfecto para entrenar con la cuerda de goma el\u00e1stica. <\/p>\n<p> 3. No necesita compa\u00f1ero de tenis, puede tener entrenamiento de tenis en todo momento. <\/p>\n<p> 4. La goma el\u00e1stica se puede quitar, por lo que tambi\u00e9n se puede utilizar en el partido de tenis. <\/p>\n<p> 5. Especialmente para mejorar la acci\u00f3n del golpe de los jugadores de tenis, el juego de pies y el control de precisi\u00f3n del golpe. <\/p>\n<p><\/p>\n<p> <b>Especificaciones:<\/b> <\/p>\n<p> <b>Marca:<\/b>REGAIL <\/p>\n<p> <b>Material:<\/b>caucho <\/p>\n<p> <b>Color:<\/b>amarillo lim\u00f3n <\/p>\n<p> <b>Peso:<\/b>aprox. 86g <\/p>\n<p> <b>Di\u00e1metro:<\/b>aprox. 6 cm\/2,3 \u00bb <\/p>\n<p> <b>Tama\u00f1o de la cuerda de goma:<\/b>aprox. 3,8 mx 4 mm\/149,6 \u00abx 0,15\u00bb <\/p>\n<p> <b>Espesor de la cuerda de goma:<\/b>aprox. 1,5 mm\/0,05 \u00bb <\/p>\n<p> <b>Cantidad:<\/b>1 pieza <\/p>\n<p><\/p>\n<p> <b>Paquete incluido:<\/b> <\/p>\n<p> 1 x pelota de tenis con cuerda de goma <\/p>\n<p><\/p>\n<p> <b>Nota:<\/b> <\/p>\n<p> 1. Permita un error de 1-3 cm debido a la medici\u00f3n manual. Gracias por su comprensi\u00f3n. <\/p>\n<p> 2. Los monitores no est\u00e1n calibrados del mismo modo, el color del elemento que se muestra en las fotos puede ser ligeramente diferente al del objeto real. Por favor, prevalezca en especie. <\/p>\n<p><\/p>\n<\/p>\n<p>Haz clic aqu\u00ed para comprobar si este producto es compatible con tu modelo<br \/>\nHecho de goma suave y material de tela de fieltro, duradero y c\u00f3modo.<br \/>\nPerfecto para entrenar con la cuerda de goma el\u00e1stica<br \/>\nNo necesita compa\u00f1ero de tenis, puede tener entrenamiento de tenis en todo momento<br \/>\nLa goma el\u00e1stica se puede quitar, por lo que tambi\u00e9n se pueden usar en el partido de tenis.<br \/>\nEspecialmente para mejorar la acci\u00f3n del golpe de los jugadores de tenis, el juego de pies y el control de precisi\u00f3n de golpe<br \/>\n<\/p>\n","protected":false},"excerpt":{"rendered":"<p>Haz clic aqu\u00ed para comprobar si este producto es compatible con tu modelo<br \/>\nHecho de goma suave y material de tela de fieltro, duradero y c\u00f3modo.<br \/>\nPerfecto para entrenar con la cuerda de goma el\u00e1stica<\/p>\n","protected":false},"featured_media":83468,"comment_status":"open","ping_status":"closed","template":"","meta":{"_kadence_starter_templates_imported_post":false,"_kad_post_transparent":"","_kad_post_title":"","_kad_post_layout":"","_kad_post_sidebar_id":"","_kad_post_content_style":"","_kad_post_vertical_padding":"","_kad_post_feature":"","_kad_post_feature_position":"","_kad_post_header":false,"_kad_post_footer":false},"product_brand":[],"product_cat":[496,422],"product_tag":[],"class_list":{"0":"post-83466","1":"product","2":"type-product","3":"status-publish","4":"has-post-thumbnail","6":"product_cat-pelotas","7":"product_cat-tenis","8":"pa_brand-marca-dilwe","9":"pa_fabricante-dilwe","10":"pa_marca-dilwe","11":"pa_numero-de-producto-dilweefq4dsmu61","12":"pa_peso-del-producto-89-g","13":"pa_producto-en-amazon-es-desde-17-diciembre-2020","14":"pa_referencia-del-fabricante-dilweefq4dsmu61","15":"pa_restricciones-de-envio-este-producto-se-puede-enviar-a-espana-y-a-otros-paises-seleccionados","17":"first","18":"instock","19":"shipping-taxable","20":"purchasable","21":"product-type-simple","22":"entry","23":"content-bg","24":"loop-entry"},"_links":{"self":[{"href":"https:\/\/futllermo.com\/tienda\/wp-json\/wp\/v2\/product\/83466","targetHints":{"allow":["GET"]}}],"collection":[{"href":"https:\/\/futllermo.com\/tienda\/wp-json\/wp\/v2\/product"}],"about":[{"href":"https:\/\/futllermo.com\/tienda\/wp-json\/wp\/v2\/types\/product"}],"replies":[{"embeddable":true,"href":"https:\/\/futllermo.com\/tienda\/wp-json\/wp\/v2\/comments?post=83466"}],"wp:featuredmedia":[{"embeddable":true,"href":"https:\/\/futllermo.com\/tienda\/wp-json\/wp\/v2\/media\/83468"}],"wp:attachment":[{"href":"https:\/\/futllermo.com\/tienda\/wp-json\/wp\/v2\/media?parent=83466"}],"wp:term":[{"taxonomy":"product_brand","embeddable":true,"href":"https:\/\/futllermo.com\/tienda\/wp-json\/wp\/v2\/product_brand?post=83466"},{"taxonomy":"product_cat","embeddable":true,"href":"https:\/\/futllermo.com\/tienda\/wp-json\/wp\/v2\/product_cat?post=83466"},{"taxonomy":"product_tag","embeddable":true,"href":"https:\/\/futllermo.com\/tienda\/wp-json\/wp\/v2\/product_tag?post=83466"}],"curies":[{"name":"wp","href":"https:\/\/api.w.org\/{rel}","templated":true}]}}