{"id":83405,"date":"2021-01-13T12:55:24","date_gmt":"2021-01-13T12:55:24","guid":{"rendered":"https:\/\/futllermo.com\/tienda\/producto\/vgeby-saco-de-boxeo-saco-de-boxeo-inflable-para-fitness-de-160-cm-saco-de-boxeo-inflable-para-practicar-karate-taekwondo-mma\/"},"modified":"2022-01-13T09:59:22","modified_gmt":"2022-01-13T09:59:22","slug":"vgeby-saco-de-boxeo-saco-de-boxeo-inflable-para-fitness-de-160-cm-saco-de-boxeo-inflable-para-practicar-karate-taekwondo-mma","status":"publish","type":"product","link":"https:\/\/futllermo.com\/tienda\/producto\/vgeby-saco-de-boxeo-saco-de-boxeo-inflable-para-fitness-de-160-cm-saco-de-boxeo-inflable-para-practicar-karate-taekwondo-mma\/","title":{"rendered":"Saco de Boxeo VGEBY, Saco de Boxeo Inflable para Fitness de 160 cm, Saco de Boxeo Inflable para Practicar Karate\u2026"},"content":{"rendered":"<p><!-- show up to 2 reviews by default --> <\/p>\n<p> <b> Instrucciones: <br \/><\/b> 1. Abra el tap\u00f3n inferior <br \/> 2. Llene la entrada de agua con agua o arena <br \/> 3. Cubra el tap\u00f3n interior y apriete el tap\u00f3n exterior <br \/> 4. Utilice una bomba de aire para inflar la boquilla de aire de la bolsa de boxeo <b> <\/p>\n<p> Nota: <\/b> <br \/> 1. El agua debe llenarse con al menos 7 kg \/ 246,9 oz. Si el agua no es suficiente, la bolsa no se mantendr\u00e1 recta y caer\u00e1 f\u00e1cilmente. <br \/> 2. Dado que este producto es inflable de pl\u00e1stico, aseg\u00farese de mantenerse alejado de los objetos de la rodilla cuando juegue para evitar da\u00f1os causados por fugas de aire. <br \/> 3. No apriete con fuerza. Es mejor que los ni\u00f1os no se sienten y jueguen en \u00e9l para evitar da\u00f1os debido a una presi\u00f3n excesiva. <br \/> 4. La cantidad correcta es suficiente al inflar, no sobrecargue, para no explotar. <b> <\/p>\n<p> Especificaci\u00f3n: <\/b> <br \/> Tipo de art\u00edculo: Saco de boxeo <br \/> Material: PVC <br \/> Color: como se muestra en la imagen <br \/> Longitud inflada: Aprox. 160 cm \/ 63,0 pulgadas <br \/> Espesor: Aprox. 0,32 mm \/ 0,01 pulgadas <br \/> Peso aproximado. 379,0 g \/ 13,4 oz <br \/> Categor\u00eda: Saco de boxeo <br \/> Estilo: Vertical <br \/> Personas aplicables: todas <br \/> Cantidad: 1 Uds <br \/> Escena aplicable: equipo de fitness, cuerpo de fitness <b> <\/p>\n<p> Lista de paquetes: <\/b> <br \/> 1 x saco de boxeo <br \/> 1 x manual <\/p>\n<p><b> <\/b> <\/p>\n<\/p>\n<p>\u3010Material de calidad\u3011 Esta bolsa de boxeo inflable est\u00e1 hecha de material de PVC ecol\u00f3gico, que es fuerte y confiable.<br \/>\n\u3010Tama\u00f1o\u3011 Con 160 cm \/ 63.0 pulgadas de alto, este saco de boxeo puede rebotar r\u00e1pida y suavemente, es c\u00f3modo de llevar, inflable y se puede usar en cualquier momento y en cualquier lugar.<br \/>\n\u3010F\u00e1cil de instalar\u3011 Simplemente abra la junta en la parte inferior, ll\u00e9nela con agua \/ arena, c\u00fabrala bien, bombee aire en el orificio de aireaci\u00f3n hasta que est\u00e9 completamente inflado.<br \/>\n\u3010Ideal para hacer ejercicio\u3011 Este saco de boxeo independiente puede mejorar la coordinaci\u00f3n y la flexibilidad, quemar calor\u00edas y reducir el estr\u00e9s, al tiempo que aumenta la flexibilidad y la coordinaci\u00f3n mano-ojo.<br \/>\n\u3010Ampliamente utilizado\u3011 Esta bolsa de boxeo tambi\u00e9n es una buena opci\u00f3n para el entrenamiento de taekwondo y se puede utilizar para adultos y ni\u00f1os, duradera y pr\u00e1ctica.<br \/>\n<\/p>\n","protected":false},"excerpt":{"rendered":"<p>\u3010Material de calidad\u3011 Esta bolsa de boxeo inflable est\u00e1 hecha de material de PVC ecol\u00f3gico, que es fuerte y confiable.<br \/>\n\u3010Tama\u00f1o\u3011 Con 160 cm \/ 63.0 pulgadas de alto, este saco de boxeo puede rebotar r\u00e1pida y suavemente, es c\u00f3modo de llevar, inflable y se puede usar en cualquier momento y en cualquier lugar.<br \/>\n\u3010F\u00e1cil de instalar\u3011 Simplemente abra la junta en la parte inferior, ll\u00e9nela con agua \/ arena, c\u00fabrala bien, bombee aire en el orificio de aireaci\u00f3n hasta que est\u00e9 completamente inflado.<\/p>\n","protected":false},"featured_media":83408,"comment_status":"open","ping_status":"closed","template":"","meta":{"_kadence_starter_templates_imported_post":false,"_kad_post_transparent":"","_kad_post_title":"","_kad_post_layout":"","_kad_post_sidebar_id":"","_kad_post_content_style":"","_kad_post_vertical_padding":"","_kad_post_feature":"","_kad_post_feature_position":"","_kad_post_header":false,"_kad_post_footer":false},"product_brand":[],"product_cat":[494,421],"product_tag":[],"class_list":{"0":"post-83405","1":"product","2":"type-product","3":"status-publish","4":"has-post-thumbnail","6":"product_cat-saco-mma","7":"product_cat-mma","8":"pa_brand-marca-vgeby","10":"first","11":"instock","12":"shipping-taxable","13":"purchasable","14":"product-type-simple","15":"entry","16":"content-bg","17":"loop-entry"},"_links":{"self":[{"href":"https:\/\/futllermo.com\/tienda\/wp-json\/wp\/v2\/product\/83405","targetHints":{"allow":["GET"]}}],"collection":[{"href":"https:\/\/futllermo.com\/tienda\/wp-json\/wp\/v2\/product"}],"about":[{"href":"https:\/\/futllermo.com\/tienda\/wp-json\/wp\/v2\/types\/product"}],"replies":[{"embeddable":true,"href":"https:\/\/futllermo.com\/tienda\/wp-json\/wp\/v2\/comments?post=83405"}],"wp:featuredmedia":[{"embeddable":true,"href":"https:\/\/futllermo.com\/tienda\/wp-json\/wp\/v2\/media\/83408"}],"wp:attachment":[{"href":"https:\/\/futllermo.com\/tienda\/wp-json\/wp\/v2\/media?parent=83405"}],"wp:term":[{"taxonomy":"product_brand","embeddable":true,"href":"https:\/\/futllermo.com\/tienda\/wp-json\/wp\/v2\/product_brand?post=83405"},{"taxonomy":"product_cat","embeddable":true,"href":"https:\/\/futllermo.com\/tienda\/wp-json\/wp\/v2\/product_cat?post=83405"},{"taxonomy":"product_tag","embeddable":true,"href":"https:\/\/futllermo.com\/tienda\/wp-json\/wp\/v2\/product_tag?post=83405"}],"curies":[{"name":"wp","href":"https:\/\/api.w.org\/{rel}","templated":true}]}}