{"id":83317,"date":"2021-01-13T12:45:13","date_gmt":"2021-01-13T12:45:13","guid":{"rendered":"https:\/\/futllermo.com\/tienda\/producto\/britx-protector-bucal-profesional-de-boxeo-y-protector-bucal-para-artes-marciales-mixtas-y-rugby\/"},"modified":"2022-01-13T09:59:20","modified_gmt":"2022-01-13T09:59:20","slug":"britx-protector-bucal-profesional-de-boxeo-y-protector-bucal-para-artes-marciales-mixtas-y-rugby","status":"publish","type":"product","link":"https:\/\/futllermo.com\/tienda\/producto\/britx-protector-bucal-profesional-de-boxeo-y-protector-bucal-para-artes-marciales-mixtas-y-rugby\/","title":{"rendered":"BRITX Protector bucal profesional de boxeo y protector bucal para artes marciales mixtas y rugby."},"content":{"rendered":"<div class=\"disclaim\"> Color:<strong>transparente<\/strong> | Tama\u00f1o:<strong>S\/J<\/strong> <\/div>\n<p> <!-- show up to 2 reviews by default --> <\/p>\n<p>Protector bucal Britx Sports Boil and Bite Professional Choice con funda de pl\u00e1stico moldeado BRITX individual, protector bucal de gel 100% que ofrece protecci\u00f3n adicional contra golpes directos. Ligero, resistente y duradero. Protector bucal \u00fanico que ofrece una protecci\u00f3n esencial para atletas con aparatos ortop\u00e9dicos, colores sin plomo, 100% est\u00e1 espec\u00edficamente dise\u00f1ado para adaptarse a los tirantes superiores para una comodidad instant\u00e1nea y prevenci\u00f3n de laceraciones. Estructura de doble densidad, m\u00e1s suave que otros protectores de dientes con dise\u00f1o de ajuste a presi\u00f3n, m\u00e1s se adapta a la forma de los dientes de los usuarios. La ranura se ajusta a la superficie de los dientes, conveniente para mantener la respiraci\u00f3n sin problemas y no afecta al efecto protector de los dientes durante el ejercicio extenuante. El protector bucal puede llegar a los molares traseros para proporcionar una protecci\u00f3n completa. Ideal para paracaidistas, judos de boxeo, lucha libre, hockey sobre hielo, rugby, hurls, BJJ, b\u00e9isbol y Muay Thai, etc. Fabricado con 100% material de gel de silicona de grado alimenticio\/m\u00e9dico. <\/p>\n<p>Protector profesional de enc\u00edas<br \/>\n<\/p>\n","protected":false},"excerpt":{"rendered":"<p>Protector profesional de enc\u00edas<\/p>\n","protected":false},"featured_media":83319,"comment_status":"open","ping_status":"closed","template":"","meta":{"_kadence_starter_templates_imported_post":false,"_kad_post_transparent":"","_kad_post_title":"","_kad_post_layout":"","_kad_post_sidebar_id":"","_kad_post_content_style":"","_kad_post_vertical_padding":"","_kad_post_feature":"","_kad_post_feature_position":"","_kad_post_header":false,"_kad_post_footer":false},"product_brand":[],"product_cat":[495,421],"product_tag":[],"class_list":{"0":"post-83317","1":"product","2":"type-product","3":"status-publish","4":"has-post-thumbnail","6":"product_cat-protector-bucal","7":"product_cat-mma","8":"pa_brand-marca-britx","10":"first","11":"instock","12":"shipping-taxable","13":"purchasable","14":"product-type-simple","15":"entry","16":"content-bg","17":"loop-entry"},"_links":{"self":[{"href":"https:\/\/futllermo.com\/tienda\/wp-json\/wp\/v2\/product\/83317","targetHints":{"allow":["GET"]}}],"collection":[{"href":"https:\/\/futllermo.com\/tienda\/wp-json\/wp\/v2\/product"}],"about":[{"href":"https:\/\/futllermo.com\/tienda\/wp-json\/wp\/v2\/types\/product"}],"replies":[{"embeddable":true,"href":"https:\/\/futllermo.com\/tienda\/wp-json\/wp\/v2\/comments?post=83317"}],"wp:featuredmedia":[{"embeddable":true,"href":"https:\/\/futllermo.com\/tienda\/wp-json\/wp\/v2\/media\/83319"}],"wp:attachment":[{"href":"https:\/\/futllermo.com\/tienda\/wp-json\/wp\/v2\/media?parent=83317"}],"wp:term":[{"taxonomy":"product_brand","embeddable":true,"href":"https:\/\/futllermo.com\/tienda\/wp-json\/wp\/v2\/product_brand?post=83317"},{"taxonomy":"product_cat","embeddable":true,"href":"https:\/\/futllermo.com\/tienda\/wp-json\/wp\/v2\/product_cat?post=83317"},{"taxonomy":"product_tag","embeddable":true,"href":"https:\/\/futllermo.com\/tienda\/wp-json\/wp\/v2\/product_tag?post=83317"}],"curies":[{"name":"wp","href":"https:\/\/api.w.org\/{rel}","templated":true}]}}