{"id":83236,"date":"2021-01-13T12:43:23","date_gmt":"2021-01-13T12:43:23","guid":{"rendered":"https:\/\/futllermo.com\/tienda\/producto\/1-unidades-protector-bucal-protectores-bucales-dientes-protegidos-para-boxeo-futbol-baloncesto-karate-muay-thai-proteccion-de-seguridad\/"},"modified":"2022-01-13T09:59:20","modified_gmt":"2022-01-13T09:59:20","slug":"1-unidades-protector-bucal-protectores-bucales-dientes-protegidos-para-boxeo-futbol-baloncesto-karate-muay-thai-proteccion-de-seguridad","status":"publish","type":"product","link":"https:\/\/futllermo.com\/tienda\/producto\/1-unidades-protector-bucal-protectores-bucales-dientes-protegidos-para-boxeo-futbol-baloncesto-karate-muay-thai-proteccion-de-seguridad\/","title":{"rendered":"| 1 Unidades Protector bucal Protectores bucales Dientes protegidos para Boxeo F\u00fatbol Baloncesto Karate Muay Thai\u2026"},"content":{"rendered":"<div class=\"disclaim\"> Color:<strong>1<\/strong> <\/div>\n<p> <!-- show up to 2 reviews by default --> <\/p>\n<p>Parametros del producto:<\/p>\n<p>Material: 100% POE<\/p>\n<p>Tama\u00f1o: S para ni\u00f1os, M para adultos<\/p>\n<p>Estilo: Convertible<\/p>\n<p>C\u00f3mo utilizar:<\/p>\n<p>Ponlo en una taza de agua tibia (70 Celsius a 80 Celsius) hasta que est\u00e9 suave durante unos 10 segundos.<\/p>\n<p>2.Si est\u00e1 suave, ins\u00e9rtelo en los dientes superiores de la boca.<\/p>\n<p>3.Para memorizar su molde de dientes, muerda durante 10 ~ 15 segundos.<\/p>\n<p>4.Si se ajusta a tus dientes, l\u00edmpialo con agua y \u00fasalo.<\/p>\n<p>5.Si no se ajusta a su boca, puede arreglarlo nuevamente desde el paso 1.<\/p>\n<p>Nota:<\/p>\n<p>Es apropiado establecer la temperatura del agua de 70 a 80 grados, pero el tiempo de remojo no debe exceder los 10 segundos.<\/p>\n<p>Paquete incluido:<\/p>\n<p>1 X protector bucal<\/p>\n<p>1 X caja de pl\u00e1stico<\/p>\n<\/p>\n<p>100% Brand New High class quality and very durable.<br \/>\nMade of non poisonous material, harmless for your health.<br \/>\nDise\u00f1o de encaje a presi\u00f3n, m\u00e1s adaptado a la forma de los dientes de los usuarios. Ideal para paracaidistas, judo, garfios, combate libre, hockey sobre hielo, rugby football, BJJ, b\u00e9isbol y Muay Thai, etc.<br \/>\nLa ranura se adapta a la superficie de los dientes, es conveniente para seguir respirando sin problemas y no afecta el efecto protector de los dientes durante el ejercicio intenso.<br \/>\nGive you maximum protection for flag football, karate, lacrosse, hockey, football, field hockey, rugby, roller derby, martial arts, MMA, boxing, sparring, BJJ, wrestling and other contact sports.<br \/>\n<\/p>\n","protected":false},"excerpt":{"rendered":"<p>100% Brand New High class quality and very durable.<br \/>\nMade of non poisonous material, harmless for your health.<br \/>\nDise\u00f1o de encaje a presi\u00f3n, m\u00e1s adaptado a la forma de los dientes de los usuarios. Ideal para paracaidistas, judo, garfios, combate libre, hockey sobre hielo, rugby football, BJJ, b\u00e9isbol y Muay Thai, etc.<\/p>\n","protected":false},"featured_media":83239,"comment_status":"open","ping_status":"closed","template":"","meta":{"_kadence_starter_templates_imported_post":false,"_kad_post_transparent":"","_kad_post_title":"","_kad_post_layout":"","_kad_post_sidebar_id":"","_kad_post_content_style":"","_kad_post_vertical_padding":"","_kad_post_feature":"","_kad_post_feature_position":"","_kad_post_header":false,"_kad_post_footer":false},"product_brand":[],"product_cat":[495,421],"product_tag":[],"class_list":{"0":"post-83236","1":"product","2":"type-product","3":"status-publish","4":"has-post-thumbnail","6":"product_cat-protector-bucal","7":"product_cat-mma","8":"pa_brand-marca-perfecthome","10":"first","11":"instock","12":"shipping-taxable","13":"purchasable","14":"product-type-simple","15":"entry","16":"content-bg","17":"loop-entry"},"_links":{"self":[{"href":"https:\/\/futllermo.com\/tienda\/wp-json\/wp\/v2\/product\/83236","targetHints":{"allow":["GET"]}}],"collection":[{"href":"https:\/\/futllermo.com\/tienda\/wp-json\/wp\/v2\/product"}],"about":[{"href":"https:\/\/futllermo.com\/tienda\/wp-json\/wp\/v2\/types\/product"}],"replies":[{"embeddable":true,"href":"https:\/\/futllermo.com\/tienda\/wp-json\/wp\/v2\/comments?post=83236"}],"wp:featuredmedia":[{"embeddable":true,"href":"https:\/\/futllermo.com\/tienda\/wp-json\/wp\/v2\/media\/83239"}],"wp:attachment":[{"href":"https:\/\/futllermo.com\/tienda\/wp-json\/wp\/v2\/media?parent=83236"}],"wp:term":[{"taxonomy":"product_brand","embeddable":true,"href":"https:\/\/futllermo.com\/tienda\/wp-json\/wp\/v2\/product_brand?post=83236"},{"taxonomy":"product_cat","embeddable":true,"href":"https:\/\/futllermo.com\/tienda\/wp-json\/wp\/v2\/product_cat?post=83236"},{"taxonomy":"product_tag","embeddable":true,"href":"https:\/\/futllermo.com\/tienda\/wp-json\/wp\/v2\/product_tag?post=83236"}],"curies":[{"name":"wp","href":"https:\/\/api.w.org\/{rel}","templated":true}]}}