{"id":83230,"date":"2021-01-13T12:43:14","date_gmt":"2021-01-13T12:43:14","guid":{"rendered":"https:\/\/futllermo.com\/tienda\/producto\/agaki-gel-max-protector-bucal-para-futbol-lacrosse-baloncesto-boxeo-artes-marciales-mixtas-y-mas\/"},"modified":"2022-01-13T09:59:20","modified_gmt":"2022-01-13T09:59:20","slug":"agaki-gel-max-protector-bucal-para-futbol-lacrosse-baloncesto-boxeo-artes-marciales-mixtas-y-mas","status":"publish","type":"product","link":"https:\/\/futllermo.com\/tienda\/producto\/agaki-gel-max-protector-bucal-para-futbol-lacrosse-baloncesto-boxeo-artes-marciales-mixtas-y-mas\/","title":{"rendered":"Agaki Protector bucal profesional deportivo con canales de aire mejorados para una mayor condici\u00f3n f\u00edsica, agarre c\u00f3modo\u2026"},"content":{"rendered":"<p>Marco exoesqueletal Shock: puntales de protecci\u00f3n dental con marco de goma resistente que ofrecen protecci\u00f3n contra impactos. Una almohadilla especial de impacto suave que se coloca en la parte inferior del protector de rueda dentada puede absorber eficazmente los golpes fuertes y amortiguar los da\u00f1os causados por la competencia.<br \/>\nProtecci\u00f3n exclusiva personalizada: con nuestra tecnolog\u00eda Custom Fit Bind-Gel, tus protectores bucales se pueden moldear f\u00e1cilmente con agua hirviendo en casa. Y nos aseguramos de que un ajuste c\u00f3modo est\u00e1 garantizado. Tenemos dos tallas para la edad ideal de adultos y ni\u00f1os.<br \/>\nNo t\u00f3xico, no cancer\u00edgeno: nuestro protector de enc\u00edas est\u00e1 dise\u00f1ado en colores puros sin texto o logotipo impreso, lo que garantiza que no es t\u00f3xico y no cancer\u00edgeno. Viene con una funda est\u00e9ril gratuita que te permite mantener tu Sportout Guard seguro y limpio para garantizar una protecci\u00f3n exclusiva.<br \/>\nCertificaci\u00f3n oficial: Gum Shield ha recibido la certificaci\u00f3n CE y ha pasado todas las pruebas de seguridad. Cumple con los requisitos de las normas de productos de la Uni\u00f3n Europea. A diferencia de otros protectores de enc\u00edas, estos protectores bucales no exponen a sus hijos a carcinog\u00e9nicos. Con Sportout Gum Shields siempre estar\u00e1s seguro.<br \/>\nAplicaci\u00f3n postventa: la exclusiva funda de transporte transl\u00facida para antes y despu\u00e9s de luchar o jugar. El protector bucal te ofrece la m\u00e1xima protecci\u00f3n, ideal para karate, lacrosse, hockey, f\u00fatbol, rugby, MMA, boxeo, artes marciales, lucha libre, patinete Derby y otros deportes de contacto. Si tienes alg\u00fan problema con el producto, no dudes en ponerte en contacto con nosotros.<br \/>\n<\/p>\n","protected":false},"excerpt":{"rendered":"<p>Marco exoesqueletal Shock: puntales de protecci\u00f3n dental con marco de goma resistente que ofrecen protecci\u00f3n contra impactos. Una almohadilla especial de impacto suave que se coloca en la parte inferior del protector de rueda dentada puede absorber eficazmente los golpes fuertes y amortiguar los da\u00f1os causados por la competencia.<br \/>\nProtecci\u00f3n exclusiva personalizada: con nuestra tecnolog\u00eda Custom Fit Bind-Gel, tus protectores bucales se pueden moldear f\u00e1cilmente con agua hirviendo en casa. Y nos aseguramos de que un ajuste c\u00f3modo est\u00e1 garantizado. Tenemos dos tallas para la edad ideal de adultos y ni\u00f1os.<br \/>\nNo t\u00f3xico, no cancer\u00edgeno: nuestro protector de enc\u00edas est\u00e1 dise\u00f1ado en colores puros sin texto o logotipo impreso, lo que garantiza que no es t\u00f3xico y no cancer\u00edgeno. Viene con una funda est\u00e9ril gratuita que te permite mantener tu Sportout Guard seguro y limpio para garantizar una protecci\u00f3n exclusiva.<\/p>\n","protected":false},"featured_media":83231,"comment_status":"open","ping_status":"closed","template":"","meta":{"_kadence_starter_templates_imported_post":false,"_kad_post_transparent":"","_kad_post_title":"","_kad_post_layout":"","_kad_post_sidebar_id":"","_kad_post_content_style":"","_kad_post_vertical_padding":"","_kad_post_feature":"","_kad_post_feature_position":"","_kad_post_header":false,"_kad_post_footer":false},"product_brand":[],"product_cat":[495,421],"product_tag":[],"class_list":{"0":"post-83230","1":"product","2":"type-product","3":"status-publish","4":"has-post-thumbnail","6":"product_cat-protector-bucal","7":"product_cat-mma","8":"pa_brand-marca-agaki","10":"first","11":"instock","12":"shipping-taxable","13":"purchasable","14":"product-type-simple","15":"entry","16":"content-bg","17":"loop-entry"},"_links":{"self":[{"href":"https:\/\/futllermo.com\/tienda\/wp-json\/wp\/v2\/product\/83230","targetHints":{"allow":["GET"]}}],"collection":[{"href":"https:\/\/futllermo.com\/tienda\/wp-json\/wp\/v2\/product"}],"about":[{"href":"https:\/\/futllermo.com\/tienda\/wp-json\/wp\/v2\/types\/product"}],"replies":[{"embeddable":true,"href":"https:\/\/futllermo.com\/tienda\/wp-json\/wp\/v2\/comments?post=83230"}],"wp:featuredmedia":[{"embeddable":true,"href":"https:\/\/futllermo.com\/tienda\/wp-json\/wp\/v2\/media\/83231"}],"wp:attachment":[{"href":"https:\/\/futllermo.com\/tienda\/wp-json\/wp\/v2\/media?parent=83230"}],"wp:term":[{"taxonomy":"product_brand","embeddable":true,"href":"https:\/\/futllermo.com\/tienda\/wp-json\/wp\/v2\/product_brand?post=83230"},{"taxonomy":"product_cat","embeddable":true,"href":"https:\/\/futllermo.com\/tienda\/wp-json\/wp\/v2\/product_cat?post=83230"},{"taxonomy":"product_tag","embeddable":true,"href":"https:\/\/futllermo.com\/tienda\/wp-json\/wp\/v2\/product_tag?post=83230"}],"curies":[{"name":"wp","href":"https:\/\/api.w.org\/{rel}","templated":true}]}}