{"id":83131,"date":"2021-01-13T12:40:28","date_gmt":"2021-01-13T12:40:28","guid":{"rendered":"https:\/\/futllermo.com\/tienda\/producto\/protector-bucal-deportivoprotector-de-enciasprotector-bucal-de-engranajesprotector-bucal-ideal-automoldeado-para-rugbyboxeommaufchockeygimnasiofutbol%e2%80%8b%e2%80%8bkarate-y-todos-los-depo\/"},"modified":"2022-01-13T09:59:17","modified_gmt":"2022-01-13T09:59:17","slug":"protector-bucal-deportivoprotector-de-enciasprotector-bucal-de-engranajesprotector-bucal-ideal-automoldeado-para-rugbyboxeommaufchockeygimnasiofutbol%e2%80%8b%e2%80%8bkarate-y-todos-los-depo","status":"publish","type":"product","link":"https:\/\/futllermo.com\/tienda\/producto\/protector-bucal-deportivoprotector-de-enciasprotector-bucal-de-engranajesprotector-bucal-ideal-automoldeado-para-rugbyboxeommaufchockeygimnasiofutbol%e2%80%8b%e2%80%8bkarate-y-todos-los-depo\/","title":{"rendered":"Protector bucal deportivo,protector de enc\u00edas,protector bucal de engranajes,protector bucal ideal automoldeado para\u2026"},"content":{"rendered":"<div class=\"disclaim\"> Color:<strong>D<\/strong> <\/div>\n<p> <!-- show up to 2 reviews by default --> <\/p>\n<p>Material: EVA<\/p>\n<p>Tama\u00f1o: 53 * 63 mm<\/p>\n<p>1. \u00bfPor qu\u00e9 necesita un protector bucal?<br \/>Cuando juegas boxeo, MMA, rugby, k\u00e1rate, judo, taekwondo, hockey o cualquier otro deporte de contacto, puedes sufrir de dientes rotos, dientes rotos o incluso da\u00f1o de ra\u00edz y p\u00e9rdida de dientes. Entonces, necesitas un buen protector bucal que te proteja de los golpes, baches y golpes de tu mejor actuaci\u00f3n.<\/p>\n<p>2. \u00bfC\u00f3mo funciona el protector bucal?<br \/>Hay una muesca en la parte delantera, que permite que pase el aire y facilita la respiraci\u00f3n. La almohadilla en la parte posterior evita el deslizamiento y mejora la resistencia a los golpes.<\/p>\n<p>3. \u00bfC\u00f3mo usar los frenillos?<br \/>\u2460Corte la cubierta protectora de las enc\u00edas al tama\u00f1o adecuado de acuerdo con sus dientes.<br \/>\u2461Ponga la cubierta anti-pegamento en agua caliente a unos 70 grados durante unos 70 segundos para ablandarla.<br \/>\u2462 S\u00e1quelo del agua caliente y d\u00e9jelo enfriar con agua corriente durante 1-2 segundos para que la temperatura alcance un nivel agradable.<br \/>\u2463 Coloque con cuidado el protector de las enc\u00edas de los dientes superiores y presi\u00f3nelo sobre o alrededor de los dientes superiores. Presione primero los molares, luego los dientes frontales.<br \/>\u2464Muerde fuerte y chupa fuerte. Contin\u00fae chupando y presione el borde del protector bucal contra los dientes con los dedos, luego presione la l\u00ednea de las enc\u00edas en la parte exterior de los labios y las mejillas durante 30 segundos.<br \/>\u2465 Retirar y poner en agua fr\u00eda durante 30 segundos. La goma de mascar tendr\u00e1 la mejor retenci\u00f3n despu\u00e9s de enfriarse y solidificarse durante varias horas.<br \/>\u2466Vuelva a colocarlo en la boca y compruebe que encaje bien y firme. Si la instalaci\u00f3n no es correcta, restablezca los pasos. <\/p>\n<p>Protecci\u00f3n dental: \u00bfLos deportes de contacto vigorosos da\u00f1ar\u00e1n los dientes? Nuestro protector de enc\u00edas protege los dientes, los tejidos blandos, la boca, las enc\u00edas y la mand\u00edbula del da\u00f1o. Protege eficazmente los dientes durante el ejercicio o la competici\u00f3n.<br \/>\nMateriales de alta calidad: su seguridad y comodidad es nuestro objetivo final, por lo que nuestros protectores bucales y m\u00e1scaras de goma est\u00e1n hechos de silicona de grado m\u00e9dico 100%, libre de BPA, l\u00e1tex y ftalatos, y se pueden utilizar para garantizar su seguridad en varios Deportes de contacto.<br \/>\nNivel competitivo de protecci\u00f3n: la capa exterior s\u00faper resistente a los impactos absorbe las fuerzas de alto impacto y distribuye la fuerza sobre un \u00e1rea m\u00e1s grande, protegiendo sus dientes y enc\u00edas de da\u00f1os.<br \/>\nSeguro de usar: nuestros protectores sin tirantes est\u00e1n hechos de material EVA, sin l\u00e1tex, inodoros, seguros y no t\u00f3xicos, y se pueden usar con confianza.<br \/>\nViene con una caja de embalaje as\u00e9ptica gratuita, por lo que puede guardar el protector bucal de forma segura y limpia para una protecci\u00f3n de por vida. Es ideal para todos los deportes de contacto: como rugby, f\u00fatbol, \u200b\u200bboxeo, MMA, k\u00e1rate, hockey, judo, taekwondo, etc. F\u00e1cil de moldear: el proceso de instalaci\u00f3n dura menos de 3 minutos.<br \/>\n<\/p>\n","protected":false},"excerpt":{"rendered":"<p>Protecci\u00f3n dental: \u00bfLos deportes de contacto vigorosos da\u00f1ar\u00e1n los dientes? Nuestro protector de enc\u00edas protege los dientes, los tejidos blandos, la boca, las enc\u00edas y la mand\u00edbula del da\u00f1o. Protege eficazmente los dientes durante el ejercicio o la competici\u00f3n.<br \/>\nMateriales de alta calidad: su seguridad y comodidad es nuestro objetivo final, por lo que nuestros protectores bucales y m\u00e1scaras de goma est\u00e1n hechos de silicona de grado m\u00e9dico 100%, libre de BPA, l\u00e1tex y ftalatos, y se pueden utilizar para garantizar su seguridad en varios Deportes de contacto.<br \/>\nNivel competitivo de protecci\u00f3n: la capa exterior s\u00faper resistente a los impactos absorbe las fuerzas de alto impacto y distribuye la fuerza sobre un \u00e1rea m\u00e1s grande, protegiendo sus dientes y enc\u00edas de da\u00f1os.<\/p>\n","protected":false},"featured_media":83133,"comment_status":"open","ping_status":"closed","template":"","meta":{"_kadence_starter_templates_imported_post":false,"_kad_post_transparent":"","_kad_post_title":"","_kad_post_layout":"","_kad_post_sidebar_id":"","_kad_post_content_style":"","_kad_post_vertical_padding":"","_kad_post_feature":"","_kad_post_feature_position":"","_kad_post_header":false,"_kad_post_footer":false},"product_brand":[],"product_cat":[495,421],"product_tag":[],"class_list":{"0":"post-83131","1":"product","2":"type-product","3":"status-publish","4":"has-post-thumbnail","6":"product_cat-protector-bucal","7":"product_cat-mma","8":"pa_brand-marca-hao-zhuokun","9":"pa_color-d","10":"pa_marca-hao-zhuokun","11":"pa_producto-en-amazon-es-desde-28-octubre-2020","13":"first","14":"instock","15":"shipping-taxable","16":"purchasable","17":"product-type-simple","18":"entry","19":"content-bg","20":"loop-entry"},"_links":{"self":[{"href":"https:\/\/futllermo.com\/tienda\/wp-json\/wp\/v2\/product\/83131","targetHints":{"allow":["GET"]}}],"collection":[{"href":"https:\/\/futllermo.com\/tienda\/wp-json\/wp\/v2\/product"}],"about":[{"href":"https:\/\/futllermo.com\/tienda\/wp-json\/wp\/v2\/types\/product"}],"replies":[{"embeddable":true,"href":"https:\/\/futllermo.com\/tienda\/wp-json\/wp\/v2\/comments?post=83131"}],"wp:featuredmedia":[{"embeddable":true,"href":"https:\/\/futllermo.com\/tienda\/wp-json\/wp\/v2\/media\/83133"}],"wp:attachment":[{"href":"https:\/\/futllermo.com\/tienda\/wp-json\/wp\/v2\/media?parent=83131"}],"wp:term":[{"taxonomy":"product_brand","embeddable":true,"href":"https:\/\/futllermo.com\/tienda\/wp-json\/wp\/v2\/product_brand?post=83131"},{"taxonomy":"product_cat","embeddable":true,"href":"https:\/\/futllermo.com\/tienda\/wp-json\/wp\/v2\/product_cat?post=83131"},{"taxonomy":"product_tag","embeddable":true,"href":"https:\/\/futllermo.com\/tienda\/wp-json\/wp\/v2\/product_tag?post=83131"}],"curies":[{"name":"wp","href":"https:\/\/api.w.org\/{rel}","templated":true}]}}