{"id":83101,"date":"2021-01-13T12:35:44","date_gmt":"2021-01-13T12:35:44","guid":{"rendered":"https:\/\/futllermo.com\/tienda\/producto\/velo-espinilleras-para-artes-marciales-mixtas-y-artes-marciales-mixtas-para-muay-thai-kick-boxing-mma-color-azul\/"},"modified":"2022-01-13T09:59:17","modified_gmt":"2022-01-13T09:59:17","slug":"velo-espinilleras-para-artes-marciales-mixtas-y-artes-marciales-mixtas-para-muay-thai-kick-boxing-mma-color-azul","status":"publish","type":"product","link":"https:\/\/futllermo.com\/tienda\/producto\/velo-espinilleras-para-artes-marciales-mixtas-y-artes-marciales-mixtas-para-muay-thai-kick-boxing-mma-color-azul\/","title":{"rendered":"VELO. Espinilleras para Artes Marciales Mixtas y Artes Marciales Mixtas para Muay Thai Kick Boxing MMA, Color Azul"},"content":{"rendered":"<p>Velo combinaci\u00f3n perfecta de rendimiento, elegante y comodidad Urban Warfare espinilleras ofrecen una incre\u00edble protecci\u00f3n para tu cuerpo, as\u00ed como un dise\u00f1o incre\u00edble.<br \/>\nLa espinillera profesional Velo fue creada para combinar los m\u00e1s altos est\u00e1ndares de comodidad posibles con los est\u00e1ndares de seguridad profesionales requeridos. Muay thai Boxing, MMA Professional Flex Leather Grappling Shin-Instep Guards han presentado paneles de espuma articulados sobre el tobillo y el empeine que proporcionan comodidad adicional y estructuras de rendimiento mejoradas con 100%. Esta combinaci\u00f3n de materiales de alta tecnolog\u00eda y tradicionales te ofrece comodidad y durabilidad y resistencia modernas.<br \/>\nEstos son de primera calidad, protectores hechos a mano de alta calidad, fabricados a partir de pieles seleccionadas de piel flexible con almohadillas de gel de membrana extra gruesas para una protecci\u00f3n formidable. Acolchado extra grueso multicapa para m\u00e1xima protecci\u00f3n. Sistema de correa de doble direcci\u00f3n cruzada para un m\u00e1ximo apoyo y un rendimiento sorprendente, esta caracter\u00edstica garantiza el posicionamiento adecuado de la espinilla y te har\u00e1 sentir como las Shins est\u00e1n hechas a medida para adaptarse a ti.<br \/>\nY sentir\u00e1s total comodidad y seguridad cuando lleves las espinillas.<br \/>\nEspuma de alta densidad con acolchado adicional (espinilla y empeine) para una mayor absorci\u00f3n de impactos. Grandes correas de velcro para un ajuste antideslizante, fuerte sistema de cierre de velcro, c\u00f3moda correa ajustable, correas de velcro realmente seguras.<br \/>\n<\/p>\n","protected":false},"excerpt":{"rendered":"<p>Velo combinaci\u00f3n perfecta de rendimiento, elegante y comodidad Urban Warfare espinilleras ofrecen una incre\u00edble protecci\u00f3n para tu cuerpo, as\u00ed como un dise\u00f1o incre\u00edble.<br \/>\nLa espinillera profesional Velo fue creada para combinar los m\u00e1s altos est\u00e1ndares de comodidad posibles con los est\u00e1ndares de seguridad profesionales requeridos. Muay thai Boxing, MMA Professional Flex Leather Grappling Shin-Instep Guards han presentado paneles de espuma articulados sobre el tobillo y el empeine que proporcionan comodidad adicional y estructuras de rendimiento mejoradas con 100%. Esta combinaci\u00f3n de materiales de alta tecnolog\u00eda y tradicionales te ofrece comodidad y durabilidad y resistencia modernas.<br \/>\nEstos son de primera calidad, protectores hechos a mano de alta calidad, fabricados a partir de pieles seleccionadas de piel flexible con almohadillas de gel de membrana extra gruesas para una protecci\u00f3n formidable. Acolchado extra grueso multicapa para m\u00e1xima protecci\u00f3n. Sistema de correa de doble direcci\u00f3n cruzada para un m\u00e1ximo apoyo y un rendimiento sorprendente, esta caracter\u00edstica garantiza el posicionamiento adecuado de la espinilla y te har\u00e1 sentir como las Shins est\u00e1n hechas a medida para adaptarse a ti.<\/p>\n","protected":false},"featured_media":83102,"comment_status":"open","ping_status":"closed","template":"","meta":{"_kadence_starter_templates_imported_post":false,"_kad_post_transparent":"","_kad_post_title":"","_kad_post_layout":"","_kad_post_sidebar_id":"","_kad_post_content_style":"","_kad_post_vertical_padding":"","_kad_post_feature":"","_kad_post_feature_position":"","_kad_post_header":false,"_kad_post_footer":false},"product_brand":[],"product_cat":[493,421],"product_tag":[],"class_list":{"0":"post-83101","1":"product","2":"type-product","3":"status-publish","4":"has-post-thumbnail","6":"product_cat-espinilleras-mma","7":"product_cat-mma","8":"pa_brand-marca-velo","10":"first","11":"instock","12":"shipping-taxable","13":"purchasable","14":"product-type-simple","15":"entry","16":"content-bg","17":"loop-entry"},"_links":{"self":[{"href":"https:\/\/futllermo.com\/tienda\/wp-json\/wp\/v2\/product\/83101","targetHints":{"allow":["GET"]}}],"collection":[{"href":"https:\/\/futllermo.com\/tienda\/wp-json\/wp\/v2\/product"}],"about":[{"href":"https:\/\/futllermo.com\/tienda\/wp-json\/wp\/v2\/types\/product"}],"replies":[{"embeddable":true,"href":"https:\/\/futllermo.com\/tienda\/wp-json\/wp\/v2\/comments?post=83101"}],"wp:featuredmedia":[{"embeddable":true,"href":"https:\/\/futllermo.com\/tienda\/wp-json\/wp\/v2\/media\/83102"}],"wp:attachment":[{"href":"https:\/\/futllermo.com\/tienda\/wp-json\/wp\/v2\/media?parent=83101"}],"wp:term":[{"taxonomy":"product_brand","embeddable":true,"href":"https:\/\/futllermo.com\/tienda\/wp-json\/wp\/v2\/product_brand?post=83101"},{"taxonomy":"product_cat","embeddable":true,"href":"https:\/\/futllermo.com\/tienda\/wp-json\/wp\/v2\/product_cat?post=83101"},{"taxonomy":"product_tag","embeddable":true,"href":"https:\/\/futllermo.com\/tienda\/wp-json\/wp\/v2\/product_tag?post=83101"}],"curies":[{"name":"wp","href":"https:\/\/api.w.org\/{rel}","templated":true}]}}