{"id":83094,"date":"2021-01-13T12:34:58","date_gmt":"2021-01-13T12:34:58","guid":{"rendered":"https:\/\/futllermo.com\/tienda\/producto\/rdx-espinilleras-kick-boxing-para-artes-marciales-entrenamiento-maya-hide-cuero-muay-thai-almohadillas-piernas-equipo-de-proteccion-para-boxeo-karate-mma-sparring-bjj\/"},"modified":"2022-01-13T09:59:17","modified_gmt":"2022-01-13T09:59:17","slug":"rdx-espinilleras-kick-boxing-para-artes-marciales-entrenamiento-maya-hide-cuero-muay-thai-almohadillas-piernas-equipo-de-proteccion-para-boxeo-karate-mma-sparring-bjj","status":"publish","type":"product","link":"https:\/\/futllermo.com\/tienda\/producto\/rdx-espinilleras-kick-boxing-para-artes-marciales-entrenamiento-maya-hide-cuero-muay-thai-almohadillas-piernas-equipo-de-proteccion-para-boxeo-karate-mma-sparring-bjj\/","title":{"rendered":"RDX Espinilleras Kick Boxing Muay Thai MMA Protecci\u00f3n, Maya Hide Cuero Kara Espinilla Empeine Artes Marciales\u2026"},"content":{"rendered":"<p><!-- show up to 2 reviews by default --> <\/p>\n<p>Las nuevas y mejoradas espinilleras con empeine de la serie Kara de RDX se pueden emplear para todas las artes marciales y entrenamientos de kickboxing. La avanzada cubierta del empeine es ideal para aumentar la protecci\u00f3n del antepi\u00e9. El empeine est\u00e1 dise\u00f1ado para que se pueda introducir el pie y obtener una mayor protecci\u00f3n del mismo. El dise\u00f1o contorneado y envolvente de tres cuartos ofrece una mayor cobertura para todos los atletas, sin obstaculizar el movimiento o las patadas. Doble cierre por contacto en la parte posterior para un ajuste personalizado y sin deslizamientos en todo momento. <\/p>\n<p>CUERO ConvEX SKIN de MAYA HIDE para una durabilidad de alta calidad prolongada. Protecciones incre\u00edbles de alta tecnolog\u00eda para las espinillas y empeines. Dise\u00f1o contorneado y anat\u00f3mico para Muay Thai, MMA, boxeo, kickboxing, grappling y m\u00e1s.<br \/>\nMOLDE DE PU DE FUSI\u00d3N POLIGONAL para interrumpir la acci\u00f3n de los impactos. Absorbe casi todo el golpe para que el atleta reciba una presi\u00f3n menos impactante en sus espinillas.<br \/>\nCON UNA COBERTURA DE TRES CUARTOS, el dise\u00f1o contorneado ofrece una mayor cobertura para todos los atletas, sin limitar el movimiento o las patadas.<br \/>\nCIERRE POR CONTACTO QUICK-EZ como parte del sistema de correas el\u00e1sticas en la parte trasera, para brindar un ajuste personalizado sin deslizamientos en todo momento. El empeine est\u00e1 dise\u00f1ado para adaptarse a los pies y proveer una protecci\u00f3n adicional del empeine.<br \/>\nTELA INTERIOR TRINDA, ideal para realizar entrenamientos frescos, c\u00f3modos y secos. Las espumas ligeras en toda la espinilla, tobillo y empeine son resistentes a los impactos para un entrenamiento intenso.<br \/>\n<\/p>\n","protected":false},"excerpt":{"rendered":"<p>CUERO ConvEX SKIN de MAYA HIDE para una durabilidad de alta calidad prolongada. Protecciones incre\u00edbles de alta tecnolog\u00eda para las espinillas y empeines. Dise\u00f1o contorneado y anat\u00f3mico para Muay Thai, MMA, boxeo, kickboxing, grappling y m\u00e1s.<br \/>\nMOLDE DE PU DE FUSI\u00d3N POLIGONAL para interrumpir la acci\u00f3n de los impactos. Absorbe casi todo el golpe para que el atleta reciba una presi\u00f3n menos impactante en sus espinillas.<br \/>\nCON UNA COBERTURA DE TRES CUARTOS, el dise\u00f1o contorneado ofrece una mayor cobertura para todos los atletas, sin limitar el movimiento o las patadas.<\/p>\n","protected":false},"featured_media":83096,"comment_status":"open","ping_status":"closed","template":"","meta":{"_kadence_starter_templates_imported_post":false,"_kad_post_transparent":"","_kad_post_title":"","_kad_post_layout":"","_kad_post_sidebar_id":"","_kad_post_content_style":"","_kad_post_vertical_padding":"","_kad_post_feature":"","_kad_post_feature_position":"","_kad_post_header":false,"_kad_post_footer":false},"product_brand":[],"product_cat":[493,421],"product_tag":[],"class_list":{"0":"post-83094","1":"product","2":"type-product","3":"status-publish","4":"has-post-thumbnail","6":"product_cat-espinilleras-mma","7":"product_cat-mma","8":"pa_brand-visita-la-store-de-rdx","10":"first","11":"instock","12":"shipping-taxable","13":"purchasable","14":"product-type-simple","15":"entry","16":"content-bg","17":"loop-entry"},"_links":{"self":[{"href":"https:\/\/futllermo.com\/tienda\/wp-json\/wp\/v2\/product\/83094","targetHints":{"allow":["GET"]}}],"collection":[{"href":"https:\/\/futllermo.com\/tienda\/wp-json\/wp\/v2\/product"}],"about":[{"href":"https:\/\/futllermo.com\/tienda\/wp-json\/wp\/v2\/types\/product"}],"replies":[{"embeddable":true,"href":"https:\/\/futllermo.com\/tienda\/wp-json\/wp\/v2\/comments?post=83094"}],"wp:featuredmedia":[{"embeddable":true,"href":"https:\/\/futllermo.com\/tienda\/wp-json\/wp\/v2\/media\/83096"}],"wp:attachment":[{"href":"https:\/\/futllermo.com\/tienda\/wp-json\/wp\/v2\/media?parent=83094"}],"wp:term":[{"taxonomy":"product_brand","embeddable":true,"href":"https:\/\/futllermo.com\/tienda\/wp-json\/wp\/v2\/product_brand?post=83094"},{"taxonomy":"product_cat","embeddable":true,"href":"https:\/\/futllermo.com\/tienda\/wp-json\/wp\/v2\/product_cat?post=83094"},{"taxonomy":"product_tag","embeddable":true,"href":"https:\/\/futllermo.com\/tienda\/wp-json\/wp\/v2\/product_tag?post=83094"}],"curies":[{"name":"wp","href":"https:\/\/api.w.org\/{rel}","templated":true}]}}