{"id":83025,"date":"2021-01-13T12:33:21","date_gmt":"2021-01-13T12:33:21","guid":{"rendered":"https:\/\/futllermo.com\/tienda\/producto\/rdx-espinilleras-para-artes-marciales-mixtas\/"},"modified":"2022-01-13T09:59:15","modified_gmt":"2022-01-13T09:59:15","slug":"rdx-espinilleras-para-artes-marciales-mixtas","status":"publish","type":"product","link":"https:\/\/futllermo.com\/tienda\/producto\/rdx-espinilleras-para-artes-marciales-mixtas\/","title":{"rendered":"RDX &#8211; Espinilleras para artes marciales mixtas"},"content":{"rendered":"<p><!-- show up to 2 reviews by default --> <\/p>\n<p>RDX (certificado CE aprobado por SATRA- de investigaci\u00f3n l\u00edder mundial y an\u00e1lisis de laboratorio) Shin empeine caracterizado por la gesti\u00f3n Dri-Fit, el tejido sint\u00e9tico suave absorbe el sudor para mantenerte seco y c\u00f3modo. RDX Cross-over sistema de sujeci\u00f3n para proteger la almohadilla. La construcci\u00f3n de bajo perfil Shin est\u00e1 dise\u00f1ada para mantener las espinilleras firmemente en su lugar y ofrece una forma natural y segura en todo momento. RDX Pro guardie Lite Shin proporciona un ajuste optimizado. El manguito de compresi\u00f3n soporta reflujo de sangre en el centro del cuerpo y proporciona una herramienta de fijaci\u00f3n f\u00e1cil para la guardia. Cualquiera que haya soportado los choques variados y dolorosos que pueden ocurrir durante el sparring puede beneficiarse de protectores de empeine RDX de la espinilla. Relleno extra de fibra de carbono ligero que garantiza una \u00f3ptima durabilidad. Research y departamento de desarrollo han demostrado que dura aproximadamente un 30% m\u00e1s que las pastillas regulares. El RDX Shin Instep Protector tambi\u00e9n cuenta con una protecci\u00f3n larga del empeine que protege pr\u00e1cticamente todo el antepi\u00e9, estas guardias de primavera vuelven incluso despu\u00e9s de m\u00faltiples lavados. <\/p>\n<p>RDX Paratibia Caracterizado Dri-Fit-Humedad gesti\u00f3n con sint\u00e9tico suave (CE certificada aprobada por la SATRA)<br \/>\nRDX Cross-over &#8211; Sistema de cierre para proteger la almohadilla<br \/>\nRelleno extra ligero de fibra de carbono que garantiza una duraci\u00f3n \u00f3ptima en el tiempo.<br \/>\nLa construcci\u00f3n de perfil bajo Shin est\u00e1 dise\u00f1ada para contener espinilleras de forma segura.<br \/>\nEstos guardias de primavera vuelven incluso despu\u00e9s de m\u00faltiples lavados.<br \/>\n<\/p>\n","protected":false},"excerpt":{"rendered":"<p>RDX Paratibia Caracterizado Dri-Fit-Humedad gesti\u00f3n con sint\u00e9tico suave (CE certificada aprobada por la SATRA)<br \/>\nRDX Cross-over &#8211; Sistema de cierre para proteger la almohadilla<br \/>\nRelleno extra ligero de fibra de carbono que garantiza una duraci\u00f3n \u00f3ptima en el tiempo.<\/p>\n","protected":false},"featured_media":83027,"comment_status":"open","ping_status":"closed","template":"","meta":{"_kadence_starter_templates_imported_post":false,"_kad_post_transparent":"","_kad_post_title":"","_kad_post_layout":"","_kad_post_sidebar_id":"","_kad_post_content_style":"","_kad_post_vertical_padding":"","_kad_post_feature":"","_kad_post_feature_position":"","_kad_post_header":false,"_kad_post_footer":false},"product_brand":[],"product_cat":[493,421],"product_tag":[],"class_list":{"0":"post-83025","1":"product","2":"type-product","3":"status-publish","4":"has-post-thumbnail","6":"product_cat-espinilleras-mma","7":"product_cat-mma","8":"pa_brand-visita-la-store-de-rdx","10":"first","11":"instock","12":"shipping-taxable","13":"purchasable","14":"product-type-simple","15":"entry","16":"content-bg","17":"loop-entry"},"_links":{"self":[{"href":"https:\/\/futllermo.com\/tienda\/wp-json\/wp\/v2\/product\/83025","targetHints":{"allow":["GET"]}}],"collection":[{"href":"https:\/\/futllermo.com\/tienda\/wp-json\/wp\/v2\/product"}],"about":[{"href":"https:\/\/futllermo.com\/tienda\/wp-json\/wp\/v2\/types\/product"}],"replies":[{"embeddable":true,"href":"https:\/\/futllermo.com\/tienda\/wp-json\/wp\/v2\/comments?post=83025"}],"wp:featuredmedia":[{"embeddable":true,"href":"https:\/\/futllermo.com\/tienda\/wp-json\/wp\/v2\/media\/83027"}],"wp:attachment":[{"href":"https:\/\/futllermo.com\/tienda\/wp-json\/wp\/v2\/media?parent=83025"}],"wp:term":[{"taxonomy":"product_brand","embeddable":true,"href":"https:\/\/futllermo.com\/tienda\/wp-json\/wp\/v2\/product_brand?post=83025"},{"taxonomy":"product_cat","embeddable":true,"href":"https:\/\/futllermo.com\/tienda\/wp-json\/wp\/v2\/product_cat?post=83025"},{"taxonomy":"product_tag","embeddable":true,"href":"https:\/\/futllermo.com\/tienda\/wp-json\/wp\/v2\/product_tag?post=83025"}],"curies":[{"name":"wp","href":"https:\/\/api.w.org\/{rel}","templated":true}]}}