{"id":82845,"date":"2021-01-13T12:23:54","date_gmt":"2021-01-13T12:23:54","guid":{"rendered":"https:\/\/futllermo.com\/tienda\/producto\/starpro-t20-guantes-de-boxeo-cuero-de-pu-negro-blanco-rosa-y-azul-para-entrenamiento-y-sparring-en-muay-thai-kickboxing-fitness-y-boxercise-hombres-y-mujeres-8oz-10oz-12oz-14oz-16oz\/"},"modified":"2022-01-13T09:58:33","modified_gmt":"2022-01-13T09:58:33","slug":"starpro-t20-guantes-de-boxeo-cuero-de-pu-negro-blanco-rosa-y-azul-para-entrenamiento-y-sparring-en-muay-thai-kickboxing-fitness-y-boxercise-hombres-y-mujeres-8oz-10oz-12oz-14oz-16oz","status":"publish","type":"product","link":"https:\/\/futllermo.com\/tienda\/producto\/starpro-t20-guantes-de-boxeo-cuero-de-pu-negro-blanco-rosa-y-azul-para-entrenamiento-y-sparring-en-muay-thai-kickboxing-fitness-y-boxercise-hombres-y-mujeres-8oz-10oz-12oz-14oz-16oz\/","title":{"rendered":"Starpro T20 Guantes de Boxeo de Cuero de PU para Entrenamiento y Sparring en Muay Thai Kickboxing Fitness &#8211; Hombres y\u2026"},"content":{"rendered":"<p><!-- show up to 2 reviews by default --> <\/p>\n<p>Starpro: todos los dem\u00e1s son un compromiso. <\/p>\n<p>V-Tech &#8211; Guantes de boxeo <br \/>&#8211; Los guantes de entrenamiento Starpro V-Tech ofrecen una protecci\u00f3n adecuada. <br \/>&#8211; Comodidad y experiencia de entrenamiento necesaria. <br \/>&#8211; Lo que lo hace atractivo y \u00fanico es el dise\u00f1o en forma de V. <br \/>&#8211; Estos guantes de boxeo est\u00e1n moldeados por inyecci\u00f3n. <br \/>&#8211; Acolchado de espuma para protecci\u00f3n de boxeador. <br \/>&#8211; V-Tech guantes de entrenamiento son los guantes de boxeo avanzados. <br \/>&#8211; Especialmente dise\u00f1ado para mejorar la velocidad de impacto y el tiempo de respuesta de tu resistencia. <br \/>&#8211; Tiene un acolchado de espuma firme pero el\u00e1stico para tu mano que ofrece la m\u00e1xima protecci\u00f3n. <\/p>\n<p>Especificaciones t\u00e9cnicas: <br \/>&#8211; Los guantes de entrenamiento V-Tech est\u00e1n hechos de material similar a la piel de alta calidad y est\u00e1n forrados con tafet\u00e1n. <br \/>&#8211; La palma de malla Hydra Flow absorbe la humedad. <br \/>&#8211; Mantiene las manos secas durante las largas sesiones de entrenamiento. <br \/>&#8211; El guante se caracteriza por el llamativo dise\u00f1o en forma de V, disponible en varios colores. <\/p>\n<p>Tama\u00f1os: 8, 10, 12, 14 y 16 oz. <\/p>\n<p>Colores: blanco \/ negro, azul solar \/ blanco, rosa \/ blanco, azul marino \/ blanco, negro \/ blanco. <\/p>\n<p>\ud83e\udd4aCONSTRUCCI\u00d3N METICULOSA: todos los guantes de boxeo Starpro T20 est\u00e1n hechos a mano con PU certificado y forrados con forro de poli\u00e9ster de sudor para proporcionar comodidad y durabilidad contra el desgaste. Los guantes de boxeo T20 vienen en 4 opciones multicolores.<br \/>\n\ud83e\udd4aCHOQUE BLOQUEADO: Hecho con espuma de absorci\u00f3n de golpes moldeada por inyecci\u00f3n para proteger su mano y mu\u00f1eca durante las sesiones de entrenamiento. La espuma del guante distribuye la fuerza a trav\u00e9s del guante superior para reducir la fuerza de concentraci\u00f3n en la mu\u00f1eca, lo que reduce el riesgo de fracturas de mu\u00f1eca y otras lesiones por traumatismos de fuerza contundente.<br \/>\n\ud83e\udd4aINTUICI\u00d3N ERGON\u00d3MICA: la curva ergon\u00f3mica de la espuma superior est\u00e1 conformada para colocar intuitivamente la mano en un pu\u00f1o para reducir la tensi\u00f3n en el antebrazo al hacer y sostener un pu\u00f1o cerrado, por lo que golpear\u00e1 y entrenar\u00e1 con m\u00e1s fuerza por m\u00e1s tiempo.<br \/>\n\ud83e\udd4aFUERZA ANCLAJE: la barra de agarre Polymax mejora a\u00fan m\u00e1s el agarre y el cierre del pu\u00f1o al convertirse en un ancla para que su mano agarre, enganchando poderosamente el antebrazo para que pueda producir m\u00e1s fuerza al golpear.<br \/>\n\ud83e\udd4aHIPER-VENTILACI\u00d3N: la malla absorbente de sudor Hydra-Flow ventila el calor desde el interior del guante, mientras que el forro absorbente absorbe el sudor para mantener sus manos m\u00e1s fr\u00edas y sus guantes libres de olores para una sesi\u00f3n de entrenamiento m\u00e1s larga y c\u00f3moda.<br \/>\n<\/p>\n","protected":false},"excerpt":{"rendered":"<p>\ud83e\udd4aCONSTRUCCI\u00d3N METICULOSA: todos los guantes de boxeo Starpro T20 est\u00e1n hechos a mano con PU certificado y forrados con forro de poli\u00e9ster de sudor para proporcionar comodidad y durabilidad contra el desgaste. Los guantes de boxeo T20 vienen en 4 opciones multicolores.<br \/>\n\ud83e\udd4aCHOQUE BLOQUEADO: Hecho con espuma de absorci\u00f3n de golpes moldeada por inyecci\u00f3n para proteger su mano y mu\u00f1eca durante las sesiones de entrenamiento. La espuma del guante distribuye la fuerza a trav\u00e9s del guante superior para reducir la fuerza de concentraci\u00f3n en la mu\u00f1eca, lo que reduce el riesgo de fracturas de mu\u00f1eca y otras lesiones por traumatismos de fuerza contundente.<br \/>\n\ud83e\udd4aINTUICI\u00d3N ERGON\u00d3MICA: la curva ergon\u00f3mica de la espuma superior est\u00e1 conformada para colocar intuitivamente la mano en un pu\u00f1o para reducir la tensi\u00f3n en el antebrazo al hacer y sostener un pu\u00f1o cerrado, por lo que golpear\u00e1 y entrenar\u00e1 con m\u00e1s fuerza por m\u00e1s tiempo.<\/p>\n","protected":false},"featured_media":82846,"comment_status":"open","ping_status":"closed","template":"","meta":{"_kadence_starter_templates_imported_post":false,"_kad_post_transparent":"","_kad_post_title":"","_kad_post_layout":"","_kad_post_sidebar_id":"","_kad_post_content_style":"","_kad_post_vertical_padding":"","_kad_post_feature":"","_kad_post_feature_position":"","_kad_post_header":false,"_kad_post_footer":false},"product_brand":[],"product_cat":[492,421],"product_tag":[],"class_list":{"0":"post-82845","1":"product","2":"type-product","3":"status-publish","4":"has-post-thumbnail","6":"product_cat-guantes-de-boxeo","7":"product_cat-mma","8":"pa_brand-visita-la-store-de-starpro","10":"first","11":"instock","12":"shipping-taxable","13":"purchasable","14":"product-type-simple","15":"entry","16":"content-bg","17":"loop-entry"},"_links":{"self":[{"href":"https:\/\/futllermo.com\/tienda\/wp-json\/wp\/v2\/product\/82845","targetHints":{"allow":["GET"]}}],"collection":[{"href":"https:\/\/futllermo.com\/tienda\/wp-json\/wp\/v2\/product"}],"about":[{"href":"https:\/\/futllermo.com\/tienda\/wp-json\/wp\/v2\/types\/product"}],"replies":[{"embeddable":true,"href":"https:\/\/futllermo.com\/tienda\/wp-json\/wp\/v2\/comments?post=82845"}],"wp:featuredmedia":[{"embeddable":true,"href":"https:\/\/futllermo.com\/tienda\/wp-json\/wp\/v2\/media\/82846"}],"wp:attachment":[{"href":"https:\/\/futllermo.com\/tienda\/wp-json\/wp\/v2\/media?parent=82845"}],"wp:term":[{"taxonomy":"product_brand","embeddable":true,"href":"https:\/\/futllermo.com\/tienda\/wp-json\/wp\/v2\/product_brand?post=82845"},{"taxonomy":"product_cat","embeddable":true,"href":"https:\/\/futllermo.com\/tienda\/wp-json\/wp\/v2\/product_cat?post=82845"},{"taxonomy":"product_tag","embeddable":true,"href":"https:\/\/futllermo.com\/tienda\/wp-json\/wp\/v2\/product_tag?post=82845"}],"curies":[{"name":"wp","href":"https:\/\/api.w.org\/{rel}","templated":true}]}}