{"id":82842,"date":"2021-01-13T12:23:50","date_gmt":"2021-01-13T12:23:50","guid":{"rendered":"https:\/\/futllermo.com\/tienda\/producto\/leone-1947-flash-guantes-de-boxeo-unisex-para-adulto\/"},"modified":"2022-01-13T09:58:33","modified_gmt":"2022-01-13T09:58:33","slug":"leone-1947-flash-guantes-de-boxeo-unisex-para-adulto","status":"publish","type":"product","link":"https:\/\/futllermo.com\/tienda\/producto\/leone-1947-flash-guantes-de-boxeo-unisex-para-adulto\/","title":{"rendered":"Leone 1947 &#8211;\u00a0Flash &#8211; Guantes de boxeo unisex para adulto"},"content":{"rendered":"<div class=\"disclaim\"> Tama\u00f1o:<strong>10 Oz<\/strong> | Color:<strong>amarillo<\/strong> <\/div>\n<p> <!-- show up to 2 reviews by default --> <\/p>\n<p>Dise\u00f1o cautivador y decidido para el guante Le\u00f3n flash. Dise\u00f1ado para proporcionar un excelente equilibrio entre est\u00e9tica y funcionalidad, la espuma extra-protettiva aumenta la absorci\u00f3n del sudor durante las sesiones de entrenamiento. <\/p>\n<p>Guantes de boxeo en sint\u00e9tico perfectos para todos los j\u00f3venes Fighters que deciden de comenzar la pr\u00e1ctica de los deportes de ring<br \/>\nExcelente relaci\u00f3n calidad\/precio<br \/>\nUso regular: para aquellos que se acerca a la pr\u00e1ctica de los deportes de ring o se entrenamiento con frecuencia moderada<br \/>\n<\/p>\n","protected":false},"excerpt":{"rendered":"<p>Guantes de boxeo en sint\u00e9tico perfectos para todos los j\u00f3venes Fighters que deciden de comenzar la pr\u00e1ctica de los deportes de ring<br \/>\nExcelente relaci\u00f3n calidad\/precio<br \/>\nUso regular: para aquellos que se acerca a la pr\u00e1ctica de los deportes de ring o se entrenamiento con frecuencia moderada<\/p>\n","protected":false},"featured_media":82843,"comment_status":"open","ping_status":"closed","template":"","meta":{"_kadence_starter_templates_imported_post":false,"_kad_post_transparent":"","_kad_post_title":"","_kad_post_layout":"","_kad_post_sidebar_id":"","_kad_post_content_style":"","_kad_post_vertical_padding":"","_kad_post_feature":"","_kad_post_feature_position":"","_kad_post_header":false,"_kad_post_footer":false},"product_brand":[],"product_cat":[492,421],"product_tag":[],"class_list":{"0":"post-82842","1":"product","2":"type-product","3":"status-publish","4":"has-post-thumbnail","6":"product_cat-guantes-de-boxeo","7":"product_cat-mma","8":"pa_brand-marca-leone-1947","10":"first","11":"instock","12":"shipping-taxable","13":"purchasable","14":"product-type-simple","15":"entry","16":"content-bg","17":"loop-entry"},"_links":{"self":[{"href":"https:\/\/futllermo.com\/tienda\/wp-json\/wp\/v2\/product\/82842","targetHints":{"allow":["GET"]}}],"collection":[{"href":"https:\/\/futllermo.com\/tienda\/wp-json\/wp\/v2\/product"}],"about":[{"href":"https:\/\/futllermo.com\/tienda\/wp-json\/wp\/v2\/types\/product"}],"replies":[{"embeddable":true,"href":"https:\/\/futllermo.com\/tienda\/wp-json\/wp\/v2\/comments?post=82842"}],"wp:featuredmedia":[{"embeddable":true,"href":"https:\/\/futllermo.com\/tienda\/wp-json\/wp\/v2\/media\/82843"}],"wp:attachment":[{"href":"https:\/\/futllermo.com\/tienda\/wp-json\/wp\/v2\/media?parent=82842"}],"wp:term":[{"taxonomy":"product_brand","embeddable":true,"href":"https:\/\/futllermo.com\/tienda\/wp-json\/wp\/v2\/product_brand?post=82842"},{"taxonomy":"product_cat","embeddable":true,"href":"https:\/\/futllermo.com\/tienda\/wp-json\/wp\/v2\/product_cat?post=82842"},{"taxonomy":"product_tag","embeddable":true,"href":"https:\/\/futllermo.com\/tienda\/wp-json\/wp\/v2\/product_tag?post=82842"}],"curies":[{"name":"wp","href":"https:\/\/api.w.org\/{rel}","templated":true}]}}