{"id":82811,"date":"2021-01-13T12:23:08","date_gmt":"2021-01-13T12:23:08","guid":{"rendered":"https:\/\/futllermo.com\/tienda\/producto\/leone-1947-guantes-de-boxeo-maori-guantes-de-boxeo\/"},"modified":"2022-01-13T09:58:32","modified_gmt":"2022-01-13T09:58:32","slug":"leone-1947-guantes-de-boxeo-maori-guantes-de-boxeo","status":"publish","type":"product","link":"https:\/\/futllermo.com\/tienda\/producto\/leone-1947-guantes-de-boxeo-maori-guantes-de-boxeo\/","title":{"rendered":"LEONE 1947 Guanti Boxe Maori Guantes, Unisex Adulto"},"content":{"rendered":"<p><!-- show up to 2 reviews by default --> <\/p>\n<p>El dise\u00f1o caracter\u00edstico del guante maori es una segunda piel para los atletas m\u00e1s duros. Los agujeros en la palma permiten un mejor flujo de aire para la mano y el acolchado de poliuretano absorbe de forma excelente los golpes de rotura. <\/p>\n<p>Relleno de poliuretano para una mejor absorci\u00f3n de los golpes.<br \/>\nDise\u00f1o caracter\u00edstico de Maori<br \/>\nForro interior transpirable.<br \/>\n<\/p>\n","protected":false},"excerpt":{"rendered":"<p>Relleno de poliuretano para una mejor absorci\u00f3n de los golpes.<br \/>\nDise\u00f1o caracter\u00edstico de Maori<br \/>\nForro interior transpirable.<\/p>\n","protected":false},"featured_media":82813,"comment_status":"open","ping_status":"closed","template":"","meta":{"_kadence_starter_templates_imported_post":false,"_kad_post_transparent":"","_kad_post_title":"","_kad_post_layout":"","_kad_post_sidebar_id":"","_kad_post_content_style":"","_kad_post_vertical_padding":"","_kad_post_feature":"","_kad_post_feature_position":"","_kad_post_header":false,"_kad_post_footer":false},"product_brand":[],"product_cat":[492,421],"product_tag":[],"class_list":{"0":"post-82811","1":"product","2":"type-product","3":"status-publish","4":"has-post-thumbnail","6":"product_cat-guantes-de-boxeo","7":"product_cat-mma","8":"pa_brand-marca-leone-1947","10":"first","11":"instock","12":"shipping-taxable","13":"purchasable","14":"product-type-simple","15":"entry","16":"content-bg","17":"loop-entry"},"_links":{"self":[{"href":"https:\/\/futllermo.com\/tienda\/wp-json\/wp\/v2\/product\/82811","targetHints":{"allow":["GET"]}}],"collection":[{"href":"https:\/\/futllermo.com\/tienda\/wp-json\/wp\/v2\/product"}],"about":[{"href":"https:\/\/futllermo.com\/tienda\/wp-json\/wp\/v2\/types\/product"}],"replies":[{"embeddable":true,"href":"https:\/\/futllermo.com\/tienda\/wp-json\/wp\/v2\/comments?post=82811"}],"wp:featuredmedia":[{"embeddable":true,"href":"https:\/\/futllermo.com\/tienda\/wp-json\/wp\/v2\/media\/82813"}],"wp:attachment":[{"href":"https:\/\/futllermo.com\/tienda\/wp-json\/wp\/v2\/media?parent=82811"}],"wp:term":[{"taxonomy":"product_brand","embeddable":true,"href":"https:\/\/futllermo.com\/tienda\/wp-json\/wp\/v2\/product_brand?post=82811"},{"taxonomy":"product_cat","embeddable":true,"href":"https:\/\/futllermo.com\/tienda\/wp-json\/wp\/v2\/product_cat?post=82811"},{"taxonomy":"product_tag","embeddable":true,"href":"https:\/\/futllermo.com\/tienda\/wp-json\/wp\/v2\/product_tag?post=82811"}],"curies":[{"name":"wp","href":"https:\/\/api.w.org\/{rel}","templated":true}]}}