{"id":82572,"date":"2021-01-13T11:51:07","date_gmt":"2021-01-13T11:51:07","guid":{"rendered":"https:\/\/futllermo.com\/tienda\/producto\/champions-city-kit-personalizable-camiseta-y-pantalon-infantil-primera-equipacion-real-madrid-replica-autorizada\/"},"modified":"2022-01-13T09:58:27","modified_gmt":"2022-01-13T09:58:27","slug":"champions-city-kit-personalizable-camiseta-y-pantalon-infantil-primera-equipacion-real-madrid-replica-autorizada","status":"publish","type":"product","link":"https:\/\/futllermo.com\/tienda\/producto\/champions-city-kit-personalizable-camiseta-y-pantalon-infantil-primera-equipacion-real-madrid-replica-autorizada\/","title":{"rendered":"Champion&#8217;s City Kit &#8211; Personalizable &#8211; Camiseta y Pantal\u00f3n Infantil Primera Equipaci\u00f3n &#8211; Real Madrid &#8211; R\u00e9plica\u2026"},"content":{"rendered":"<p>Personalizable con Nombre y N\u00famero &#8211; Color Dorado y Fuente Originales<br \/>\nProducto fabricado bajo licencia Real Madrid<br \/>\nCamiseta y Pantal\u00f3n Blanco con una raya dorada<br \/>\nEscudo Real Madrid en Colores Originales Estampado<br \/>\n<\/p>\n","protected":false},"excerpt":{"rendered":"<p>Personalizable con Nombre y N\u00famero &#8211; Color Dorado y Fuente Originales<br \/>\nProducto fabricado bajo licencia Real Madrid<br \/>\nCamiseta y Pantal\u00f3n Blanco con una raya dorada<\/p>\n","protected":false},"featured_media":82532,"comment_status":"open","ping_status":"closed","template":"","meta":{"_kadence_starter_templates_imported_post":false,"_kad_post_transparent":"","_kad_post_title":"","_kad_post_layout":"","_kad_post_sidebar_id":"","_kad_post_content_style":"","_kad_post_vertical_padding":"","_kad_post_feature":"","_kad_post_feature_position":"","_kad_post_header":false,"_kad_post_footer":false},"product_brand":[],"product_cat":[450,454],"product_tag":[],"class_list":{"0":"post-82572","1":"product","2":"type-product","3":"status-publish","4":"has-post-thumbnail","6":"product_cat-futbol","7":"product_cat-real-madrid","8":"pa_brand-marca-champions-city","10":"first","11":"instock","12":"shipping-taxable","13":"purchasable","14":"product-type-simple","15":"entry","16":"content-bg","17":"loop-entry"},"_links":{"self":[{"href":"https:\/\/futllermo.com\/tienda\/wp-json\/wp\/v2\/product\/82572","targetHints":{"allow":["GET"]}}],"collection":[{"href":"https:\/\/futllermo.com\/tienda\/wp-json\/wp\/v2\/product"}],"about":[{"href":"https:\/\/futllermo.com\/tienda\/wp-json\/wp\/v2\/types\/product"}],"replies":[{"embeddable":true,"href":"https:\/\/futllermo.com\/tienda\/wp-json\/wp\/v2\/comments?post=82572"}],"wp:featuredmedia":[{"embeddable":true,"href":"https:\/\/futllermo.com\/tienda\/wp-json\/wp\/v2\/media\/82532"}],"wp:attachment":[{"href":"https:\/\/futllermo.com\/tienda\/wp-json\/wp\/v2\/media?parent=82572"}],"wp:term":[{"taxonomy":"product_brand","embeddable":true,"href":"https:\/\/futllermo.com\/tienda\/wp-json\/wp\/v2\/product_brand?post=82572"},{"taxonomy":"product_cat","embeddable":true,"href":"https:\/\/futllermo.com\/tienda\/wp-json\/wp\/v2\/product_cat?post=82572"},{"taxonomy":"product_tag","embeddable":true,"href":"https:\/\/futllermo.com\/tienda\/wp-json\/wp\/v2\/product_tag?post=82572"}],"curies":[{"name":"wp","href":"https:\/\/api.w.org\/{rel}","templated":true}]}}