{"id":82348,"date":"2021-01-13T11:10:12","date_gmt":"2021-01-13T11:10:12","guid":{"rendered":"https:\/\/futllermo.com\/tienda\/producto\/puma-manchester-city-temporada-2020-21-away-shirt-replica-ss-jr-with-spon-camiseta-segunda-equipacion-ninos\/"},"modified":"2022-01-13T09:57:26","modified_gmt":"2022-01-13T09:57:26","slug":"puma-manchester-city-temporada-2020-21-away-shirt-replica-ss-jr-with-spon-camiseta-segunda-equipacion-ninos","status":"publish","type":"product","link":"https:\/\/futllermo.com\/tienda\/producto\/puma-manchester-city-temporada-2020-21-away-shirt-replica-ss-jr-with-spon-camiseta-segunda-equipacion-ninos\/","title":{"rendered":"PUMA Manchester City Temporada 2020\/21 &#8211; Away Shirt Replica SS Jr with Spon Camiseta Segunda Equipaci\u00f3n Ni\u00f1os"},"content":{"rendered":"<p><!-- show up to 2 reviews by default --> <\/p>\n<p>Inspirada en el hist\u00f3rico distrito de Castlefield y los canales de M\u00e1nchester, la 2.\u00aa equipaci\u00f3n de esta temporada concentra toda la energ\u00eda y la intensidad del emblem\u00e1tico equipo brit\u00e1nico en un llamativo dise\u00f1o. Esta camiseta de la 2.\u00aa equipaci\u00f3n forma parte de la colecci\u00f3n de r\u00e9plica oficial y luce en el pecho el ic\u00f3nico escudo del equipo y la cl\u00e1sica marca PUMA. &#8211; Corte normal &#8211; Medio cuello en V acanalado &#8211; Combinaci\u00f3n con Formstrip PUMA en los hombros y el panel trasero &#8211; Escudo oficial del Manchester City en relieve en la parte izquierda del pecho &#8211; Logotipo del PUMA en la parte derecha del pecho y en ambas mangas &#8211; Marca denominativa \u00abManchester City\u00bb en la parte trasera del cuello &#8211; Logotipo de ETIHAD en la parte frontal &#8211; Tejido texturizado &#8211; Poli\u00e9ster 100 % <\/p>\n<p>Corte normal<br \/>\nMedio cuello en V acanalado<br \/>\n100% Poli\u00e9ster, 100% Poli\u00e9ster<br \/>\nMcfc Away Shirt Replica Ss Jr With Sponsor Logo<br \/>\nCombinaci\u00f3n con Formstrip PUMA en los hombros y el panel trasero<br \/>\nEscudo oficial del Manchester City en relieve en la parte izquierda del pecho<br \/>\nLogotipo del PUMA en la parte derecha del pecho y en ambas mangas<br \/>\n<\/p>\n","protected":false},"excerpt":{"rendered":"<p>Corte normal<br \/>\nMedio cuello en V acanalado<br \/>\n100% Poli\u00e9ster, 100% Poli\u00e9ster<\/p>\n","protected":false},"featured_media":82350,"comment_status":"open","ping_status":"closed","template":"","meta":{"_kadence_starter_templates_imported_post":false,"_kad_post_transparent":"","_kad_post_title":"","_kad_post_layout":"","_kad_post_sidebar_id":"","_kad_post_content_style":"","_kad_post_vertical_padding":"","_kad_post_feature":"","_kad_post_feature_position":"","_kad_post_header":false,"_kad_post_footer":false},"product_brand":[],"product_cat":[450,451],"product_tag":[],"class_list":{"0":"post-82348","1":"product","2":"type-product","3":"status-publish","4":"has-post-thumbnail","6":"product_cat-futbol","7":"product_cat-camisetas","8":"pa_brand-marca-puma","10":"first","11":"instock","12":"shipping-taxable","13":"purchasable","14":"product-type-simple","15":"entry","16":"content-bg","17":"loop-entry"},"_links":{"self":[{"href":"https:\/\/futllermo.com\/tienda\/wp-json\/wp\/v2\/product\/82348","targetHints":{"allow":["GET"]}}],"collection":[{"href":"https:\/\/futllermo.com\/tienda\/wp-json\/wp\/v2\/product"}],"about":[{"href":"https:\/\/futllermo.com\/tienda\/wp-json\/wp\/v2\/types\/product"}],"replies":[{"embeddable":true,"href":"https:\/\/futllermo.com\/tienda\/wp-json\/wp\/v2\/comments?post=82348"}],"wp:featuredmedia":[{"embeddable":true,"href":"https:\/\/futllermo.com\/tienda\/wp-json\/wp\/v2\/media\/82350"}],"wp:attachment":[{"href":"https:\/\/futllermo.com\/tienda\/wp-json\/wp\/v2\/media?parent=82348"}],"wp:term":[{"taxonomy":"product_brand","embeddable":true,"href":"https:\/\/futllermo.com\/tienda\/wp-json\/wp\/v2\/product_brand?post=82348"},{"taxonomy":"product_cat","embeddable":true,"href":"https:\/\/futllermo.com\/tienda\/wp-json\/wp\/v2\/product_cat?post=82348"},{"taxonomy":"product_tag","embeddable":true,"href":"https:\/\/futllermo.com\/tienda\/wp-json\/wp\/v2\/product_tag?post=82348"}],"curies":[{"name":"wp","href":"https:\/\/api.w.org\/{rel}","templated":true}]}}