{"id":82256,"date":"2021-01-13T11:07:25","date_gmt":"2021-01-13T11:07:25","guid":{"rendered":"https:\/\/futllermo.com\/tienda\/producto\/ssc-napoli-maglia-replica-home-2019-2020-camiseta-de-juego-hombre\/"},"modified":"2024-10-24T11:51:40","modified_gmt":"2024-10-24T11:51:40","slug":"ssc-napoli-maglia-replica-home-2019-2020-camiseta-de-juego-hombre","status":"publish","type":"product","link":"https:\/\/futllermo.com\/tienda\/producto\/ssc-napoli-maglia-replica-home-2019-2020-camiseta-de-juego-hombre\/","title":{"rendered":"SSC NAPOLI Maglia Replica Home 2019\/2020 &#8211; Camiseta De Juego Hombre"},"content":{"rendered":"<p><!-- show up to 2 reviews by default --> <\/p>\n<p>Camiseta de juego del SSC N\u00e1poles, para la temporada 19\/20. <\/p>\n<p>R\u00e9plica oficial de camiseta de primera equipaci\u00f3n para hombre KOMBAT realizada en tejido interlock CORTE REGULAR<br \/>\nManga corta ragl\u00e1n, cuello redondo, dise\u00f1o mediante impresi\u00f3n por sublimaci\u00f3n<br \/>\nManga corta<br \/>\nLogotipos de Omini en las mangas, patrocinadores, leyenda de SSC Napoli en la parte posterior mediante impresi\u00f3n por sublimaci\u00f3n y parche de logotipo del equipo bordado en el pecho en tejido jacquard<br \/>\n<\/p>\n","protected":false},"excerpt":{"rendered":"<p>R\u00e9plica oficial de camiseta de primera equipaci\u00f3n para hombre KOMBAT realizada en tejido interlock CORTE REGULAR<br \/>\nManga corta ragl\u00e1n, cuello redondo, dise\u00f1o mediante impresi\u00f3n por sublimaci\u00f3n<br \/>\nManga corta<\/p>\n","protected":false},"featured_media":82257,"comment_status":"open","ping_status":"closed","template":"","meta":{"_kadence_starter_templates_imported_post":false,"_kad_post_transparent":"","_kad_post_title":"","_kad_post_layout":"","_kad_post_sidebar_id":"","_kad_post_content_style":"","_kad_post_vertical_padding":"","_kad_post_feature":"","_kad_post_feature_position":"","_kad_post_header":false,"_kad_post_footer":false},"product_brand":[],"product_cat":[450,451],"product_tag":[],"class_list":{"0":"post-82256","1":"product","2":"type-product","3":"status-publish","4":"has-post-thumbnail","6":"product_cat-futbol","7":"product_cat-camisetas","8":"pa_brand-marca-ssc-napoli","10":"first","11":"instock","12":"shipping-taxable","13":"purchasable","14":"product-type-simple","15":"entry","16":"content-bg","17":"loop-entry"},"_links":{"self":[{"href":"https:\/\/futllermo.com\/tienda\/wp-json\/wp\/v2\/product\/82256","targetHints":{"allow":["GET"]}}],"collection":[{"href":"https:\/\/futllermo.com\/tienda\/wp-json\/wp\/v2\/product"}],"about":[{"href":"https:\/\/futllermo.com\/tienda\/wp-json\/wp\/v2\/types\/product"}],"replies":[{"embeddable":true,"href":"https:\/\/futllermo.com\/tienda\/wp-json\/wp\/v2\/comments?post=82256"}],"wp:featuredmedia":[{"embeddable":true,"href":"https:\/\/futllermo.com\/tienda\/wp-json\/wp\/v2\/media\/82257"}],"wp:attachment":[{"href":"https:\/\/futllermo.com\/tienda\/wp-json\/wp\/v2\/media?parent=82256"}],"wp:term":[{"taxonomy":"product_brand","embeddable":true,"href":"https:\/\/futllermo.com\/tienda\/wp-json\/wp\/v2\/product_brand?post=82256"},{"taxonomy":"product_cat","embeddable":true,"href":"https:\/\/futllermo.com\/tienda\/wp-json\/wp\/v2\/product_cat?post=82256"},{"taxonomy":"product_tag","embeddable":true,"href":"https:\/\/futllermo.com\/tienda\/wp-json\/wp\/v2\/product_tag?post=82256"}],"curies":[{"name":"wp","href":"https:\/\/api.w.org\/{rel}","templated":true}]}}