{"id":82207,"date":"2021-01-13T11:06:05","date_gmt":"2021-01-13T11:06:05","guid":{"rendered":"https:\/\/futllermo.com\/tienda\/producto\/zhaojiexiaodian-uniforme-de-futbol-de-manga-larga-primavera-y-otono-camiseta-deportiva-para-adultos-traje-de-entrenamiento-traje-de-competicion\/"},"modified":"2022-01-13T09:57:23","modified_gmt":"2022-01-13T09:57:23","slug":"zhaojiexiaodian-uniforme-de-futbol-de-manga-larga-primavera-y-otono-camiseta-deportiva-para-adultos-traje-de-entrenamiento-traje-de-competicion","status":"publish","type":"product","link":"https:\/\/futllermo.com\/tienda\/producto\/zhaojiexiaodian-uniforme-de-futbol-de-manga-larga-primavera-y-otono-camiseta-deportiva-para-adultos-traje-de-entrenamiento-traje-de-competicion\/","title":{"rendered":"zhaojiexiaodian Uniforme de f\u00fatbol de manga larga, primavera y oto\u00f1o, camiseta deportiva para adultos, traje de\u2026"},"content":{"rendered":"<p><!-- show up to 2 reviews by default --> <\/p>\n<p>Tejido suave para un tacto c\u00f3modo, ligero y c\u00f3modo para la piel<br \/>Absorbe la humedad y aporta una experiencia deportiva refrescante, seca y c\u00f3moda<br \/>Adem\u00e1s de ser una camiseta de f\u00fatbol, tambi\u00e9n puedes jugar baloncesto, tenis, correr, montar en bicicleta, escalar o practicar surf. En verano y oto\u00f1o, experimentar\u00e1 las emociones inesperadas del ejercicio diario, el ejercicio f\u00edsico, el f\u00fatbol o la primavera y cualquier otro deporte al aire libre en interiores<br \/>Ideal para pieles sensibles, anti-fading y anti-pilling; Lavar a m\u00e1quina en fr\u00edo No blanquear, secar el tambor, retirar a tiempo. Colgar el hierro caliente seco tiene un efecto antibacteriano <\/p>\n<p>\u25b6 Ropa deportiva para hombre, confeccionada con tejidos de punto de alta calidad para mantenerte abrigado y c\u00f3modo.<br \/>\n\u25b6 Seca r\u00e1pidamente y absorbe la humedad. Limpie el sudor de la piel y mant\u00e9ngala seca y c\u00f3moda durante todo el d\u00eda.<br \/>\nLavar a mano y lavar a m\u00e1quina.<br \/>\nManga larga<br \/>\n\u25b6 algod\u00f3n<br \/>\n\u25b6 Una buena tecnolog\u00eda de costura puede garantizar que incluso el ejercicio de alta intensidad no rompa la l\u00ednea de pliegue, muy duradero<br \/>\n\u25b6 La estructura el\u00e1stica en 4 direcciones mejora la movilidad en cualquier direcci\u00f3n, mostrando perfectamente los m\u00fasculos y el cuerpo.<br \/>\n\u25b6 En primavera, verano y oto\u00f1o, es muy adecuado para el ejercicio diario, fitness, ciclismo, baloncesto, f\u00fatbol o cualquier otro deporte interior al aire libre.<br \/>\n<\/p>\n","protected":false},"excerpt":{"rendered":"<p>\u25b6 Ropa deportiva para hombre, confeccionada con tejidos de punto de alta calidad para mantenerte abrigado y c\u00f3modo.<br \/>\n\u25b6 Seca r\u00e1pidamente y absorbe la humedad. Limpie el sudor de la piel y mant\u00e9ngala seca y c\u00f3moda durante todo el d\u00eda.<br \/>\nLavar a mano y lavar a m\u00e1quina.<\/p>\n","protected":false},"featured_media":82208,"comment_status":"open","ping_status":"closed","template":"","meta":{"_kadence_starter_templates_imported_post":false,"_kad_post_transparent":"","_kad_post_title":"","_kad_post_layout":"","_kad_post_sidebar_id":"","_kad_post_content_style":"","_kad_post_vertical_padding":"","_kad_post_feature":"","_kad_post_feature_position":"","_kad_post_header":false,"_kad_post_footer":false},"product_brand":[],"product_cat":[450,451],"product_tag":[],"class_list":{"0":"post-82207","1":"product","2":"type-product","3":"status-publish","4":"has-post-thumbnail","6":"product_cat-futbol","7":"product_cat-camisetas","8":"pa_brand-marca-zhaojiexiaodian","10":"first","11":"instock","12":"shipping-taxable","13":"purchasable","14":"product-type-simple","15":"entry","16":"content-bg","17":"loop-entry"},"_links":{"self":[{"href":"https:\/\/futllermo.com\/tienda\/wp-json\/wp\/v2\/product\/82207","targetHints":{"allow":["GET"]}}],"collection":[{"href":"https:\/\/futllermo.com\/tienda\/wp-json\/wp\/v2\/product"}],"about":[{"href":"https:\/\/futllermo.com\/tienda\/wp-json\/wp\/v2\/types\/product"}],"replies":[{"embeddable":true,"href":"https:\/\/futllermo.com\/tienda\/wp-json\/wp\/v2\/comments?post=82207"}],"wp:featuredmedia":[{"embeddable":true,"href":"https:\/\/futllermo.com\/tienda\/wp-json\/wp\/v2\/media\/82208"}],"wp:attachment":[{"href":"https:\/\/futllermo.com\/tienda\/wp-json\/wp\/v2\/media?parent=82207"}],"wp:term":[{"taxonomy":"product_brand","embeddable":true,"href":"https:\/\/futllermo.com\/tienda\/wp-json\/wp\/v2\/product_brand?post=82207"},{"taxonomy":"product_cat","embeddable":true,"href":"https:\/\/futllermo.com\/tienda\/wp-json\/wp\/v2\/product_cat?post=82207"},{"taxonomy":"product_tag","embeddable":true,"href":"https:\/\/futllermo.com\/tienda\/wp-json\/wp\/v2\/product_tag?post=82207"}],"curies":[{"name":"wp","href":"https:\/\/api.w.org\/{rel}","templated":true}]}}