{"id":82100,"date":"2021-01-13T11:01:26","date_gmt":"2021-01-13T11:01:26","guid":{"rendered":"https:\/\/futllermo.com\/tienda\/producto\/adidas-kaiser-5-team-botas-de-futbol-hombre\/"},"modified":"2022-01-13T09:57:21","modified_gmt":"2022-01-13T09:57:21","slug":"adidas-kaiser-5-team-botas-de-futbol-hombre","status":"publish","type":"product","link":"https:\/\/futllermo.com\/tienda\/producto\/adidas-kaiser-5-team-botas-de-futbol-hombre\/","title":{"rendered":"Adidas Kaiser 5 Team Botas de f\u00fatbol hombre, Negro,"},"content":{"rendered":"<p><!-- show up to 2 reviews by default --> <\/p>\n<p>El equipo Adidas Kaiser 5 para hombres es el hermano peque\u00f1o del Mundial con una suela de goma especialmente dise\u00f1ada para campos duros y c\u00e9sped artificial. El zapato de piel suave de grano completo tiene una plantilla y entresuela de EVA para un peso ligero, amortiguaci\u00f3n \u00f3ptima y un ajuste perfecto. El material exterior de piel proporciona un buen ajuste y una sensaci\u00f3n \u00f3ptima. Forro sint\u00e9tico duradero para una mayor comodidad. Plantilla de EVA en relieve para una comodidad superligera. Entresuela de EVA preformada y ligera para una excelente amortiguaci\u00f3n y amortiguaci\u00f3n de impactos. Suela de goma especial para uso en campos duros y c\u00e9sped artificial. Instrucciones de cuidado: qu\u00edtate las plantillas de tus zapatos durante la limpieza para eliminar el olor. En caso de fuerte olor, esparcir una peque\u00f1a cantidad de bicarbonato de sodio en polvo de contraste. 3 rayas, ribete y leng\u00fceta para el tal\u00f3n. Disuelve un detergente ecol\u00f3gico en un poco de agua caliente y elimina las manchas de la tela con un pa\u00f1o y la soluci\u00f3n de jab\u00f3n frotando ligeramente. <\/p>\n<p>As\u00ed que midas lo correcto. <\/p>\n<p>Coloca una hoja de papel en el suelo para que un extremo quede pegado a la pared. Coloca el tal\u00f3n a la pared sobre el papel. <\/p>\n<p>Marca el lugar donde terminan los dedos de los pies con un l\u00e1piz. Lo mismo haces con el otro pie. Es m\u00e1s f\u00e1cil si alguien ayuda <\/p>\n<p>Para ambos pies, la distancia entre el dedo gordo y el tal\u00f3n. Compara el valor de medici\u00f3n m\u00e1s grande con nuestra tabla de tallas. <\/p>\n<\/p>\n<p>Material exterior: Cuero<br \/>\nRevestimiento: Tela<br \/>\nMaterial de la suela: Goma<br \/>\nCierre: Cordones<br \/>\nComposici\u00f3n: Compuesto<br \/>\nTipo de talla: Precio mnimo en los 30 das previos a la oferta: 80<br \/>\nDi\u00e1metro de eje: Normale<br \/>\nAnchura del zapato: Normal<br \/>\n<\/p>\n","protected":false},"excerpt":{"rendered":"<p>Material exterior: Cuero<br \/>\nRevestimiento: Tela<br \/>\nMaterial de la suela: Goma<\/p>\n","protected":false},"featured_media":81684,"comment_status":"open","ping_status":"closed","template":"","meta":{"_kadence_starter_templates_imported_post":false,"_kad_post_transparent":"","_kad_post_title":"","_kad_post_layout":"","_kad_post_sidebar_id":"","_kad_post_content_style":"","_kad_post_vertical_padding":"","_kad_post_feature":"","_kad_post_feature_position":"","_kad_post_header":false,"_kad_post_footer":false},"product_brand":[],"product_cat":[450],"product_tag":[],"class_list":{"0":"post-82100","1":"product","2":"type-product","3":"status-publish","4":"has-post-thumbnail","6":"product_cat-futbol","7":"pa_brand-visita-la-store-de-adidas","9":"first","10":"instock","11":"shipping-taxable","12":"purchasable","13":"product-type-simple","14":"entry","15":"content-bg","16":"loop-entry"},"_links":{"self":[{"href":"https:\/\/futllermo.com\/tienda\/wp-json\/wp\/v2\/product\/82100","targetHints":{"allow":["GET"]}}],"collection":[{"href":"https:\/\/futllermo.com\/tienda\/wp-json\/wp\/v2\/product"}],"about":[{"href":"https:\/\/futllermo.com\/tienda\/wp-json\/wp\/v2\/types\/product"}],"replies":[{"embeddable":true,"href":"https:\/\/futllermo.com\/tienda\/wp-json\/wp\/v2\/comments?post=82100"}],"wp:featuredmedia":[{"embeddable":true,"href":"https:\/\/futllermo.com\/tienda\/wp-json\/wp\/v2\/media\/81684"}],"wp:attachment":[{"href":"https:\/\/futllermo.com\/tienda\/wp-json\/wp\/v2\/media?parent=82100"}],"wp:term":[{"taxonomy":"product_brand","embeddable":true,"href":"https:\/\/futllermo.com\/tienda\/wp-json\/wp\/v2\/product_brand?post=82100"},{"taxonomy":"product_cat","embeddable":true,"href":"https:\/\/futllermo.com\/tienda\/wp-json\/wp\/v2\/product_cat?post=82100"},{"taxonomy":"product_tag","embeddable":true,"href":"https:\/\/futllermo.com\/tienda\/wp-json\/wp\/v2\/product_tag?post=82100"}],"curies":[{"name":"wp","href":"https:\/\/api.w.org\/{rel}","templated":true}]}}