{"id":81971,"date":"2021-01-13T10:58:47","date_gmt":"2021-01-13T10:58:47","guid":{"rendered":"https:\/\/futllermo.com\/tienda\/producto\/puma-future-2-3-netfit-fg-ag-zapatillas-de-futbol-hombre\/"},"modified":"2022-01-13T09:57:19","modified_gmt":"2022-01-13T09:57:19","slug":"puma-future-2-3-netfit-fg-ag-zapatillas-de-futbol-hombre","status":"publish","type":"product","link":"https:\/\/futllermo.com\/tienda\/producto\/puma-future-2-3-netfit-fg-ag-zapatillas-de-futbol-hombre\/","title":{"rendered":"PUMA Future 2.1 Netfit FG\/AG, Zapatillas de F\u00fatbol Hombre"},"content":{"rendered":"<p><!-- show up to 2 reviews by default --> <\/p>\n<p>FUTURE 2.3 NETFIT combina la tecnolog\u00eda exterior de NETFIT con una parte exterior sint\u00e9tica y un calcet\u00edn tobillero de elastano. La tecnolog\u00eda NETFIT 2. funciona como un pr\u00e1ctico sistema de cierre que permite una lazada y un ajuste personalizados. El calcet\u00edn tobillero de elastano ofrece un buen ajuste en el tobillo. La ligera suela h\u00edbrida flexible permite jugar en superficies naturales firmes y en hierba artificial. <\/p>\n<p>Material exterior: Sint\u00e9tico<br \/>\nRevestimiento: Tela<br \/>\nMaterial de la suela: Sint\u00e9tico<br \/>\nCierre: Cordones<br \/>\nTipo de tac\u00f3n: Mini tac\u00f3n<br \/>\nComposici\u00f3n: Material exterior: otros materiales, textil; forro y plantilla: textil; suela: otros materiales.<br \/>\nAnchura del zapato: Normal<br \/>\n<\/p>\n","protected":false},"excerpt":{"rendered":"<p>Material exterior: Sint\u00e9tico<br \/>\nRevestimiento: Tela<br \/>\nMaterial de la suela: Sint\u00e9tico<\/p>\n","protected":false},"featured_media":81974,"comment_status":"open","ping_status":"closed","template":"","meta":{"_kadence_starter_templates_imported_post":false,"_kad_post_transparent":"","_kad_post_title":"","_kad_post_layout":"","_kad_post_sidebar_id":"","_kad_post_content_style":"","_kad_post_vertical_padding":"","_kad_post_feature":"","_kad_post_feature_position":"","_kad_post_header":false,"_kad_post_footer":false},"product_brand":[],"product_cat":[450],"product_tag":[],"class_list":{"0":"post-81971","1":"product","2":"type-product","3":"status-publish","4":"has-post-thumbnail","6":"product_cat-futbol","7":"pa_brand-visita-la-store-de-puma","9":"first","10":"instock","11":"shipping-taxable","12":"purchasable","13":"product-type-simple","14":"entry","15":"content-bg","16":"loop-entry"},"_links":{"self":[{"href":"https:\/\/futllermo.com\/tienda\/wp-json\/wp\/v2\/product\/81971","targetHints":{"allow":["GET"]}}],"collection":[{"href":"https:\/\/futllermo.com\/tienda\/wp-json\/wp\/v2\/product"}],"about":[{"href":"https:\/\/futllermo.com\/tienda\/wp-json\/wp\/v2\/types\/product"}],"replies":[{"embeddable":true,"href":"https:\/\/futllermo.com\/tienda\/wp-json\/wp\/v2\/comments?post=81971"}],"wp:featuredmedia":[{"embeddable":true,"href":"https:\/\/futllermo.com\/tienda\/wp-json\/wp\/v2\/media\/81974"}],"wp:attachment":[{"href":"https:\/\/futllermo.com\/tienda\/wp-json\/wp\/v2\/media?parent=81971"}],"wp:term":[{"taxonomy":"product_brand","embeddable":true,"href":"https:\/\/futllermo.com\/tienda\/wp-json\/wp\/v2\/product_brand?post=81971"},{"taxonomy":"product_cat","embeddable":true,"href":"https:\/\/futllermo.com\/tienda\/wp-json\/wp\/v2\/product_cat?post=81971"},{"taxonomy":"product_tag","embeddable":true,"href":"https:\/\/futllermo.com\/tienda\/wp-json\/wp\/v2\/product_tag?post=81971"}],"curies":[{"name":"wp","href":"https:\/\/api.w.org\/{rel}","templated":true}]}}