{"id":81859,"date":"2021-01-13T10:55:44","date_gmt":"2021-01-13T10:55:44","guid":{"rendered":"https:\/\/futllermo.com\/tienda\/producto\/nike-phantom-gt-academy-df-fg-mg-football-shoe-hombre\/"},"modified":"2022-01-13T09:57:18","modified_gmt":"2022-01-13T09:57:18","slug":"nike-phantom-gt-academy-df-fg-mg-football-shoe-hombre","status":"publish","type":"product","link":"https:\/\/futllermo.com\/tienda\/producto\/nike-phantom-gt-academy-df-fg-mg-football-shoe-hombre\/","title":{"rendered":"NIKE Phantom GT Academy DF FG\/MG, Football Shoe Hombre"},"content":{"rendered":"<p><!-- show up to 2 reviews by default --> <\/p>\n<h3>Descripci\u00f3n del producto<\/h3>\n<p>La Academia Fantasmag\u00f3rica en negro le da una sensaci\u00f3n directa de la pelota y una \u00f3ptima comodidad de uso. La marca Nike lanza un producto de primera clase con el zapato, que fue lanzado en agosto de 2020. Especialmente en diferentes tipos de canchas duras y sint\u00e9ticas, este zapato proporciona entusiasmo y una \u00f3ptima jugabilidad. <\/p>\n<h3>Advertencia de seguridad<\/h3>\n<p>Safety warning standard <\/p>\n<p>Material exterior: Sint\u00e9tico<br \/>\nRevestimiento: Synthetic<br \/>\nMaterial de la suela: Caucho<br \/>\nCierre: Cordones<br \/>\n<\/p>\n","protected":false},"excerpt":{"rendered":"<p>Material exterior: Sint\u00e9tico<br \/>\nRevestimiento: Synthetic<br \/>\nMaterial de la suela: Caucho<\/p>\n","protected":false},"featured_media":81861,"comment_status":"open","ping_status":"closed","template":"","meta":{"_kadence_starter_templates_imported_post":false,"_kad_post_transparent":"","_kad_post_title":"","_kad_post_layout":"","_kad_post_sidebar_id":"","_kad_post_content_style":"","_kad_post_vertical_padding":"","_kad_post_feature":"","_kad_post_feature_position":"","_kad_post_header":false,"_kad_post_footer":false},"product_brand":[],"product_cat":[450],"product_tag":[],"class_list":{"0":"post-81859","1":"product","2":"type-product","3":"status-publish","4":"has-post-thumbnail","6":"product_cat-futbol","7":"pa_brand-visita-la-store-de-nike","9":"first","10":"instock","11":"shipping-taxable","12":"purchasable","13":"product-type-simple","14":"entry","15":"content-bg","16":"loop-entry"},"_links":{"self":[{"href":"https:\/\/futllermo.com\/tienda\/wp-json\/wp\/v2\/product\/81859","targetHints":{"allow":["GET"]}}],"collection":[{"href":"https:\/\/futllermo.com\/tienda\/wp-json\/wp\/v2\/product"}],"about":[{"href":"https:\/\/futllermo.com\/tienda\/wp-json\/wp\/v2\/types\/product"}],"replies":[{"embeddable":true,"href":"https:\/\/futllermo.com\/tienda\/wp-json\/wp\/v2\/comments?post=81859"}],"wp:featuredmedia":[{"embeddable":true,"href":"https:\/\/futllermo.com\/tienda\/wp-json\/wp\/v2\/media\/81861"}],"wp:attachment":[{"href":"https:\/\/futllermo.com\/tienda\/wp-json\/wp\/v2\/media?parent=81859"}],"wp:term":[{"taxonomy":"product_brand","embeddable":true,"href":"https:\/\/futllermo.com\/tienda\/wp-json\/wp\/v2\/product_brand?post=81859"},{"taxonomy":"product_cat","embeddable":true,"href":"https:\/\/futllermo.com\/tienda\/wp-json\/wp\/v2\/product_cat?post=81859"},{"taxonomy":"product_tag","embeddable":true,"href":"https:\/\/futllermo.com\/tienda\/wp-json\/wp\/v2\/product_tag?post=81859"}],"curies":[{"name":"wp","href":"https:\/\/api.w.org\/{rel}","templated":true}]}}