{"id":81776,"date":"2021-01-13T10:53:57","date_gmt":"2021-01-13T10:53:57","guid":{"rendered":"https:\/\/futllermo.com\/tienda\/producto\/nike-phantom-vsn-2-academy-df-fg-mg-botas-de-futbol-hombre\/"},"modified":"2022-01-13T09:57:16","modified_gmt":"2022-01-13T09:57:16","slug":"nike-phantom-vsn-2-academy-df-fg-mg-botas-de-futbol-hombre","status":"publish","type":"product","link":"https:\/\/futllermo.com\/tienda\/producto\/nike-phantom-vsn-2-academy-df-fg-mg-botas-de-futbol-hombre\/","title":{"rendered":"NIKE Phantom Vsn 2 Academy DF FG\/MG, Botas de f\u00fatbol Hombre"},"content":{"rendered":"<p><!-- show up to 2 reviews by default --> <\/p>\n<p>El ajuste Dynamic Fit gusta a la Nike Phantom Vision academy aporta la precisi\u00f3n del juego de calle al campo de juego. Una manga que acent\u00faa el pie ofrece una sensaci\u00f3n individual y las medias Ghost Lace de 1 tracci\u00f3n est\u00e1n ocultas para una mayor superficie de golpeo. La bota interna y el cuello Dynamic Fit envuelven y amortiguan el pie en el campo. El sistema de cordones Ghost est\u00e1 oculto bajo una capa exterior texturizada para un toque limpio y preciso. Los cordones se fijan r\u00e1pidamente con 1 tira. Una vers\u00e1til placa redonda ofrece tracci\u00f3n en campos de c\u00e9sped natural y artificial. Plantillas ligeras para amortiguaci\u00f3n plana, tacos multisuelo (mag) para uso en c\u00e9sped corto o en superficies artificiales. <\/p>\n<p>Material exterior: Sint\u00e9tico<br \/>\nRevestimiento: Sint\u00e9tico<br \/>\nMaterial de la suela: Tela<br \/>\nCierre: Sin cordones<br \/>\n<\/p>\n","protected":false},"excerpt":{"rendered":"<p>Material exterior: Sint\u00e9tico<br \/>\nRevestimiento: Sint\u00e9tico<br \/>\nMaterial de la suela: Tela<\/p>\n","protected":false},"featured_media":81779,"comment_status":"open","ping_status":"closed","template":"","meta":{"_kadence_starter_templates_imported_post":false,"_kad_post_transparent":"","_kad_post_title":"","_kad_post_layout":"","_kad_post_sidebar_id":"","_kad_post_content_style":"","_kad_post_vertical_padding":"","_kad_post_feature":"","_kad_post_feature_position":"","_kad_post_header":false,"_kad_post_footer":false},"product_brand":[],"product_cat":[450],"product_tag":[],"class_list":{"0":"post-81776","1":"product","2":"type-product","3":"status-publish","4":"has-post-thumbnail","6":"product_cat-futbol","7":"pa_brand-visita-la-store-de-nike","9":"first","10":"instock","11":"shipping-taxable","12":"purchasable","13":"product-type-simple","14":"entry","15":"content-bg","16":"loop-entry"},"_links":{"self":[{"href":"https:\/\/futllermo.com\/tienda\/wp-json\/wp\/v2\/product\/81776","targetHints":{"allow":["GET"]}}],"collection":[{"href":"https:\/\/futllermo.com\/tienda\/wp-json\/wp\/v2\/product"}],"about":[{"href":"https:\/\/futllermo.com\/tienda\/wp-json\/wp\/v2\/types\/product"}],"replies":[{"embeddable":true,"href":"https:\/\/futllermo.com\/tienda\/wp-json\/wp\/v2\/comments?post=81776"}],"wp:featuredmedia":[{"embeddable":true,"href":"https:\/\/futllermo.com\/tienda\/wp-json\/wp\/v2\/media\/81779"}],"wp:attachment":[{"href":"https:\/\/futllermo.com\/tienda\/wp-json\/wp\/v2\/media?parent=81776"}],"wp:term":[{"taxonomy":"product_brand","embeddable":true,"href":"https:\/\/futllermo.com\/tienda\/wp-json\/wp\/v2\/product_brand?post=81776"},{"taxonomy":"product_cat","embeddable":true,"href":"https:\/\/futllermo.com\/tienda\/wp-json\/wp\/v2\/product_cat?post=81776"},{"taxonomy":"product_tag","embeddable":true,"href":"https:\/\/futllermo.com\/tienda\/wp-json\/wp\/v2\/product_tag?post=81776"}],"curies":[{"name":"wp","href":"https:\/\/api.w.org\/{rel}","templated":true}]}}