{"id":81469,"date":"2021-01-11T12:33:36","date_gmt":"2021-01-11T12:33:36","guid":{"rendered":"https:\/\/futllermo.com\/tienda\/producto\/rdx-guantes-mma-para-artes-marciales-entrenamiento-maya-hide-cuero-grappling-guantillas-bueno-para-sparring-kickboxing-muay-thai-saco-de-boxeo-lucha-libre-y-combate-training\/"},"modified":"2022-01-13T09:55:27","modified_gmt":"2022-01-13T09:55:27","slug":"rdx-guantes-mma-para-artes-marciales-entrenamiento-maya-hide-cuero-grappling-guantillas-bueno-para-sparring-kickboxing-muay-thai-saco-de-boxeo-lucha-libre-y-combate-training","status":"publish","type":"product","link":"https:\/\/futllermo.com\/tienda\/producto\/rdx-guantes-mma-para-artes-marciales-entrenamiento-maya-hide-cuero-grappling-guantillas-bueno-para-sparring-kickboxing-muay-thai-saco-de-boxeo-lucha-libre-y-combate-training\/","title":{"rendered":"RDX Guantes MMA Artes Marciales Entrenamiento, Maya Hide Cuero Grappling Guantillas, Professional Abierto Palma Gloves\u2026"},"content":{"rendered":"<p>Cuero Maya Hide para mayor durabilidad. La calidad del material ofrece una mejor tracci\u00f3n, mayor resistencia a las grietas y al desgaste. El resistente material es ideal para MMA, kickboxing, muay thai y m\u00e1s.<br \/>\nEl acolchado Tri-Slab PC3 ofrece la protecci\u00f3n m\u00e1s \u00f3ptima y est\u00e1 dise\u00f1ado exclusivamente para amortiguar los impactos. El acolchado de tres capas te brinda una seguridad de primera categor\u00eda durante los entrenamientos o competiciones, gracias a que distribuye el impacto de manera uniforme por la superficie del guante.<br \/>\nEl doble cierre por contacto Quick-EZ provee un soporte compacto para la mu\u00f1eca y hace que los guantes sean f\u00e1ciles de colocar y extraer. La correa est\u00e1 dise\u00f1ada ergon\u00f3micamente, de acuedo a los requerimientos de profesionales de todo el mundo; el amplio cierre EZ brinda una seguridad excelente.<br \/>\nEl dise\u00f1o D.Cut de palma abierta permite un agarre natural contra las varillas o barras. La palma abierta est\u00e1 dise\u00f1ada para favorecer el flujo de aire y mantener las manos ventiladas y secas. Tambi\u00e9n ayuda muy bien en las actividades de agarre.<br \/>\nLas costuras bien entrelazadas permiten que los guantes de lucha conserven su forma, incluso despu\u00e9s de sesiones de entrenamiento constantes y agotadoras, ya sea contra el saco de boxeo, peras r\u00e1pidas o con el compa\u00f1ero de sparring.<\/p>\n","protected":false},"excerpt":{"rendered":"<p>Cuero Maya Hide para mayor durabilidad. La calidad del material ofrece una mejor tracci\u00f3n, mayor resistencia a las grietas y al desgaste. El resistente material es ideal para MMA, kickboxing, muay thai y m\u00e1s.<br \/>\nEl acolchado Tri-Slab PC3 ofrece la protecci\u00f3n m\u00e1s \u00f3ptima y est\u00e1 dise\u00f1ado exclusivamente para amortiguar los impactos. El acolchado de tres capas te brinda una seguridad de primera categor\u00eda durante los entrenamientos o competiciones, gracias a que distribuye el impacto de manera uniforme por la superficie del guante.<br \/>\nEl doble cierre por contacto Quick-EZ provee un soporte compacto para la mu\u00f1eca y hace que los guantes sean f\u00e1ciles de colocar y extraer. La correa est\u00e1 dise\u00f1ada ergon\u00f3micamente, de acuedo a los requerimientos de profesionales de todo el mundo; el amplio cierre EZ brinda una seguridad excelente.<\/p>\n","protected":false},"featured_media":81470,"comment_status":"open","ping_status":"closed","template":"","meta":{"_kadence_starter_templates_imported_post":false,"_kad_post_transparent":"","_kad_post_title":"","_kad_post_layout":"","_kad_post_sidebar_id":"","_kad_post_content_style":"","_kad_post_vertical_padding":"","_kad_post_feature":"","_kad_post_feature_position":"","_kad_post_header":false,"_kad_post_footer":false},"product_brand":[],"product_cat":[424,421],"product_tag":[],"class_list":{"0":"post-81469","1":"product","2":"type-product","3":"status-publish","4":"has-post-thumbnail","6":"product_cat-guantes-de-mma","7":"product_cat-mma","8":"pa_brand-visita-la-store-de-rdx","10":"first","11":"instock","12":"shipping-taxable","13":"purchasable","14":"product-type-simple","15":"entry","16":"content-bg","17":"loop-entry"},"_links":{"self":[{"href":"https:\/\/futllermo.com\/tienda\/wp-json\/wp\/v2\/product\/81469","targetHints":{"allow":["GET"]}}],"collection":[{"href":"https:\/\/futllermo.com\/tienda\/wp-json\/wp\/v2\/product"}],"about":[{"href":"https:\/\/futllermo.com\/tienda\/wp-json\/wp\/v2\/types\/product"}],"replies":[{"embeddable":true,"href":"https:\/\/futllermo.com\/tienda\/wp-json\/wp\/v2\/comments?post=81469"}],"wp:featuredmedia":[{"embeddable":true,"href":"https:\/\/futllermo.com\/tienda\/wp-json\/wp\/v2\/media\/81470"}],"wp:attachment":[{"href":"https:\/\/futllermo.com\/tienda\/wp-json\/wp\/v2\/media?parent=81469"}],"wp:term":[{"taxonomy":"product_brand","embeddable":true,"href":"https:\/\/futllermo.com\/tienda\/wp-json\/wp\/v2\/product_brand?post=81469"},{"taxonomy":"product_cat","embeddable":true,"href":"https:\/\/futllermo.com\/tienda\/wp-json\/wp\/v2\/product_cat?post=81469"},{"taxonomy":"product_tag","embeddable":true,"href":"https:\/\/futllermo.com\/tienda\/wp-json\/wp\/v2\/product_tag?post=81469"}],"curies":[{"name":"wp","href":"https:\/\/api.w.org\/{rel}","templated":true}]}}