{"id":81416,"date":"2021-01-11T12:33:06","date_gmt":"2021-01-11T12:33:06","guid":{"rendered":"https:\/\/futllermo.com\/tienda\/producto\/rdx-maya-cuero-guantes-boxeo-saco-sparring-entrenamiento-mitones-muay-thai-kick-boxing\/"},"modified":"2022-01-13T09:55:26","modified_gmt":"2022-01-13T09:55:26","slug":"rdx-maya-cuero-guantes-boxeo-saco-sparring-entrenamiento-mitones-muay-thai-kick-boxing","status":"publish","type":"product","link":"https:\/\/futllermo.com\/tienda\/producto\/rdx-maya-cuero-guantes-boxeo-saco-sparring-entrenamiento-mitones-muay-thai-kick-boxing\/","title":{"rendered":"RDX Maya Cuero Guantes Boxeo Saco Sparring Entrenamiento Mitones Muay Thai Kick Boxing"},"content":{"rendered":"<p><!-- show up to 2 reviews by default --> <\/p>\n<p>Aprovecha el poder de estos guantes de combate Maya Hide Leather MMA dise\u00f1ados para proporcionar comodidad, protecci\u00f3n y control para cada batalla. Hecho a mano para resistir el desgaste m\u00e1s dif\u00edciles, estos guantes de entrenamiento de MMA son duraderos y ofrecen una resistencia a los impactos de triple capa, un agarre impresionante y transpirabilidad, as\u00ed como un dise\u00f1o \u00fanico en la palma para garantizar una t\u00e9cnica de boxeo de primera clase. Esto permite que la mu\u00f1eca y el pu\u00f1o se puedan alinear perfectamente con cada golpe, estos poderosos guantes protegen tus manos de lesiones. La armadura definitiva. Una selecci\u00f3n premium de guantes de artes marciales mixtas para guerreros de artes marciales mixtas durante el entrenamiento. <\/p>\n<p>Fabricados en piel de plena flor.<br \/>\nCon tres capas acolchadas de gel para una absorci\u00f3n de los impactos de alta resistencia.<br \/>\nCon sistema direccional de cruz doble que permite un ajuste manual desde ambos lados de la mu\u00f1eca.<br \/>\nDise\u00f1o de palma abierta para un agarre y ajuste anat\u00f3micos.<br \/>\nMayor facilidad de movimiento para los dedos.<\/p>\n","protected":false},"excerpt":{"rendered":"<p>Fabricados en piel de plena flor.<br \/>\nCon tres capas acolchadas de gel para una absorci\u00f3n de los impactos de alta resistencia.<br \/>\nCon sistema direccional de cruz doble que permite un ajuste manual desde ambos lados de la mu\u00f1eca.<\/p>\n","protected":false},"featured_media":81424,"comment_status":"open","ping_status":"closed","template":"","meta":{"_kadence_starter_templates_imported_post":false,"_kad_post_transparent":"","_kad_post_title":"","_kad_post_layout":"","_kad_post_sidebar_id":"","_kad_post_content_style":"","_kad_post_vertical_padding":"","_kad_post_feature":"","_kad_post_feature_position":"","_kad_post_header":false,"_kad_post_footer":false},"product_brand":[],"product_cat":[424,421],"product_tag":[],"class_list":{"0":"post-81416","1":"product","2":"type-product","3":"status-publish","4":"has-post-thumbnail","6":"product_cat-guantes-de-mma","7":"product_cat-mma","8":"pa_brand-visita-la-store-de-rdx","10":"first","11":"instock","12":"shipping-taxable","13":"purchasable","14":"product-type-simple","15":"entry","16":"content-bg","17":"loop-entry"},"_links":{"self":[{"href":"https:\/\/futllermo.com\/tienda\/wp-json\/wp\/v2\/product\/81416","targetHints":{"allow":["GET"]}}],"collection":[{"href":"https:\/\/futllermo.com\/tienda\/wp-json\/wp\/v2\/product"}],"about":[{"href":"https:\/\/futllermo.com\/tienda\/wp-json\/wp\/v2\/types\/product"}],"replies":[{"embeddable":true,"href":"https:\/\/futllermo.com\/tienda\/wp-json\/wp\/v2\/comments?post=81416"}],"wp:featuredmedia":[{"embeddable":true,"href":"https:\/\/futllermo.com\/tienda\/wp-json\/wp\/v2\/media\/81424"}],"wp:attachment":[{"href":"https:\/\/futllermo.com\/tienda\/wp-json\/wp\/v2\/media?parent=81416"}],"wp:term":[{"taxonomy":"product_brand","embeddable":true,"href":"https:\/\/futllermo.com\/tienda\/wp-json\/wp\/v2\/product_brand?post=81416"},{"taxonomy":"product_cat","embeddable":true,"href":"https:\/\/futllermo.com\/tienda\/wp-json\/wp\/v2\/product_cat?post=81416"},{"taxonomy":"product_tag","embeddable":true,"href":"https:\/\/futllermo.com\/tienda\/wp-json\/wp\/v2\/product_tag?post=81416"}],"curies":[{"name":"wp","href":"https:\/\/api.w.org\/{rel}","templated":true}]}}