{"id":81383,"date":"2021-01-11T12:32:49","date_gmt":"2021-01-11T12:32:49","guid":{"rendered":"https:\/\/futllermo.com\/tienda\/producto\/rdx-vendas-boxeo-neopreno-mma-guantes-lucha-libre-artes-marciales-guantillas-grappling-sparring-entrenamiento\/"},"modified":"2022-01-13T09:55:26","modified_gmt":"2022-01-13T09:55:26","slug":"rdx-vendas-boxeo-neopreno-mma-guantes-lucha-libre-artes-marciales-guantillas-grappling-sparring-entrenamiento","status":"publish","type":"product","link":"https:\/\/futllermo.com\/tienda\/producto\/rdx-vendas-boxeo-neopreno-mma-guantes-lucha-libre-artes-marciales-guantillas-grappling-sparring-entrenamiento\/","title":{"rendered":"RDX Vendas Boxeo Neopreno MMA Guantes Lucha Libre Artes Marciales Guantillas Grappling Sparring Entrenamiento."},"content":{"rendered":"<p><!-- show up to 2 reviews by default --> <\/p>\n<p>Estos guantes interiores son justo lo que usted necesita. Asegure la protecci\u00f3n total de las manos con los \u00faltimos guantes interiores de RDX que est\u00e1n bien cosidos, intercalando la hoja de gel Equilibrium Shell-Shock sobre una fina l\u00e1mina de relleno de EVA comprimido entre neopreno resistente y tejido el\u00e1stico transpirable de 4 v\u00edas. La correa el\u00e1stica en la palma hace que el guante se ajuste a las manos de manera eficiente. Estos guantes internos de agarre est\u00e1n dise\u00f1ados para encajar c\u00f3modamente bajo los guantes MMA Boxing y Muay Thai sin dificultar la movilidad de las manos para una capa extra de protecci\u00f3n para las manos. (PEQUE\u00d1OS Y MEDIANOS TAMA\u00d1OS RECOMENDADOS PARA HASTA LOS 14 A\u00d1OS DE EDAD) <\/p>\n<p>Vendas boxeo puede deslizarse f\u00e1cilmente debajo del guante del boxeo o de MMA de su opci\u00f3n sin obstaculizar la movilidad de la mano &#8211; en lugar de crear una barrera agregada de la absorci\u00f3n de choque<br \/>\nEl neopreno y el tejido el\u00e1stico transpirable de 4 v\u00edas emparedan el contenido absorbente de golpes de estos guantes interiores de dise\u00f1o elegante<br \/>\nUna capa delgada de gel de Shell-Shock de 2,5 mm de capa de Equilibrium recubre una hoja de acolchado EVA altamente absorbente de golpes<br \/>\nLas correas de los dedos est\u00e1n hechas de Lycra para permitir la m\u00e1xima movilidad de las manos bajo los guantes de boxeo o MMA<br \/>\nQuick-EZ Gancho Y Bucle junto con correa el\u00e1stica en la palma permite una f\u00e1cil aplicaci\u00f3n on \/ off y permite la conformidad de la mano<\/p>\n","protected":false},"excerpt":{"rendered":"<p>Vendas boxeo puede deslizarse f\u00e1cilmente debajo del guante del boxeo o de MMA de su opci\u00f3n sin obstaculizar la movilidad de la mano &#8211; en lugar de crear una barrera agregada de la absorci\u00f3n de choque<br \/>\nEl neopreno y el tejido el\u00e1stico transpirable de 4 v\u00edas emparedan el contenido absorbente de golpes de estos guantes interiores de dise\u00f1o elegante<br \/>\nUna capa delgada de gel de Shell-Shock de 2,5 mm de capa de Equilibrium recubre una hoja de acolchado EVA altamente absorbente de golpes<\/p>\n","protected":false},"featured_media":81384,"comment_status":"open","ping_status":"closed","template":"","meta":{"_kadence_starter_templates_imported_post":false,"_kad_post_transparent":"","_kad_post_title":"","_kad_post_layout":"","_kad_post_sidebar_id":"","_kad_post_content_style":"","_kad_post_vertical_padding":"","_kad_post_feature":"","_kad_post_feature_position":"","_kad_post_header":false,"_kad_post_footer":false},"product_brand":[],"product_cat":[424,421],"product_tag":[],"class_list":{"0":"post-81383","1":"product","2":"type-product","3":"status-publish","4":"has-post-thumbnail","6":"product_cat-guantes-de-mma","7":"product_cat-mma","8":"pa_brand-visita-la-store-de-rdx","10":"first","11":"instock","12":"shipping-taxable","13":"purchasable","14":"product-type-simple","15":"entry","16":"content-bg","17":"loop-entry"},"_links":{"self":[{"href":"https:\/\/futllermo.com\/tienda\/wp-json\/wp\/v2\/product\/81383","targetHints":{"allow":["GET"]}}],"collection":[{"href":"https:\/\/futllermo.com\/tienda\/wp-json\/wp\/v2\/product"}],"about":[{"href":"https:\/\/futllermo.com\/tienda\/wp-json\/wp\/v2\/types\/product"}],"replies":[{"embeddable":true,"href":"https:\/\/futllermo.com\/tienda\/wp-json\/wp\/v2\/comments?post=81383"}],"wp:featuredmedia":[{"embeddable":true,"href":"https:\/\/futllermo.com\/tienda\/wp-json\/wp\/v2\/media\/81384"}],"wp:attachment":[{"href":"https:\/\/futllermo.com\/tienda\/wp-json\/wp\/v2\/media?parent=81383"}],"wp:term":[{"taxonomy":"product_brand","embeddable":true,"href":"https:\/\/futllermo.com\/tienda\/wp-json\/wp\/v2\/product_brand?post=81383"},{"taxonomy":"product_cat","embeddable":true,"href":"https:\/\/futllermo.com\/tienda\/wp-json\/wp\/v2\/product_cat?post=81383"},{"taxonomy":"product_tag","embeddable":true,"href":"https:\/\/futllermo.com\/tienda\/wp-json\/wp\/v2\/product_tag?post=81383"}],"curies":[{"name":"wp","href":"https:\/\/api.w.org\/{rel}","templated":true}]}}