{"id":81369,"date":"2021-01-11T12:32:43","date_gmt":"2021-01-11T12:32:43","guid":{"rendered":"https:\/\/futllermo.com\/tienda\/producto\/rdx-guantes-de-artes-marciales-mixtas-guantes-pre-curvados-palma-ventilada-cuero-maya-oculta-guantes-de-combate-para-entrenamiento-deportivo-de-combate-muay-thai-saco-de-boxeo-y-kickboxing\/"},"modified":"2022-01-13T09:55:26","modified_gmt":"2022-01-13T09:55:26","slug":"rdx-guantes-de-artes-marciales-mixtas-guantes-pre-curvados-palma-ventilada-cuero-maya-oculta-guantes-de-combate-para-entrenamiento-deportivo-de-combate-muay-thai-saco-de-boxeo-y-kickboxing","status":"publish","type":"product","link":"https:\/\/futllermo.com\/tienda\/producto\/rdx-guantes-de-artes-marciales-mixtas-guantes-pre-curvados-palma-ventilada-cuero-maya-oculta-guantes-de-combate-para-entrenamiento-deportivo-de-combate-muay-thai-saco-de-boxeo-y-kickboxing\/","title":{"rendered":"RDX Guantes MMA Artes Marciales Entrenamiento, Precurvado Maya Hide Cuero Grappling Guantillas, Kara Ventilada Palma\u2026"},"content":{"rendered":"<p><!-- show up to 2 reviews by default --> <\/p>\n<p>Lleva tu entrenamiento y sesiones de MMA a un nuevo nivel con los guantes de grappling de la serie Kara de RDX. La superficie de golpeo y los dedos de cuero ConvEX Skin de Maya Hide ofrecen una mayor durabilidad y resultados profesionales para todas tus demandas de entrenamiento. La incomparable espuma de L\u00e1mina de Equilibrio Max-Shock se situa sobre las manos, la parte posterior del pu\u00f1o, el pulgar y la parte posterior de la mu\u00f1eca para cubrir todas las necesidades de los atletas de \u00e9lite. El dise\u00f1o precurvado y anat\u00f3mico, junto con la t\u00e9cnica de elaboraci\u00f3n, mantienen el pu\u00f1o en una posici\u00f3n m\u00e1s natural y menos extenuante. La correa de mu\u00f1eca reforzada con acolchado invertido y cierre de contacto mantiene los guantes firmes y seguros. Los bucles individuales para los dedos est\u00e1n reforzados y son ideales para una m\u00e1xima movilidad y agarre. Ofrecen una excelente flexibilidad y agilidad en el oct\u00f3gono. <\/p>\n<p>CUERO ConvEX SKIN DE MAYA HIDE para una durabilidad prolongada que cubra todas las exigencias del entrenamiento. No se desgasta de forma poco atractiva. Practica grappling, clinch holds, pinning holds, sumisi\u00f3n, derribos y todas las t\u00e9cnicas de MMA con total autoridad.<br \/>\nESPUMA DE EQUILIBRIO MAX-SHOCK y acolchado Sponge-X sobre la mano, dorso del pu\u00f1o, pulgar y dorso de la mu\u00f1eca. El brillante dise\u00f1o precurvado ofrece resistencia al impacto.<br \/>\nLAZOS DE DEDOS INDIVIDUALES, dise\u00f1adas anat\u00f3micamente para un ajuste y rendimiento superior. Malla completa de nylon en las palmas y tela interior dazzle para mantener a los atletas frescos y secos durante el entrenamiento.<br \/>\nACOLCHADO DE PULGAR CON SEGMENTADO ADICIONAL, a\u00f1ade una cobertura adicional. Costuras reforzadas para una durabilidad prolongada y m\u00e1xima movilidad.<br \/>\nCIERRE POR CONTACTO QUICK EZ con acolchado invertido alrededor de la correa de la mu\u00f1eca para mantener los guantes firmes y seguros. Garantiza la seguridad ya que no se deslizan.<\/p>\n","protected":false},"excerpt":{"rendered":"<p>CUERO ConvEX SKIN DE MAYA HIDE para una durabilidad prolongada que cubra todas las exigencias del entrenamiento. No se desgasta de forma poco atractiva. Practica grappling, clinch holds, pinning holds, sumisi\u00f3n, derribos y todas las t\u00e9cnicas de MMA con total autoridad.<br \/>\nESPUMA DE EQUILIBRIO MAX-SHOCK y acolchado Sponge-X sobre la mano, dorso del pu\u00f1o, pulgar y dorso de la mu\u00f1eca. El brillante dise\u00f1o precurvado ofrece resistencia al impacto.<br \/>\nLAZOS DE DEDOS INDIVIDUALES, dise\u00f1adas anat\u00f3micamente para un ajuste y rendimiento superior. Malla completa de nylon en las palmas y tela interior dazzle para mantener a los atletas frescos y secos durante el entrenamiento.<\/p>\n","protected":false},"featured_media":81376,"comment_status":"open","ping_status":"closed","template":"","meta":{"_kadence_starter_templates_imported_post":false,"_kad_post_transparent":"","_kad_post_title":"","_kad_post_layout":"","_kad_post_sidebar_id":"","_kad_post_content_style":"","_kad_post_vertical_padding":"","_kad_post_feature":"","_kad_post_feature_position":"","_kad_post_header":false,"_kad_post_footer":false},"product_brand":[],"product_cat":[424,421],"product_tag":[],"class_list":{"0":"post-81369","1":"product","2":"type-product","3":"status-publish","4":"has-post-thumbnail","6":"product_cat-guantes-de-mma","7":"product_cat-mma","8":"pa_brand-visita-la-store-de-rdx","10":"first","11":"instock","12":"shipping-taxable","13":"purchasable","14":"product-type-simple","15":"entry","16":"content-bg","17":"loop-entry"},"_links":{"self":[{"href":"https:\/\/futllermo.com\/tienda\/wp-json\/wp\/v2\/product\/81369","targetHints":{"allow":["GET"]}}],"collection":[{"href":"https:\/\/futllermo.com\/tienda\/wp-json\/wp\/v2\/product"}],"about":[{"href":"https:\/\/futllermo.com\/tienda\/wp-json\/wp\/v2\/types\/product"}],"replies":[{"embeddable":true,"href":"https:\/\/futllermo.com\/tienda\/wp-json\/wp\/v2\/comments?post=81369"}],"wp:featuredmedia":[{"embeddable":true,"href":"https:\/\/futllermo.com\/tienda\/wp-json\/wp\/v2\/media\/81376"}],"wp:attachment":[{"href":"https:\/\/futllermo.com\/tienda\/wp-json\/wp\/v2\/media?parent=81369"}],"wp:term":[{"taxonomy":"product_brand","embeddable":true,"href":"https:\/\/futllermo.com\/tienda\/wp-json\/wp\/v2\/product_brand?post=81369"},{"taxonomy":"product_cat","embeddable":true,"href":"https:\/\/futllermo.com\/tienda\/wp-json\/wp\/v2\/product_cat?post=81369"},{"taxonomy":"product_tag","embeddable":true,"href":"https:\/\/futllermo.com\/tienda\/wp-json\/wp\/v2\/product_tag?post=81369"}],"curies":[{"name":"wp","href":"https:\/\/api.w.org\/{rel}","templated":true}]}}