{"id":81213,"date":"2021-01-11T12:29:31","date_gmt":"2021-01-11T12:29:31","guid":{"rendered":"https:\/\/futllermo.com\/tienda\/producto\/wilson-pro-staff-precision-team-100-raqueta-de-tennis-unisex-adulto\/"},"modified":"2022-01-13T09:55:23","modified_gmt":"2022-01-13T09:55:23","slug":"wilson-pro-staff-precision-team-100-raqueta-de-tennis-unisex-adulto","status":"publish","type":"product","link":"https:\/\/futllermo.com\/tienda\/producto\/wilson-pro-staff-precision-team-100-raqueta-de-tennis-unisex-adulto\/","title":{"rendered":"Wilson Pro Staff Precision Team 100 Raqueta de Tennis, Unisex Adulto"},"content":{"rendered":"<p><!-- show up to 2 reviews by default --> <\/p>\n<p>Raqueta de tenis Pro Staff Precision Team 100 para jugadores avanzados de tenis recreativos en busca de precisi\u00f3n. Fabricada con un compuesto de grafito y aluminio que brinda una combinaci\u00f3n de rigidez y flexibilidad para una mejor jugabilidad. Equilibrio en la empu\u00f1adura (34 cm). Marco con nueva geometr\u00eda para m\u00e1s potencia. Cabeza de tama\u00f1o mediano para una mejor sensaci\u00f3n y control, patr\u00f3n del cordaje: 16\u00d718. Empu\u00f1adura con tecnolog\u00eda Cushion-Aire para mayor comodidad. Atractivo dise\u00f1o inspirado en la colecci\u00f3n Pro Staff de Wilson. Contenido: 1\u00d7 raqueta de tenis Pro Staff Precision Team 100 de Wilson, grafito y aluminio, cabeza: 645 cm\u00b2, 68.58 cm, 290 g, pu\u00f1o tama\u00f1o 2, con cordaje, antracita, WR019210U2. <\/p>\n<p>Raqueta de tenis Pro Staff Precision Team 100 para jugadores avanzados de tenis recreativos en busca de precisi\u00f3n<br \/>\nFabricada con un compuesto de grafito y aluminio que brinda una combinaci\u00f3n de rigidez y flexibilidad para una mejor jugabilidad; equilibrio en la empu\u00f1adura (34 cm)<br \/>\nMarco con nueva geometr\u00eda para m\u00e1s potencia; cabeza de tama\u00f1o mediano para una mejor sensaci\u00f3n y control; con cordaje, patr\u00f3n del cordaje: 16\u00d718<br \/>\nEmpu\u00f1adura con tecnolog\u00eda Cushion-Aire para mayor comodidad; atractivo dise\u00f1o inspirado en la colecci\u00f3n Pro Staff de Wilson<br \/>\nContenido: 1\u00d7 raqueta de tenis Pro Staff Precision Team 100 de Wilson, grafito y aluminio, cabeza: 645 cm\u00b2, 68.58 cm, 290 g, pu\u00f1o tama\u00f1o 2, con cordaje, antracita, WR019210U2<\/p>\n","protected":false},"excerpt":{"rendered":"<p>Raqueta de tenis Pro Staff Precision Team 100 para jugadores avanzados de tenis recreativos en busca de precisi\u00f3n<br \/>\nFabricada con un compuesto de grafito y aluminio que brinda una combinaci\u00f3n de rigidez y flexibilidad para una mejor jugabilidad; equilibrio en la empu\u00f1adura (34 cm)<br \/>\nMarco con nueva geometr\u00eda para m\u00e1s potencia; cabeza de tama\u00f1o mediano para una mejor sensaci\u00f3n y control; con cordaje, patr\u00f3n del cordaje: 16\u00d718<\/p>\n","protected":false},"featured_media":81214,"comment_status":"open","ping_status":"closed","template":"","meta":{"_kadence_starter_templates_imported_post":false,"_kad_post_transparent":"","_kad_post_title":"","_kad_post_layout":"","_kad_post_sidebar_id":"","_kad_post_content_style":"","_kad_post_vertical_padding":"","_kad_post_feature":"","_kad_post_feature_position":"","_kad_post_header":false,"_kad_post_footer":false},"product_brand":[],"product_cat":[423,422],"product_tag":[],"class_list":{"0":"post-81213","1":"product","2":"type-product","3":"status-publish","4":"has-post-thumbnail","6":"product_cat-raquetas-de-tenis","7":"product_cat-tenis","8":"pa_brand-visita-la-store-de-wilson","10":"first","11":"instock","12":"shipping-taxable","13":"purchasable","14":"product-type-simple","15":"entry","16":"content-bg","17":"loop-entry"},"_links":{"self":[{"href":"https:\/\/futllermo.com\/tienda\/wp-json\/wp\/v2\/product\/81213","targetHints":{"allow":["GET"]}}],"collection":[{"href":"https:\/\/futllermo.com\/tienda\/wp-json\/wp\/v2\/product"}],"about":[{"href":"https:\/\/futllermo.com\/tienda\/wp-json\/wp\/v2\/types\/product"}],"replies":[{"embeddable":true,"href":"https:\/\/futllermo.com\/tienda\/wp-json\/wp\/v2\/comments?post=81213"}],"wp:featuredmedia":[{"embeddable":true,"href":"https:\/\/futllermo.com\/tienda\/wp-json\/wp\/v2\/media\/81214"}],"wp:attachment":[{"href":"https:\/\/futllermo.com\/tienda\/wp-json\/wp\/v2\/media?parent=81213"}],"wp:term":[{"taxonomy":"product_brand","embeddable":true,"href":"https:\/\/futllermo.com\/tienda\/wp-json\/wp\/v2\/product_brand?post=81213"},{"taxonomy":"product_cat","embeddable":true,"href":"https:\/\/futllermo.com\/tienda\/wp-json\/wp\/v2\/product_cat?post=81213"},{"taxonomy":"product_tag","embeddable":true,"href":"https:\/\/futllermo.com\/tienda\/wp-json\/wp\/v2\/product_tag?post=81213"}],"curies":[{"name":"wp","href":"https:\/\/api.w.org\/{rel}","templated":true}]}}