{"id":81167,"date":"2021-01-11T12:28:31","date_gmt":"2021-01-11T12:28:31","guid":{"rendered":"https:\/\/futllermo.com\/tienda\/producto\/head-geo-speed-raqueta-de-tenis-incluye-funda-protectora\/"},"modified":"2022-01-13T09:55:20","modified_gmt":"2022-01-13T09:55:20","slug":"head-geo-speed-raqueta-de-tenis-incluye-funda-protectora","status":"publish","type":"product","link":"https:\/\/futllermo.com\/tienda\/producto\/head-geo-speed-raqueta-de-tenis-incluye-funda-protectora\/","title":{"rendered":"HEAD GEO Speed &#8211; Raqueta de tenis (disponible en tama\u00f1os de agarre 1 a 4)"},"content":{"rendered":"<div class=\"disclaim\"> Tama\u00f1o de la empu\u00f1adura:<strong>L1 (4 1\/8&#8243;)<\/strong> <\/div>\n<p> <!-- show up to 2 reviews by default --> <\/p>\n<p>La raqueta de tenis Head Geo Speed cuenta con la nueva tecnolog\u00eda Geo Powered y est\u00e1 respaldada por el jugador profesional Novak Djokovic. Esta raqueta prestrung cuenta con una excelente potencia y tacto en un paquete ligero pero estable. La geometr\u00eda optimizada en este marco junto con una rigidez \u00f3ptima, peso y aerodin\u00e1mica promueve una mayor potencia de salida sin sacrificar el control. Head Geo Speed &#8211; Raqueta de tenis para adultos, una raqueta para todos los niveles de juego. Todo el mundo tiene que empezar en alg\u00fan lugar, \u00bfpor qu\u00e9 no empezar con el nombre m\u00e1s confiable en tenis? Perfecto para aquellos con un swing moderado que buscan mayor potencia, la Geo Speed es una excelente raqueta de tenis para adultos para todos los niveles de juego. La geometr\u00eda optimizada de la raqueta proporciona fuerza y control adicionales con cada disparo. Su cabeza de gran tama\u00f1o es la elecci\u00f3n perfecta para jugadores principiantes que buscan disparos n\u00edtidos desde el principio. La tecnolog\u00eda GEO POWER utiliza las \u00faltimas herramientas de c\u00e1lculo computarizadas para optimizar la geometr\u00eda del eje. Este proceso \u00fanico combinado con la rigidez, el peso y la aerodin\u00e1mica produce un marco que transfiere m\u00e1s energ\u00eda a la pelota d\u00e1ndote la m\u00e1xima potencia y mayor estabilidad para mayor control. <\/p>\n<p>La raqueta de tenis Geo Speed es una opci\u00f3n ideal para una amplia gama de edades de jugadores casuales y recreativos. La cabeza de gran tama\u00f1o de 105 pulgadas crea un punto dulce m\u00e1s grande, ideal para jugadores que todav\u00eda dominan la precisi\u00f3n.<br \/>\nLa raqueta de tenis para adultos tiene un equilibrio de luz que ayuda a reducir la vibraci\u00f3n y ayuda a la estabilidad al golpear la pelota.<br \/>\nCon tecnolog\u00eda Geo Power, esta raqueta para adultos proporciona una geometr\u00eda optimizada del eje para mayor potencia y mayor control.<br \/>\nDimensiones: Peso del marco: 295 g. Tama\u00f1o de la cabeza: 265 cm. Longitud: 69,8 cm<br \/>\n*RRRP \u00a3119.99*<\/p>\n","protected":false},"excerpt":{"rendered":"<p>La raqueta de tenis Geo Speed es una opci\u00f3n ideal para una amplia gama de edades de jugadores casuales y recreativos. La cabeza de gran tama\u00f1o de 105 pulgadas crea un punto dulce m\u00e1s grande, ideal para jugadores que todav\u00eda dominan la precisi\u00f3n.<br \/>\nLa raqueta de tenis para adultos tiene un equilibrio de luz que ayuda a reducir la vibraci\u00f3n y ayuda a la estabilidad al golpear la pelota.<br \/>\nCon tecnolog\u00eda Geo Power, esta raqueta para adultos proporciona una geometr\u00eda optimizada del eje para mayor potencia y mayor control.<\/p>\n","protected":false},"featured_media":81168,"comment_status":"open","ping_status":"closed","template":"","meta":{"_kadence_starter_templates_imported_post":false,"_kad_post_transparent":"","_kad_post_title":"","_kad_post_layout":"","_kad_post_sidebar_id":"","_kad_post_content_style":"","_kad_post_vertical_padding":"","_kad_post_feature":"","_kad_post_feature_position":"","_kad_post_header":false,"_kad_post_footer":false},"product_brand":[],"product_cat":[423,422],"product_tag":[],"class_list":{"0":"post-81167","1":"product","2":"type-product","3":"status-publish","4":"has-post-thumbnail","6":"product_cat-raquetas-de-tenis","7":"product_cat-tenis","8":"pa_brand-visita-la-store-de-head","10":"first","11":"instock","12":"shipping-taxable","13":"purchasable","14":"product-type-simple","15":"entry","16":"content-bg","17":"loop-entry"},"_links":{"self":[{"href":"https:\/\/futllermo.com\/tienda\/wp-json\/wp\/v2\/product\/81167","targetHints":{"allow":["GET"]}}],"collection":[{"href":"https:\/\/futllermo.com\/tienda\/wp-json\/wp\/v2\/product"}],"about":[{"href":"https:\/\/futllermo.com\/tienda\/wp-json\/wp\/v2\/types\/product"}],"replies":[{"embeddable":true,"href":"https:\/\/futllermo.com\/tienda\/wp-json\/wp\/v2\/comments?post=81167"}],"wp:featuredmedia":[{"embeddable":true,"href":"https:\/\/futllermo.com\/tienda\/wp-json\/wp\/v2\/media\/81168"}],"wp:attachment":[{"href":"https:\/\/futllermo.com\/tienda\/wp-json\/wp\/v2\/media?parent=81167"}],"wp:term":[{"taxonomy":"product_brand","embeddable":true,"href":"https:\/\/futllermo.com\/tienda\/wp-json\/wp\/v2\/product_brand?post=81167"},{"taxonomy":"product_cat","embeddable":true,"href":"https:\/\/futllermo.com\/tienda\/wp-json\/wp\/v2\/product_cat?post=81167"},{"taxonomy":"product_tag","embeddable":true,"href":"https:\/\/futllermo.com\/tienda\/wp-json\/wp\/v2\/product_tag?post=81167"}],"curies":[{"name":"wp","href":"https:\/\/api.w.org\/{rel}","templated":true}]}}