{"id":81156,"date":"2021-01-11T12:28:22","date_gmt":"2021-01-11T12:28:22","guid":{"rendered":"https:\/\/futllermo.com\/tienda\/producto\/wilson-raqueta-de-tenis-roland-garros-equipe-hp-azul-blanco-naranja\/"},"modified":"2022-01-13T09:55:20","modified_gmt":"2022-01-13T09:55:20","slug":"wilson-raqueta-de-tenis-roland-garros-equipe-hp-azul-blanco-naranja","status":"publish","type":"product","link":"https:\/\/futllermo.com\/tienda\/producto\/wilson-raqueta-de-tenis-roland-garros-equipe-hp-azul-blanco-naranja\/","title":{"rendered":"Wilson Raqueta de tenis, Roland Garros Equipe HP, Azul\/blanco\/naranja"},"content":{"rendered":"<p><!-- show up to 2 reviews by default --> <\/p>\n<p>Raqueta de tenis Roland Garros Equipe HP de Wilson &#8211; Sistema de distribuci\u00f3n de peso en el per\u00edmetro de la cabeza para mayor estabilidad ante la torsi\u00f3n &#8211; Cabeza de 645.cm\u00b2 para un control aumentado y maniobrabilidad, Peso: 302.g, Longitud: 68,58.cm, Equilibrio en la cabeza, Patr\u00f3n del cordaje: 16\u00d719 &#8211; Empu\u00f1adura con tecnolog\u00eda Cushion-Aire para mayor comodidad &#8211; Contenido: 1\u00d7 raqueta Roland Garros Equipe HP, Cabeza: 645.cm\u00b2, Peso: 302.g, Longitud: 68,58.cm, Equilibrio en la cabeza, Patr\u00f3n del cordaje: 16\u00d719, Talla del pu\u00f1o: 2, Azul\/blanco\/naranja, WR030410U2. <\/p>\n<p>Raqueta de tenis Roland Garros Equipe HP de Wilson<br \/>\nSistema de distribuci\u00f3n de peso en el per\u00edmetro de la cabeza para mayor estabilidad ante la torsi\u00f3n<br \/>\nCabeza de 645 cm\u00b2 para un control aumentado y maniobrabilidad, Peso: 302 g, Longitud: 68,58 cm, Equilibrio en la cabeza, Patr\u00f3n del cordaje: 16\u00d719<br \/>\nEmpu\u00f1adura con tecnolog\u00eda Cushion-Aire para mayor comodidad<br \/>\nContenido: 1\u00d7 raqueta Roland Garros Equipe HP, Cabeza: 645 cm\u00b2, Peso: 302 g, Longitud: 68,58 cm, Patr\u00f3n del cordaje: 16\u00d719, Talla del pu\u00f1o: 2, Azul\/blanco\/naranja, WR030410U2<\/p>\n","protected":false},"excerpt":{"rendered":"<p>Raqueta de tenis Roland Garros Equipe HP de Wilson<br \/>\nSistema de distribuci\u00f3n de peso en el per\u00edmetro de la cabeza para mayor estabilidad ante la torsi\u00f3n<br \/>\nCabeza de 645 cm\u00b2 para un control aumentado y maniobrabilidad, Peso: 302 g, Longitud: 68,58 cm, Equilibrio en la cabeza, Patr\u00f3n del cordaje: 16\u00d719<\/p>\n","protected":false},"featured_media":81157,"comment_status":"open","ping_status":"closed","template":"","meta":{"_kadence_starter_templates_imported_post":false,"_kad_post_transparent":"","_kad_post_title":"","_kad_post_layout":"","_kad_post_sidebar_id":"","_kad_post_content_style":"","_kad_post_vertical_padding":"","_kad_post_feature":"","_kad_post_feature_position":"","_kad_post_header":false,"_kad_post_footer":false},"product_brand":[],"product_cat":[423,422],"product_tag":[],"class_list":{"0":"post-81156","1":"product","2":"type-product","3":"status-publish","4":"has-post-thumbnail","6":"product_cat-raquetas-de-tenis","7":"product_cat-tenis","8":"pa_brand-visita-la-store-de-wilson","10":"first","11":"instock","12":"shipping-taxable","13":"purchasable","14":"product-type-simple","15":"entry","16":"content-bg","17":"loop-entry"},"_links":{"self":[{"href":"https:\/\/futllermo.com\/tienda\/wp-json\/wp\/v2\/product\/81156","targetHints":{"allow":["GET"]}}],"collection":[{"href":"https:\/\/futllermo.com\/tienda\/wp-json\/wp\/v2\/product"}],"about":[{"href":"https:\/\/futllermo.com\/tienda\/wp-json\/wp\/v2\/types\/product"}],"replies":[{"embeddable":true,"href":"https:\/\/futllermo.com\/tienda\/wp-json\/wp\/v2\/comments?post=81156"}],"wp:featuredmedia":[{"embeddable":true,"href":"https:\/\/futllermo.com\/tienda\/wp-json\/wp\/v2\/media\/81157"}],"wp:attachment":[{"href":"https:\/\/futllermo.com\/tienda\/wp-json\/wp\/v2\/media?parent=81156"}],"wp:term":[{"taxonomy":"product_brand","embeddable":true,"href":"https:\/\/futllermo.com\/tienda\/wp-json\/wp\/v2\/product_brand?post=81156"},{"taxonomy":"product_cat","embeddable":true,"href":"https:\/\/futllermo.com\/tienda\/wp-json\/wp\/v2\/product_cat?post=81156"},{"taxonomy":"product_tag","embeddable":true,"href":"https:\/\/futllermo.com\/tienda\/wp-json\/wp\/v2\/product_tag?post=81156"}],"curies":[{"name":"wp","href":"https:\/\/api.w.org\/{rel}","templated":true}]}}