{"id":81107,"date":"2021-01-11T12:27:43","date_gmt":"2021-01-11T12:27:43","guid":{"rendered":"https:\/\/futllermo.com\/tienda\/producto\/wilson-ultra-power-pro-105-raqueta-de-tennis\/"},"modified":"2022-01-13T09:53:32","modified_gmt":"2022-01-13T09:53:32","slug":"wilson-ultra-power-pro-105-raqueta-de-tennis","status":"publish","type":"product","link":"https:\/\/futllermo.com\/tienda\/producto\/wilson-ultra-power-pro-105-raqueta-de-tennis\/","title":{"rendered":"Wilson Ultra Power Pro 105 Raqueta de Tennis"},"content":{"rendered":"<p><!-- show up to 2 reviews by default --> <\/p>\n<p>Raqueta de tenis Ultra Power Pro 105 de Wilson para jugadores de tenis recreativo de edades y estilos de juego diversos. Equilibrio en la empu\u00f1adura (33.5 cm). Fabricada con compuesto de grafito y aluminio combina rigidez y flexibilidad para una mejor jugabilidad. Tecnolog\u00eda O Beam para una mayor potencias gracias al marco m\u00e1s grueso y estable. Ligera y con cabeza de tama\u00f1o mediano superior para un punto dulce m\u00e1s amplio y mayor tolerancia. Tecnolog\u00eda Stable Shaft para estabilidad adicional en cada golpe. Agarre perforado de la empu\u00f1adura para mejorar a la absorci\u00f3n de la humedad. Atractivo dise\u00f1o inspirado en la colecci\u00f3n Ultra de Wilson. Contenido: 1\u00d7 raqueta de tenis Ultra Power 105 Pro de Wilson, fibra de vidrio y aluminio, cabeza: 677 cm\u00b2, 68.58 cm, 290 g, pu\u00f1o tama\u00f1o 1, con cordaje, azul y negro, WR018210U1. <\/p>\n<p>Raqueta de tenis Ultra Power Pro 105 de Wilson para jugadores de tenis recreativo de edades y estilos de juego diversos; equilibrio en la empu\u00f1adura (33.5 cm)<br \/>\nFabricada con compuesto de grafito y aluminio combina rigidez y flexibilidad para una mejor jugabilidad; tecnolog\u00eda O Beam para una mayor potencias gracias al marco m\u00e1s grueso y estable<br \/>\nLigera y con cabeza de tama\u00f1o mediano superior para un punto dulce m\u00e1s amplio y mayor tolerancia; tecnolog\u00eda Stable Shaft para estabilidad adicional en cada golpe<br \/>\nAgarre perforado de la empu\u00f1adura para mejorar a la absorci\u00f3n de la humedad; atractivo dise\u00f1o inspirado en la colecci\u00f3n Ultra de Wilson; con cordaje<br \/>\nContenido: 1\u00d7 raqueta de tenis Ultra Power 105 Pro de Wilson, fibra de vidrio y aluminio, cabeza: 677 cm\u00b2, 68.58 cm, 290 g, pu\u00f1o tama\u00f1o 1, con cordaje, azul y negro, WR018210U1<\/p>\n","protected":false},"excerpt":{"rendered":"<p>Raqueta de tenis Ultra Power Pro 105 de Wilson para jugadores de tenis recreativo de edades y estilos de juego diversos; equilibrio en la empu\u00f1adura (33.5 cm)<br \/>\nFabricada con compuesto de grafito y aluminio combina rigidez y flexibilidad para una mejor jugabilidad; tecnolog\u00eda O Beam para una mayor potencias gracias al marco m\u00e1s grueso y estable<br \/>\nLigera y con cabeza de tama\u00f1o mediano superior para un punto dulce m\u00e1s amplio y mayor tolerancia; tecnolog\u00eda Stable Shaft para estabilidad adicional en cada golpe<\/p>\n","protected":false},"featured_media":81108,"comment_status":"open","ping_status":"closed","template":"","meta":{"_kadence_starter_templates_imported_post":false,"_kad_post_transparent":"","_kad_post_title":"","_kad_post_layout":"","_kad_post_sidebar_id":"","_kad_post_content_style":"","_kad_post_vertical_padding":"","_kad_post_feature":"","_kad_post_feature_position":"","_kad_post_header":false,"_kad_post_footer":false},"product_brand":[],"product_cat":[423,422],"product_tag":[],"class_list":{"0":"post-81107","1":"product","2":"type-product","3":"status-publish","4":"has-post-thumbnail","6":"product_cat-raquetas-de-tenis","7":"product_cat-tenis","8":"pa_brand-visita-la-store-de-wilson","10":"first","11":"instock","12":"shipping-taxable","13":"purchasable","14":"product-type-simple","15":"entry","16":"content-bg","17":"loop-entry"},"_links":{"self":[{"href":"https:\/\/futllermo.com\/tienda\/wp-json\/wp\/v2\/product\/81107","targetHints":{"allow":["GET"]}}],"collection":[{"href":"https:\/\/futllermo.com\/tienda\/wp-json\/wp\/v2\/product"}],"about":[{"href":"https:\/\/futllermo.com\/tienda\/wp-json\/wp\/v2\/types\/product"}],"replies":[{"embeddable":true,"href":"https:\/\/futllermo.com\/tienda\/wp-json\/wp\/v2\/comments?post=81107"}],"wp:featuredmedia":[{"embeddable":true,"href":"https:\/\/futllermo.com\/tienda\/wp-json\/wp\/v2\/media\/81108"}],"wp:attachment":[{"href":"https:\/\/futllermo.com\/tienda\/wp-json\/wp\/v2\/media?parent=81107"}],"wp:term":[{"taxonomy":"product_brand","embeddable":true,"href":"https:\/\/futllermo.com\/tienda\/wp-json\/wp\/v2\/product_brand?post=81107"},{"taxonomy":"product_cat","embeddable":true,"href":"https:\/\/futllermo.com\/tienda\/wp-json\/wp\/v2\/product_cat?post=81107"},{"taxonomy":"product_tag","embeddable":true,"href":"https:\/\/futllermo.com\/tienda\/wp-json\/wp\/v2\/product_tag?post=81107"}],"curies":[{"name":"wp","href":"https:\/\/api.w.org\/{rel}","templated":true}]}}