{"id":81077,"date":"2021-01-04T13:33:37","date_gmt":"2021-01-04T13:33:37","guid":{"rendered":"https:\/\/futllermo.com\/tienda\/producto\/puma-trace-ball-balon-de-futbol-unisex-adulto\/"},"modified":"2022-01-13T09:53:31","modified_gmt":"2022-01-13T09:53:31","slug":"puma-trace-ball-balon-de-futbol-unisex-adulto","status":"publish","type":"product","link":"https:\/\/futllermo.com\/tienda\/producto\/puma-trace-ball-balon-de-futbol-unisex-adulto\/","title":{"rendered":"PUMA Trace Ball Bal\u00f3n de F\u00fatbol, Unisex Adulto"},"content":{"rendered":"<p><!-- show up to 2 reviews by default --> <\/p>\n<p>Con su dise\u00f1o elegante y costuras de calidad, el bal\u00f3n de f\u00fatbol de entrenamiento Trace no te defraudar\u00e1 durante los partidos. Adem\u00e1s, gracias al vistoso logotipo del PUMA, no pasar\u00e1 desapercibido. &#8211; Forma cl\u00e1sica con 32 paneles &#8211; Cosido a m\u00e1quina &#8211; Logotipo del PUMA en el exterior <\/p>\n<p>Forma cl\u00e1sica con 32 paneles<br \/>\nCosido a m\u00e1quina<br \/>\nLogotipo del PUMA en el exterior<\/p>\n","protected":false},"excerpt":{"rendered":"<p>Forma cl\u00e1sica con 32 paneles<br \/>\nCosido a m\u00e1quina<br \/>\nLogotipo del PUMA en el exterior<\/p>\n","protected":false},"featured_media":81079,"comment_status":"open","ping_status":"closed","template":"","meta":{"_kadence_starter_templates_imported_post":false,"_kad_post_transparent":"","_kad_post_title":"","_kad_post_layout":"","_kad_post_sidebar_id":"","_kad_post_content_style":"","_kad_post_vertical_padding":"","_kad_post_feature":"","_kad_post_feature_position":"","_kad_post_header":false,"_kad_post_footer":false},"product_brand":[],"product_cat":[450,382],"product_tag":[],"class_list":{"0":"post-81077","1":"product","2":"type-product","3":"status-publish","4":"has-post-thumbnail","6":"product_cat-futbol","7":"product_cat-balones","8":"pa_brand-visita-la-store-de-puma","10":"first","11":"instock","12":"shipping-taxable","13":"purchasable","14":"product-type-simple","15":"entry","16":"content-bg","17":"loop-entry"},"_links":{"self":[{"href":"https:\/\/futllermo.com\/tienda\/wp-json\/wp\/v2\/product\/81077","targetHints":{"allow":["GET"]}}],"collection":[{"href":"https:\/\/futllermo.com\/tienda\/wp-json\/wp\/v2\/product"}],"about":[{"href":"https:\/\/futllermo.com\/tienda\/wp-json\/wp\/v2\/types\/product"}],"replies":[{"embeddable":true,"href":"https:\/\/futllermo.com\/tienda\/wp-json\/wp\/v2\/comments?post=81077"}],"wp:featuredmedia":[{"embeddable":true,"href":"https:\/\/futllermo.com\/tienda\/wp-json\/wp\/v2\/media\/81079"}],"wp:attachment":[{"href":"https:\/\/futllermo.com\/tienda\/wp-json\/wp\/v2\/media?parent=81077"}],"wp:term":[{"taxonomy":"product_brand","embeddable":true,"href":"https:\/\/futllermo.com\/tienda\/wp-json\/wp\/v2\/product_brand?post=81077"},{"taxonomy":"product_cat","embeddable":true,"href":"https:\/\/futllermo.com\/tienda\/wp-json\/wp\/v2\/product_cat?post=81077"},{"taxonomy":"product_tag","embeddable":true,"href":"https:\/\/futllermo.com\/tienda\/wp-json\/wp\/v2\/product_tag?post=81077"}],"curies":[{"name":"wp","href":"https:\/\/api.w.org\/{rel}","templated":true}]}}