{"id":81058,"date":"2021-01-04T13:33:11","date_gmt":"2021-01-04T13:33:11","guid":{"rendered":"https:\/\/futllermo.com\/tienda\/producto\/puma-teamfinal-21-lite-ball-290g-balon-de-futbol-unisex-adulto\/"},"modified":"2022-01-13T09:53:30","modified_gmt":"2022-01-13T09:53:30","slug":"puma-teamfinal-21-lite-ball-290g-balon-de-futbol-unisex-adulto","status":"publish","type":"product","link":"https:\/\/futllermo.com\/tienda\/producto\/puma-teamfinal-21-lite-ball-290g-balon-de-futbol-unisex-adulto\/","title":{"rendered":"PUMA Teamfinal 21 Lite Ball 290g Bal\u00f3n de F\u00fatbol, Unisex Adulto"},"content":{"rendered":"<p><!-- show up to 2 reviews by default --> <\/p>\n<p>In\u00edciate en el f\u00fatbol con buen pie con el FINAL 21 Lite. Este bal\u00f3n de entrenamiento de tama\u00f1o normal y peso reducido (290 g) se ha desarrollado especialmente para principiantes. Gracias a su construcci\u00f3n de alta calidad, su vuelo fluido y su excelente retenci\u00f3n de la forma, te durar\u00e1 muchos a\u00f1os. <\/p>\n<p>Bal\u00f3n de entrenamiento ligero (290 g) adecuado para todas las edades<br \/>\nPaneles con cortes adaptables FINAL<br \/>\nGr\u00e1ficos por toda la superficie con el logotipo del felino de PUMA<br \/>\n100 % PU<br \/>\n0<\/p>\n","protected":false},"excerpt":{"rendered":"<p>Bal\u00f3n de entrenamiento ligero (290 g) adecuado para todas las edades<br \/>\nPaneles con cortes adaptables FINAL<br \/>\nGr\u00e1ficos por toda la superficie con el logotipo del felino de PUMA<\/p>\n","protected":false},"featured_media":81059,"comment_status":"open","ping_status":"closed","template":"","meta":{"_kadence_starter_templates_imported_post":false,"_kad_post_transparent":"","_kad_post_title":"","_kad_post_layout":"","_kad_post_sidebar_id":"","_kad_post_content_style":"","_kad_post_vertical_padding":"","_kad_post_feature":"","_kad_post_feature_position":"","_kad_post_header":false,"_kad_post_footer":false},"product_brand":[],"product_cat":[450,382],"product_tag":[],"class_list":{"0":"post-81058","1":"product","2":"type-product","3":"status-publish","4":"has-post-thumbnail","6":"product_cat-futbol","7":"product_cat-balones","8":"pa_brand-visita-la-store-de-puma","10":"first","11":"instock","12":"shipping-taxable","13":"purchasable","14":"product-type-simple","15":"entry","16":"content-bg","17":"loop-entry"},"_links":{"self":[{"href":"https:\/\/futllermo.com\/tienda\/wp-json\/wp\/v2\/product\/81058","targetHints":{"allow":["GET"]}}],"collection":[{"href":"https:\/\/futllermo.com\/tienda\/wp-json\/wp\/v2\/product"}],"about":[{"href":"https:\/\/futllermo.com\/tienda\/wp-json\/wp\/v2\/types\/product"}],"replies":[{"embeddable":true,"href":"https:\/\/futllermo.com\/tienda\/wp-json\/wp\/v2\/comments?post=81058"}],"wp:featuredmedia":[{"embeddable":true,"href":"https:\/\/futllermo.com\/tienda\/wp-json\/wp\/v2\/media\/81059"}],"wp:attachment":[{"href":"https:\/\/futllermo.com\/tienda\/wp-json\/wp\/v2\/media?parent=81058"}],"wp:term":[{"taxonomy":"product_brand","embeddable":true,"href":"https:\/\/futllermo.com\/tienda\/wp-json\/wp\/v2\/product_brand?post=81058"},{"taxonomy":"product_cat","embeddable":true,"href":"https:\/\/futllermo.com\/tienda\/wp-json\/wp\/v2\/product_cat?post=81058"},{"taxonomy":"product_tag","embeddable":true,"href":"https:\/\/futllermo.com\/tienda\/wp-json\/wp\/v2\/product_tag?post=81058"}],"curies":[{"name":"wp","href":"https:\/\/api.w.org\/{rel}","templated":true}]}}