{"id":80879,"date":"2021-01-04T13:29:46","date_gmt":"2021-01-04T13:29:46","guid":{"rendered":"https:\/\/futllermo.com\/tienda\/producto\/uhlsport-supersoft-sf-guantes-de-portero-hombre\/"},"modified":"2022-01-13T09:53:25","modified_gmt":"2022-01-13T09:53:25","slug":"uhlsport-supersoft-sf-guantes-de-portero-hombre","status":"publish","type":"product","link":"https:\/\/futllermo.com\/tienda\/producto\/uhlsport-supersoft-sf-guantes-de-portero-hombre\/","title":{"rendered":"uhlsport Supersoft SF &#8211; Guantes de Portero Unisex Adulto"},"content":{"rendered":"<p><!-- show up to 2 reviews by default --> <\/p>\n<p>Palma:. L\u00e1tex exclusivo SUPERSOFT DORSO:. L\u00e1tex en relieve SCHOCKZONE CORTE:. Corte cl\u00e1sico que proporciona un \u00e1rea de captura maximizada CUERPO DEL GUANTE:. Tejido transpirable para el m\u00e1ximo confort CIERRE:. Banda cl\u00e1sica y correa l\u00e1tex envolvente para mejor fijaci\u00f3n. DISE\u00d1O:. Corte pre moldeado para mayor confort de uso. SUPPORTFRAME elemento patentado con soporte adicional para el pulgar para mejor estabilizaci\u00f3n del dedo . <\/p>\n<p>Palma: l\u00e1tex exclusivo supersoft dorso: l\u00e1tex en relieve schockzone corte: corte cl\u00e1sico que proporciona un \u00e1rea de captura maximizada<br \/>\nCuerpo del guante: tejido transpirable para el m\u00e1ximo confort<br \/>\nCierre: banda cl\u00e1sica y correa l\u00e1tex envolvente para mejor fijaci\u00f3n<\/p>\n","protected":false},"excerpt":{"rendered":"<p>Palma: l\u00e1tex exclusivo supersoft dorso: l\u00e1tex en relieve schockzone corte: corte cl\u00e1sico que proporciona un \u00e1rea de captura maximizada<br \/>\nCuerpo del guante: tejido transpirable para el m\u00e1ximo confort<br \/>\nCierre: banda cl\u00e1sica y correa l\u00e1tex envolvente para mejor fijaci\u00f3n<\/p>\n","protected":false},"featured_media":80881,"comment_status":"open","ping_status":"closed","template":"","meta":{"_kadence_starter_templates_imported_post":false,"_kad_post_transparent":"","_kad_post_title":"","_kad_post_layout":"","_kad_post_sidebar_id":"","_kad_post_content_style":"","_kad_post_vertical_padding":"","_kad_post_feature":"","_kad_post_feature_position":"","_kad_post_header":false,"_kad_post_footer":false},"product_brand":[],"product_cat":[450,361],"product_tag":[],"class_list":{"0":"post-80879","1":"product","2":"type-product","3":"status-publish","4":"has-post-thumbnail","6":"product_cat-futbol","7":"product_cat-guantes-de-portero","8":"pa_brand-marca-uhlsport","10":"first","11":"instock","12":"shipping-taxable","13":"purchasable","14":"product-type-simple","15":"entry","16":"content-bg","17":"loop-entry"},"_links":{"self":[{"href":"https:\/\/futllermo.com\/tienda\/wp-json\/wp\/v2\/product\/80879","targetHints":{"allow":["GET"]}}],"collection":[{"href":"https:\/\/futllermo.com\/tienda\/wp-json\/wp\/v2\/product"}],"about":[{"href":"https:\/\/futllermo.com\/tienda\/wp-json\/wp\/v2\/types\/product"}],"replies":[{"embeddable":true,"href":"https:\/\/futllermo.com\/tienda\/wp-json\/wp\/v2\/comments?post=80879"}],"wp:featuredmedia":[{"embeddable":true,"href":"https:\/\/futllermo.com\/tienda\/wp-json\/wp\/v2\/media\/80881"}],"wp:attachment":[{"href":"https:\/\/futllermo.com\/tienda\/wp-json\/wp\/v2\/media?parent=80879"}],"wp:term":[{"taxonomy":"product_brand","embeddable":true,"href":"https:\/\/futllermo.com\/tienda\/wp-json\/wp\/v2\/product_brand?post=80879"},{"taxonomy":"product_cat","embeddable":true,"href":"https:\/\/futllermo.com\/tienda\/wp-json\/wp\/v2\/product_cat?post=80879"},{"taxonomy":"product_tag","embeddable":true,"href":"https:\/\/futllermo.com\/tienda\/wp-json\/wp\/v2\/product_tag?post=80879"}],"curies":[{"name":"wp","href":"https:\/\/api.w.org\/{rel}","templated":true}]}}