{"id":80874,"date":"2021-01-04T13:29:42","date_gmt":"2021-01-04T13:29:42","guid":{"rendered":"https:\/\/futllermo.com\/tienda\/producto\/adidas-pred-gl-trn-j-guantes-de-futbol-unisex-ninos\/"},"modified":"2022-01-13T09:53:25","modified_gmt":"2022-01-13T09:53:25","slug":"adidas-pred-gl-trn-j-guantes-de-futbol-unisex-ninos","status":"publish","type":"product","link":"https:\/\/futllermo.com\/tienda\/producto\/adidas-pred-gl-trn-j-guantes-de-futbol-unisex-ninos\/","title":{"rendered":"adidas Pred GL Trn J &#8211; Guantes de F\u00fatbol Unisex ni\u00f1os"},"content":{"rendered":"<p><!-- show up to 2 reviews by default --> <\/p>\n<p>Ideales para el entrenamiento de f\u00fatbol y los partidos, estos guantes de portero tienen amortiguaci\u00f3n en la palma para absorber los impactos y el l\u00e1tex adherente que se adhiere a la pelota en todas las condiciones. Cortados para un ajuste c\u00f3modo, Los dedos incluyen espinas que lo sostienen al parar, atrapar y arrojar. <\/p>\n<p>Soccer gloves<br \/>\nPadding on the PALM<br \/>\nadidas logo<\/p>\n","protected":false},"excerpt":{"rendered":"<p>Soccer gloves<br \/>\nPadding on the PALM<br \/>\nadidas logo<\/p>\n","protected":false},"featured_media":80875,"comment_status":"open","ping_status":"closed","template":"","meta":{"_kadence_starter_templates_imported_post":false,"_kad_post_transparent":"","_kad_post_title":"","_kad_post_layout":"","_kad_post_sidebar_id":"","_kad_post_content_style":"","_kad_post_vertical_padding":"","_kad_post_feature":"","_kad_post_feature_position":"","_kad_post_header":false,"_kad_post_footer":false},"product_brand":[],"product_cat":[450,361],"product_tag":[],"class_list":{"0":"post-80874","1":"product","2":"type-product","3":"status-publish","4":"has-post-thumbnail","6":"product_cat-futbol","7":"product_cat-guantes-de-portero","8":"pa_brand-visita-la-store-de-adidas","10":"first","11":"instock","12":"shipping-taxable","13":"purchasable","14":"product-type-simple","15":"entry","16":"content-bg","17":"loop-entry"},"_links":{"self":[{"href":"https:\/\/futllermo.com\/tienda\/wp-json\/wp\/v2\/product\/80874","targetHints":{"allow":["GET"]}}],"collection":[{"href":"https:\/\/futllermo.com\/tienda\/wp-json\/wp\/v2\/product"}],"about":[{"href":"https:\/\/futllermo.com\/tienda\/wp-json\/wp\/v2\/types\/product"}],"replies":[{"embeddable":true,"href":"https:\/\/futllermo.com\/tienda\/wp-json\/wp\/v2\/comments?post=80874"}],"wp:featuredmedia":[{"embeddable":true,"href":"https:\/\/futllermo.com\/tienda\/wp-json\/wp\/v2\/media\/80875"}],"wp:attachment":[{"href":"https:\/\/futllermo.com\/tienda\/wp-json\/wp\/v2\/media?parent=80874"}],"wp:term":[{"taxonomy":"product_brand","embeddable":true,"href":"https:\/\/futllermo.com\/tienda\/wp-json\/wp\/v2\/product_brand?post=80874"},{"taxonomy":"product_cat","embeddable":true,"href":"https:\/\/futllermo.com\/tienda\/wp-json\/wp\/v2\/product_cat?post=80874"},{"taxonomy":"product_tag","embeddable":true,"href":"https:\/\/futllermo.com\/tienda\/wp-json\/wp\/v2\/product_tag?post=80874"}],"curies":[{"name":"wp","href":"https:\/\/api.w.org\/{rel}","templated":true}]}}