{"id":80863,"date":"2021-01-04T13:29:33","date_gmt":"2021-01-04T13:29:33","guid":{"rendered":"https:\/\/futllermo.com\/tienda\/producto\/uhlsport-tensiongreen-soft-hn-comp-guantes-de-portero-unisex-adulto\/"},"modified":"2022-01-13T09:53:24","modified_gmt":"2022-01-13T09:53:24","slug":"uhlsport-tensiongreen-soft-hn-comp-guantes-de-portero-unisex-adulto","status":"publish","type":"product","link":"https:\/\/futllermo.com\/tienda\/producto\/uhlsport-tensiongreen-soft-hn-comp-guantes-de-portero-unisex-adulto\/","title":{"rendered":"uhlsport Tensiongreen Soft Hn Comp &#8211; Guantes de Portero Hombre"},"content":{"rendered":"<p><!-- show up to 2 reviews by default --> <\/p>\n<p>Palma. L\u00e1tex patentado SOFT fluo verde DORSO:. L\u00e1tex en relieve con SCHOCKZONE CORTE:. Semi-negativo CIERRE:. Media banda para un excelente ajuste y fijaci\u00f3n. Correa de EVA envuelta con espacio para el nombre . <\/p>\n<p>Palma l\u00e1tex patentado soft fluo verde dorso: l\u00e1tex en relieve con schockzone<br \/>\nCorte: semi-negativo cierre: media banda para un excelente ajuste y fijaci\u00f3n<br \/>\n48% Algod\u00f3n, 36% Poli\u00e9ster, 7% Poliamida, 5% Poliuretano, 4% Viscosa<br \/>\nTensiongreen Soft Hn Comp<br \/>\nCorrea de eva envuelta con espacio para el nombre<\/p>\n","protected":false},"excerpt":{"rendered":"<p>Palma l\u00e1tex patentado soft fluo verde dorso: l\u00e1tex en relieve con schockzone<br \/>\nCorte: semi-negativo cierre: media banda para un excelente ajuste y fijaci\u00f3n<br \/>\n48% Algod\u00f3n, 36% Poli\u00e9ster, 7% Poliamida, 5% Poliuretano, 4% Viscosa<\/p>\n","protected":false},"featured_media":80864,"comment_status":"open","ping_status":"closed","template":"","meta":{"_kadence_starter_templates_imported_post":false,"_kad_post_transparent":"","_kad_post_title":"","_kad_post_layout":"","_kad_post_sidebar_id":"","_kad_post_content_style":"","_kad_post_vertical_padding":"","_kad_post_feature":"","_kad_post_feature_position":"","_kad_post_header":false,"_kad_post_footer":false},"product_brand":[],"product_cat":[450,361],"product_tag":[],"class_list":{"0":"post-80863","1":"product","2":"type-product","3":"status-publish","4":"has-post-thumbnail","6":"product_cat-futbol","7":"product_cat-guantes-de-portero","8":"pa_brand-marca-uhlsport","10":"first","11":"instock","12":"shipping-taxable","13":"purchasable","14":"product-type-simple","15":"entry","16":"content-bg","17":"loop-entry"},"_links":{"self":[{"href":"https:\/\/futllermo.com\/tienda\/wp-json\/wp\/v2\/product\/80863","targetHints":{"allow":["GET"]}}],"collection":[{"href":"https:\/\/futllermo.com\/tienda\/wp-json\/wp\/v2\/product"}],"about":[{"href":"https:\/\/futllermo.com\/tienda\/wp-json\/wp\/v2\/types\/product"}],"replies":[{"embeddable":true,"href":"https:\/\/futllermo.com\/tienda\/wp-json\/wp\/v2\/comments?post=80863"}],"wp:featuredmedia":[{"embeddable":true,"href":"https:\/\/futllermo.com\/tienda\/wp-json\/wp\/v2\/media\/80864"}],"wp:attachment":[{"href":"https:\/\/futllermo.com\/tienda\/wp-json\/wp\/v2\/media?parent=80863"}],"wp:term":[{"taxonomy":"product_brand","embeddable":true,"href":"https:\/\/futllermo.com\/tienda\/wp-json\/wp\/v2\/product_brand?post=80863"},{"taxonomy":"product_cat","embeddable":true,"href":"https:\/\/futllermo.com\/tienda\/wp-json\/wp\/v2\/product_cat?post=80863"},{"taxonomy":"product_tag","embeddable":true,"href":"https:\/\/futllermo.com\/tienda\/wp-json\/wp\/v2\/product_tag?post=80863"}],"curies":[{"name":"wp","href":"https:\/\/api.w.org\/{rel}","templated":true}]}}