{"id":80703,"date":"2021-01-04T13:24:20","date_gmt":"2021-01-04T13:24:20","guid":{"rendered":"https:\/\/futllermo.com\/tienda\/producto\/sportout-guantes-de-portero-para-ninos-y-ninas\/"},"modified":"2022-01-13T09:53:18","modified_gmt":"2022-01-13T09:53:18","slug":"sportout-guantes-de-portero-para-ninos-y-ninas","status":"publish","type":"product","link":"https:\/\/futllermo.com\/tienda\/producto\/sportout-guantes-de-portero-para-ninos-y-ninas\/","title":{"rendered":"Sportout Guantes de portero junior, guantes de entrenamiento para ni\u00f1os y ni\u00f1as, con doble protecci\u00f3n de mu\u00f1eca y\u2026"},"content":{"rendered":"<p>Doble protecci\u00f3n para la mu\u00f1eca: estos guantes de f\u00fatbol cuentan con una correa doble con forro el\u00e1stico y una correa exterior de velcro ajustada con banda el\u00e1stica para proporcionar una protecci\u00f3n m\u00e1s segura y reducir el riesgo de torceduras de tu hijo.<br \/>\nProtecci\u00f3n perfecta de la palma: espuma de l\u00e1tex en relieve antideslizante y port\u00e1til, que puede proteger m\u00e1s la palma de la mano. El dise\u00f1o de malla mantiene las palmas transpirables y c\u00f3modas al jugar.<br \/>\nDuradero y c\u00f3modo: hecho de materiales compuestos de EVA y l\u00e1tex de alta calidad, protege muy bien la palma del ni\u00f1o, por lo que estos guantes son adecuados para el uso de pap\u00e1s en el jard\u00edn con los ni\u00f1os. La parte trasera suave tambi\u00e9n ofrece m\u00e1s flexibilidad para atrapar la pelota.<br \/>\nDise\u00f1o perfecto: verde vibrante y azul, corte ergon\u00f3mico, da a tus hijos la mejor experiencia de f\u00fatbol. Estos guantes de portero son perfectos para ni\u00f1os y j\u00f3venes (ni\u00f1os de 5 a 10 a\u00f1os; j\u00f3venes de 10 a 16 a\u00f1os) ya sea en entrenamiento o juego.<br \/>\nGarant\u00eda: 100% garant\u00eda de devoluci\u00f3n del dinero, si hay un problema con el producto, puede ponerse en contacto con nosotros, le devolvemos dinero.<\/p>\n","protected":false},"excerpt":{"rendered":"<p>Doble protecci\u00f3n para la mu\u00f1eca: estos guantes de f\u00fatbol cuentan con una correa doble con forro el\u00e1stico y una correa exterior de velcro ajustada con banda el\u00e1stica para proporcionar una protecci\u00f3n m\u00e1s segura y reducir el riesgo de torceduras de tu hijo.<br \/>\nProtecci\u00f3n perfecta de la palma: espuma de l\u00e1tex en relieve antideslizante y port\u00e1til, que puede proteger m\u00e1s la palma de la mano. El dise\u00f1o de malla mantiene las palmas transpirables y c\u00f3modas al jugar.<br \/>\nDuradero y c\u00f3modo: hecho de materiales compuestos de EVA y l\u00e1tex de alta calidad, protege muy bien la palma del ni\u00f1o, por lo que estos guantes son adecuados para el uso de pap\u00e1s en el jard\u00edn con los ni\u00f1os. La parte trasera suave tambi\u00e9n ofrece m\u00e1s flexibilidad para atrapar la pelota.<\/p>\n","protected":false},"featured_media":80704,"comment_status":"open","ping_status":"closed","template":"","meta":{"_kadence_starter_templates_imported_post":false,"_kad_post_transparent":"","_kad_post_title":"","_kad_post_layout":"","_kad_post_sidebar_id":"","_kad_post_content_style":"","_kad_post_vertical_padding":"","_kad_post_feature":"","_kad_post_feature_position":"","_kad_post_header":false,"_kad_post_footer":false},"product_brand":[],"product_cat":[450,361],"product_tag":[],"class_list":{"0":"post-80703","1":"product","2":"type-product","3":"status-publish","4":"has-post-thumbnail","6":"product_cat-futbol","7":"product_cat-guantes-de-portero","8":"pa_brand-marca-sportout","10":"first","11":"instock","12":"shipping-taxable","13":"purchasable","14":"product-type-simple","15":"entry","16":"content-bg","17":"loop-entry"},"_links":{"self":[{"href":"https:\/\/futllermo.com\/tienda\/wp-json\/wp\/v2\/product\/80703","targetHints":{"allow":["GET"]}}],"collection":[{"href":"https:\/\/futllermo.com\/tienda\/wp-json\/wp\/v2\/product"}],"about":[{"href":"https:\/\/futllermo.com\/tienda\/wp-json\/wp\/v2\/types\/product"}],"replies":[{"embeddable":true,"href":"https:\/\/futllermo.com\/tienda\/wp-json\/wp\/v2\/comments?post=80703"}],"wp:featuredmedia":[{"embeddable":true,"href":"https:\/\/futllermo.com\/tienda\/wp-json\/wp\/v2\/media\/80704"}],"wp:attachment":[{"href":"https:\/\/futllermo.com\/tienda\/wp-json\/wp\/v2\/media?parent=80703"}],"wp:term":[{"taxonomy":"product_brand","embeddable":true,"href":"https:\/\/futllermo.com\/tienda\/wp-json\/wp\/v2\/product_brand?post=80703"},{"taxonomy":"product_cat","embeddable":true,"href":"https:\/\/futllermo.com\/tienda\/wp-json\/wp\/v2\/product_cat?post=80703"},{"taxonomy":"product_tag","embeddable":true,"href":"https:\/\/futllermo.com\/tienda\/wp-json\/wp\/v2\/product_tag?post=80703"}],"curies":[{"name":"wp","href":"https:\/\/api.w.org\/{rel}","templated":true}]}}