{"id":80693,"date":"2021-01-04T13:24:15","date_gmt":"2021-01-04T13:24:15","guid":{"rendered":"https:\/\/futllermo.com\/tienda\/producto\/villavivi-2-articulos-de-portero-guantes-de-portero-de-futbol-con-protectores-para-dedos-calcetines-de-futbol-para-ninos-ninos\/"},"modified":"2022-01-13T09:53:18","modified_gmt":"2022-01-13T09:53:18","slug":"villavivi-2-articulos-de-portero-guantes-de-portero-de-futbol-con-protectores-para-dedos-calcetines-de-futbol-para-ninos-ninos","status":"publish","type":"product","link":"https:\/\/futllermo.com\/tienda\/producto\/villavivi-2-articulos-de-portero-guantes-de-portero-de-futbol-con-protectores-para-dedos-calcetines-de-futbol-para-ninos-ninos\/","title":{"rendered":"Villavivi 2 Art\u00edculos De Portero: Guantes De Portero De F\u00fatbol con Protectores para Dedos + Calcetines De F\u00fatbol para\u2026"},"content":{"rendered":"<p>SAFEGUARD DOPPIO POLSO: estos guantes de f\u00fatbol tienen un brazalete de doble dise\u00f1o con una capa el\u00e1stica y el exterior est\u00e1 en Velcro con una correa el\u00e1stica que puede ofrecer una protecci\u00f3n m\u00e1s segura para reducir el riesgo de torcedura de la mu\u00f1eca del ni\u00f1o.<br \/>\nPROTECCI\u00d3N PERFECTA: la espuma de l\u00e1tex en relieve es antideslizante y port\u00e1til, capaz de ofrecer una mayor protecci\u00f3n a la palma y los dedos del ni\u00f1o.<br \/>\nDURABILIDAD Y COMODIDAD: estos guantes de portero est\u00e1n hechos de materiales de alta calidad para ofrecer la m\u00e1xima comodidad y durabilidad, brindando protecci\u00f3n a largo plazo para los dedos y la habitaci\u00f3n del ni\u00f1o.<br \/>\nTAMA\u00d1O DE LA GUANTE: los guantes de portero de alta calidad para ni\u00f1os est\u00e1n disponibles en tallas 5, 6, 7. Guantes de portero, perfectos para ni\u00f1os, junior.<br \/>\nCALCETINES DE F\u00daTBOL &#8211; 1 par de medias de f\u00fatbol negras como regalo. Tama\u00f1o de los ni\u00f1os con buena elasticidad. Resistente al desgaste y al sudor.<\/p>\n","protected":false},"excerpt":{"rendered":"<p>SAFEGUARD DOPPIO POLSO: estos guantes de f\u00fatbol tienen un brazalete de doble dise\u00f1o con una capa el\u00e1stica y el exterior est\u00e1 en Velcro con una correa el\u00e1stica que puede ofrecer una protecci\u00f3n m\u00e1s segura para reducir el riesgo de torcedura de la mu\u00f1eca del ni\u00f1o.<br \/>\nPROTECCI\u00d3N PERFECTA: la espuma de l\u00e1tex en relieve es antideslizante y port\u00e1til, capaz de ofrecer una mayor protecci\u00f3n a la palma y los dedos del ni\u00f1o.<br \/>\nDURABILIDAD Y COMODIDAD: estos guantes de portero est\u00e1n hechos de materiales de alta calidad para ofrecer la m\u00e1xima comodidad y durabilidad, brindando protecci\u00f3n a largo plazo para los dedos y la habitaci\u00f3n del ni\u00f1o.<\/p>\n","protected":false},"featured_media":80694,"comment_status":"open","ping_status":"closed","template":"","meta":{"_kadence_starter_templates_imported_post":false,"_kad_post_transparent":"","_kad_post_title":"","_kad_post_layout":"","_kad_post_sidebar_id":"","_kad_post_content_style":"","_kad_post_vertical_padding":"","_kad_post_feature":"","_kad_post_feature_position":"","_kad_post_header":false,"_kad_post_footer":false},"product_brand":[],"product_cat":[450,361],"product_tag":[],"class_list":{"0":"post-80693","1":"product","2":"type-product","3":"status-publish","4":"has-post-thumbnail","6":"product_cat-futbol","7":"product_cat-guantes-de-portero","8":"pa_brand-marca-villavivi","10":"first","11":"instock","12":"shipping-taxable","13":"purchasable","14":"product-type-simple","15":"entry","16":"content-bg","17":"loop-entry"},"_links":{"self":[{"href":"https:\/\/futllermo.com\/tienda\/wp-json\/wp\/v2\/product\/80693","targetHints":{"allow":["GET"]}}],"collection":[{"href":"https:\/\/futllermo.com\/tienda\/wp-json\/wp\/v2\/product"}],"about":[{"href":"https:\/\/futllermo.com\/tienda\/wp-json\/wp\/v2\/types\/product"}],"replies":[{"embeddable":true,"href":"https:\/\/futllermo.com\/tienda\/wp-json\/wp\/v2\/comments?post=80693"}],"wp:featuredmedia":[{"embeddable":true,"href":"https:\/\/futllermo.com\/tienda\/wp-json\/wp\/v2\/media\/80694"}],"wp:attachment":[{"href":"https:\/\/futllermo.com\/tienda\/wp-json\/wp\/v2\/media?parent=80693"}],"wp:term":[{"taxonomy":"product_brand","embeddable":true,"href":"https:\/\/futllermo.com\/tienda\/wp-json\/wp\/v2\/product_brand?post=80693"},{"taxonomy":"product_cat","embeddable":true,"href":"https:\/\/futllermo.com\/tienda\/wp-json\/wp\/v2\/product_cat?post=80693"},{"taxonomy":"product_tag","embeddable":true,"href":"https:\/\/futllermo.com\/tienda\/wp-json\/wp\/v2\/product_tag?post=80693"}],"curies":[{"name":"wp","href":"https:\/\/api.w.org\/{rel}","templated":true}]}}